{"id":46187,"date":"2023-04-05T06:47:55","date_gmt":"2023-04-05T06:47:55","guid":{"rendered":"https:\/\/wydawnictwo.ug.edu.pl\/ksiegarnia-online\/uncategorized\/artysta-i-sztuka-w-polskich-filmach-fabularnych-powstalych-po-ii-wojnie-swiatowej\/"},"modified":"2026-02-11T13:14:42","modified_gmt":"2026-02-11T13:14:42","slug":"artysta-i-sztuka-w-polskich-filmach-fabularnych-powstalych-po-ii-wojnie-swiatowej","status":"publish","type":"product","link":"https:\/\/wydawnictwo.ug.edu.pl\/en\/ksiegarnia-online\/sztuka\/artysta-i-sztuka-w-polskich-filmach-fabularnych-powstalych-po-ii-wojnie-swiatowej\/","title":{"rendered":"Artysta i sztuka w polskich filmach fabularnych powsta\u0142ych po II wojnie \u015bwiatowej"},"content":{"rendered":"","protected":false},"excerpt":{"rendered":"<p>Nowa ksi\u0105\u017cka autorstwa Iwony Grod\u017a jest swoist\u0105 sum\u0105 i w pewnym sensie r\u00f3wnie\u017c syntez\u0105 jej d\u0142ugoletnich zainteresowa\u0144, kt\u00f3re konsekwentnie uk\u0142adaj\u0105 si\u0119 w znacz\u0105c\u0105 triad\u0119: polskie filmy i kino \u2013 sztuka \u2013 arty\u015bci. Ksi\u0105\u017cka ta godna jest lektury co najmniej z trzech powod\u00f3w. Po pierwsze, porusza temat bardzo wa\u017cny i bogaty w znaczenia, istotny zar\u00f3wno w kontek\u015bcie szczeg\u00f3lnego wp\u0142ywu sztuki i artyst\u00f3w na rozw\u00f3j nowoczesnej kultury polskiej, w tym filmu polskiego, jak r\u00f3wnie\u017c w odniesieniu do r\u00f3\u017cnego rodzaju wsp\u00f3\u0142czesnych polemik zwi\u0105zanych z tymi zagadnieniami. Po drugie, praca ta charakteryzuje si\u0119 oryginalnym uj\u0119ciem badawczym. Udanie \u0142\u0105czy wymiar historycznofilmowy (stanowi\u0105c swoist\u0105 syntez\u0119 tematu) z analiz\u0105 wybranych zagadnie\u0144 problemowych oraz dzie\u0142 filmowych. Po trzecie, jest dzie\u0142em imponuj\u0105cym swoim rozmachem, skrupulatno\u015bci\u0105 i pionierskim uj\u0119ciem, poniewa\u017c temat artysty i sztuki w kontek\u015bcie historii filmu polskiego, niekiedy podejmowany przez innych badaczy, nie doczeka\u0142 si\u0119 dot\u0105d szczeg\u00f3\u0142owego opracowania naukowego. Ksi\u0105\u017cka ma niew\u0105tpliwe warto\u015bci poznawcze i edukacyjne. B\u0119dzie stanowi\u0107 znacz\u0105ce uzupe\u0142nienie luki badawczej dotycz\u0105cej tematu sztuki i artysty w filmie polskim, oraz mo\u017ce sta\u0107 si\u0119 przyczynkiem do naukowych polemik na ten temat.<\/p>\n<p style=\"text-align: right;\">Z recenzji dr. hab. Marcina Marona<\/p>\n","protected":false},"featured_media":24253,"template":"","meta":{"_acf_changed":false},"journal":[],"rodzaj":[7074],"seria":[],"product_brand":[],"product_cat":[6939],"product_tag":[7697],"class_list":{"0":"post-46187","1":"product","2":"type-product","3":"status-publish","4":"has-post-thumbnail","6":"rodzaj-ksiazki","7":"product_cat-sztuka","8":"product_tag-iwona-grodziwona-grodz","10":"first","11":"instock","12":"taxable","13":"shipping-taxable","14":"purchasable","15":"product-type-simple"},"acf":[],"_links":{"self":[{"href":"https:\/\/wydawnictwo.ug.edu.pl\/en\/wp-json\/wp\/v2\/product\/46187","targetHints":{"allow":["GET"]}}],"collection":[{"href":"https:\/\/wydawnictwo.ug.edu.pl\/en\/wp-json\/wp\/v2\/product"}],"about":[{"href":"https:\/\/wydawnictwo.ug.edu.pl\/en\/wp-json\/wp\/v2\/types\/product"}],"wp:featuredmedia":[{"embeddable":true,"href":"https:\/\/wydawnictwo.ug.edu.pl\/en\/wp-json\/wp\/v2\/media\/24253"}],"wp:attachment":[{"href":"https:\/\/wydawnictwo.ug.edu.pl\/en\/wp-json\/wp\/v2\/media?parent=46187"}],"wp:term":[{"taxonomy":"journal","embeddable":true,"href":"https:\/\/wydawnictwo.ug.edu.pl\/en\/wp-json\/wp\/v2\/journal?post=46187"},{"taxonomy":"rodzaj","embeddable":true,"href":"https:\/\/wydawnictwo.ug.edu.pl\/en\/wp-json\/wp\/v2\/rodzaj?post=46187"},{"taxonomy":"seria","embeddable":true,"href":"https:\/\/wydawnictwo.ug.edu.pl\/en\/wp-json\/wp\/v2\/seria?post=46187"},{"taxonomy":"product_brand","embeddable":true,"href":"https:\/\/wydawnictwo.ug.edu.pl\/en\/wp-json\/wp\/v2\/product_brand?post=46187"},{"taxonomy":"product_cat","embeddable":true,"href":"https:\/\/wydawnictwo.ug.edu.pl\/en\/wp-json\/wp\/v2\/product_cat?post=46187"},{"taxonomy":"product_tag","embeddable":true,"href":"https:\/\/wydawnictwo.ug.edu.pl\/en\/wp-json\/wp\/v2\/product_tag?post=46187"}],"curies":[{"name":"wp","href":"https:\/\/api.w.org\/{rel}","templated":true}]}}

Artysta i sztuka w polskich filmach fabularnych powstałych po II wojnie światowej

<p>Nowa książka autorstwa Iwony Grodź jest swoistą sumą i w pewnym sensie również syntezą jej długoletnich zainteresowań, które konsekwentnie układają się w znaczącą triadę: polskie filmy i kino – sztuka – artyści. Książka ta godna jest lektury co najmniej z trzech powodów. Po pierwsze, porusza temat bardzo ważny i bogaty w znaczenia, istotny zarówno w kontekście szczególnego wpływu sztuki i artystów na rozwój nowoczesnej kultury polskiej, w tym filmu polskiego, jak również w odniesieniu do różnego rodzaju współczesnych polemik związanych z tymi zagadnieniami. Po drugie, praca ta charakteryzuje się oryginalnym ujęciem badawczym. Udanie łączy wymiar historycznofilmowy (stanowiąc swoistą syntezę tematu) z analizą wybranych zagadnień problemowych oraz dzieł filmowych. Po trzecie, jest dziełem imponującym swoim rozmachem, skrupulatnością i pionierskim ujęciem, ponieważ temat artysty i sztuki w kontekście historii filmu polskiego, niekiedy podejmowany przez innych badaczy, nie doczekał się dotąd szczegółowego opracowania naukowego. Książka ma niewątpliwe wartości poznawcze i edukacyjne. Będzie stanowić znaczące uzupełnienie luki badawczej dotyczącej tematu sztuki i artysty w filmie polskim, oraz może stać się przyczynkiem do naukowych polemik na ten temat.</p>
<p style="text-align: right;">Z recenzji dr. hab. Marcina Marona</p>
