{"id":46178,"date":"2022-03-16T11:53:58","date_gmt":"2022-03-16T11:53:58","guid":{"rendered":"https:\/\/wydawnictwo.ug.edu.pl\/ksiegarnia-online\/uncategorized\/my-w-szwecji-nie-porastamy-mchem-emigranci-z-polski-w-szwecji-w-latach-1945-1980\/"},"modified":"2026-02-11T13:35:30","modified_gmt":"2026-02-11T13:35:30","slug":"my-w-szwecji-nie-porastamy-mchem-emigranci-z-polski-w-szwecji-w-latach-1945-1980","status":"publish","type":"product","link":"https:\/\/wydawnictwo.ug.edu.pl\/en\/ksiegarnia-online\/historia\/my-w-szwecji-nie-porastamy-mchem-emigranci-z-polski-w-szwecji-w-latach-1945-1980\/","title":{"rendered":"My w Szwecji nie porastamy mchem. Emigranci z Polski w Szwecji w latach 1945-1980"},"content":{"rendered":"","protected":false},"excerpt":{"rendered":"<p>Ksi\u0105\u017cka &#8220;My w Szwecji nie porastamy mchem. Emigranci z Polski w Szwecji w latach 1945 \u20131980&#8221; jest pr\u00f3b\u0105 wielostronnego scharakteryzowania spo\u0142eczno\u015bci emigrant\u00f3w z Polski na terenie Szwecji w okresie powojennym, niezale\u017cnie od ich przynale\u017cno\u015bci religijnej i narodowej i okre\u015blenia charakteru spo\u0142ecznego, ekonomicznego i politycznego wychod\u017astwa polskiego w Szwecji. Wiosn\u0105 1945 roku przyby\u0142a do Szwecji grupa wi\u0119\u017ani\u00f3w uratowanych przez Szwedzki Czerwony Krzy\u017c z hitlerowskich oboz\u00f3w koncentracyjnych w p\u00f3\u0142nocnych Niemczech. W\u015br\u00f3d nich by\u0142o ponad 15 tysi\u0119cy obywateli polskich. Blisko po\u0142owa pozosta\u0142a w Szwecji na zawsze i wraz z niewielk\u0105 grup\u0105 emigrant\u00f3w przedwojennych i tych, kt\u00f3rzy dotarli do tego kraju w czasie wojny, tworzyli nowe \u015brodowisko emigracyjne w kr\u00f3lestwie Trzech Koron. W nast\u0119pnych dekadach liczba emigrant\u00f3w z Polski ros\u0142a: przybywali nielegalni uciekinierzy, marynarze dezerteruj\u0105cy ze statk\u00f3w, \u017bydzi wyrzuceni po marcu 1968 roku. Pod koniec lat siedemdziesi\u0105tych spo\u0142eczno\u015b\u0107 ta liczy\u0142a ju\u017c blisko 30 tysi\u0119cy os\u00f3b.<\/p>\n<p>W pracy przedstawione zosta\u0142y formy organizacyjne badanej spo\u0142eczno\u015bci emigracyjnej i ich ewolucja, polityka w\u0142adz szwedzkich i polskich wzgl\u0119dem tej grupy oraz stosunek emigrant\u00f3w do Polski jako kraju rodzinnego, jak te\u017c do \u00f3wczesnych w\u0142adz polskich rz\u0105dz\u0105cych w dawnej ojczy\u017anie. Przedmiotem rozwa\u017ca\u0144 s\u0105 ponadto pogl\u0105dy polityczne diaspory polskiej, jej ogl\u0105d zmian zachodz\u0105cych w powojennej Polsce, relacje z innymi o\u015brodkami emigracyjnymi (Londyn, Pary\u017c) oraz stosunki z organizacjami politycznymi (partie, stowarzyszenia, zwi\u0105zki zawodowe) funkcjonuj\u0105cymi w Szwecji. Ksi\u0105\u017cka porusza r\u00f3wnie\u017c zagadnienia zwi\u0105zane z r\u00f3\u017cnymi przejawami aktywno\u015bci emigracyjnej np. rol\u0119 opieki duszpasterskiej w \u017cyciu emigracji polskiej i r\u00f3\u017cne aspekty \u017cycia emigracyjnego jak: rozw\u00f3j literatury, szk\u00f3\u0142 i szk\u00f3\u0142ek emigracyjnych, \u017cycia artystycznego oraz funkcjonowanie bibliotek i prasy polonijnej. Pokazano te\u017c wk\u0142ad emigrant\u00f3w z Polski w \u017cycie publiczne Szwecji i zaprezentowano sylwetki wybitnych artyst\u00f3w, naukowc\u00f3w, dyplomat\u00f3w, dziennikarzy i literat\u00f3w, kt\u00f3rzy poprzez swoje dokonania znale\u017ali sta\u0142e miejsce w \u015bwiadomo\u015bci gospodarzy.<\/p>\n","protected":false},"featured_media":17949,"template":"","meta":{"_acf_changed":false},"journal":[],"rodzaj":[],"seria":[],"product_brand":[],"product_cat":[6958],"product_tag":[7692],"class_list":{"0":"post-46178","1":"product","2":"type-product","3":"status-publish","4":"has-post-thumbnail","6":"product_cat-historia","7":"product_tag-arnold-klonczynski","9":"first","10":"instock","11":"taxable","12":"shipping-taxable","13":"product-type-simple"},"acf":[],"_links":{"self":[{"href":"https:\/\/wydawnictwo.ug.edu.pl\/en\/wp-json\/wp\/v2\/product\/46178","targetHints":{"allow":["GET"]}}],"collection":[{"href":"https:\/\/wydawnictwo.ug.edu.pl\/en\/wp-json\/wp\/v2\/product"}],"about":[{"href":"https:\/\/wydawnictwo.ug.edu.pl\/en\/wp-json\/wp\/v2\/types\/product"}],"wp:featuredmedia":[{"embeddable":true,"href":"https:\/\/wydawnictwo.ug.edu.pl\/en\/wp-json\/wp\/v2\/media\/17949"}],"wp:attachment":[{"href":"https:\/\/wydawnictwo.ug.edu.pl\/en\/wp-json\/wp\/v2\/media?parent=46178"}],"wp:term":[{"taxonomy":"journal","embeddable":true,"href":"https:\/\/wydawnictwo.ug.edu.pl\/en\/wp-json\/wp\/v2\/journal?post=46178"},{"taxonomy":"rodzaj","embeddable":true,"href":"https:\/\/wydawnictwo.ug.edu.pl\/en\/wp-json\/wp\/v2\/rodzaj?post=46178"},{"taxonomy":"seria","embeddable":true,"href":"https:\/\/wydawnictwo.ug.edu.pl\/en\/wp-json\/wp\/v2\/seria?post=46178"},{"taxonomy":"product_brand","embeddable":true,"href":"https:\/\/wydawnictwo.ug.edu.pl\/en\/wp-json\/wp\/v2\/product_brand?post=46178"},{"taxonomy":"product_cat","embeddable":true,"href":"https:\/\/wydawnictwo.ug.edu.pl\/en\/wp-json\/wp\/v2\/product_cat?post=46178"},{"taxonomy":"product_tag","embeddable":true,"href":"https:\/\/wydawnictwo.ug.edu.pl\/en\/wp-json\/wp\/v2\/product_tag?post=46178"}],"curies":[{"name":"wp","href":"https:\/\/api.w.org\/{rel}","templated":true}]}}

<p>Książka &#8220;My w Szwecji nie porastamy mchem. Emigranci z Polski w Szwecji w latach 1945 –1980&#8221; jest próbą wielostronnego scharakteryzowania społeczności emigrantów z Polski na terenie Szwecji w okresie powojennym, niezależnie od ich przynależności religijnej i narodowej i określenia charakteru społecznego, ekonomicznego i politycznego wychodźstwa polskiego w Szwecji. Wiosną 1945 roku przybyła do Szwecji grupa więźniów uratowanych przez Szwedzki Czerwony Krzyż z hitlerowskich obozów koncentracyjnych w północnych Niemczech. Wśród nich było ponad 15 tysięcy obywateli polskich. Blisko połowa pozostała w Szwecji na zawsze i wraz z niewielką grupą emigrantów przedwojennych i tych, którzy dotarli do tego kraju w czasie wojny, tworzyli nowe środowisko emigracyjne w królestwie Trzech Koron. W następnych dekadach liczba emigrantów z Polski rosła: przybywali nielegalni uciekinierzy, marynarze dezerterujący ze statków, Żydzi wyrzuceni po marcu 1968 roku. Pod koniec lat siedemdziesiątych społeczność ta liczyła już blisko 30 tysięcy osób.</p>
<p>W pracy przedstawione zostały formy organizacyjne badanej społeczności emigracyjnej i ich ewolucja, polityka władz szwedzkich i polskich względem tej grupy oraz stosunek emigrantów do Polski jako kraju rodzinnego, jak też do ówczesnych władz polskich rządzących w dawnej ojczyźnie. Przedmiotem rozważań są ponadto poglądy polityczne diaspory polskiej, jej ogląd zmian zachodzących w powojennej Polsce, relacje z innymi ośrodkami emigracyjnymi (Londyn, Paryż) oraz stosunki z organizacjami politycznymi (partie, stowarzyszenia, związki zawodowe) funkcjonującymi w Szwecji. Książka porusza również zagadnienia związane z różnymi przejawami aktywności emigracyjnej np. rolę opieki duszpasterskiej w życiu emigracji polskiej i różne aspekty życia emigracyjnego jak: rozwój literatury, szkół i szkółek emigracyjnych, życia artystycznego oraz funkcjonowanie bibliotek i prasy polonijnej. Pokazano też wkład emigrantów z Polski w życie publiczne Szwecji i zaprezentowano sylwetki wybitnych artystów, naukowców, dyplomatów, dziennikarzy i literatów, którzy poprzez swoje dokonania znaleźli stałe miejsce w świadomości gospodarzy.</p>
