{"id":46175,"date":"2022-03-31T09:35:40","date_gmt":"2022-03-31T09:35:40","guid":{"rendered":"https:\/\/wydawnictwo.ug.edu.pl\/ksiegarnia-online\/uncategorized\/religijnosc-i-duchowosc-z-perspektywy-pedagogicznej-od-idei-do-empirii\/"},"modified":"2026-02-11T13:34:10","modified_gmt":"2026-02-11T13:34:10","slug":"religijnosc-i-duchowosc-z-perspektywy-pedagogicznej-od-idei-do-empirii","status":"publish","type":"product","link":"https:\/\/wydawnictwo.ug.edu.pl\/en\/ksiegarnia-online\/pedagogika-i-psychologia\/religijnosc-i-duchowosc-z-perspektywy-pedagogicznej-od-idei-do-empirii\/","title":{"rendered":"Religijno\u015b\u0107 i duchowo\u015b\u0107 z perspektywy pedagogicznej: od idei do empirii"},"content":{"rendered":"","protected":false},"excerpt":{"rendered":"<p>Monografia <em>Religijno\u015b\u0107 i duchowo\u015b\u0107 z perspektywy pedagogicznej: od idei do empirii<\/em> jest interesuj\u0105c\u0105 poznawczo pr\u00f3b\u0105 przedstawienia, zgodnie z tytu\u0142em, oryginalnych rezultat\u00f3w prac badawczych\u2013 teoretycznych i empirycznych \u2013 podejmowanych w kontek\u015bcie szeroko rozumianej religijno\u015bci i duchowo\u015bci. W publikacji starano si\u0119 udzieli\u0107 odpowiedzi na pytania o miejsce religijno\u015bci i duchowo\u015bci w pedagogice, a tak\u017ce okre\u015bli\u0107 potencjalne obszary bada\u0144, opowiedziano si\u0119 za wszechstronnym podej\u015bciem do cz\u0142owieka jako ca\u0142o\u015bci cielesno-psychiczno-duchowej. Religia i duchowo\u015b\u0107 to wa\u017cne i wymagaj\u0105ce pog\u0142\u0119bionej refleksji naukowej sfery ludzkiej egzystencji. Recenzowana ksi\u0105\u017cka ma w tym zakresie sw\u00f3j niew\u0105tpliwy udzia\u0142 i wk\u0142ad. Zawarte w pracy rozprawy teoretyczne, studia empiryczne przedstawione na bazie interdyscyplinarnej literatury z nauk humanistycznych i spo\u0142ecznych to materia\u0142 sk\u0142aniaj\u0105cy do my\u015blenia o religijno\u015bci, duchowo\u015bci jako zasobach osobowych i kapitale spo\u0142ecznym, stanowi\u0105cy zach\u0119t\u0119 do dalszych poszukiwa\u0144, refleksji, zmian. Recenzowana ksi\u0105\u017cka jest opracowaniem wzbogacaj\u0105cym wiedz\u0119 z zakresu za &#8211; r\u00f3wno pedagogiki (pedagogiki religii, pedagogiki mi\u0119dzykulturowej, pedagogiki spo\u0142ecznej, pedagogiki por\u00f3wnawczej), jak i nauk spo\u0142ecznych, humanistycznych.<\/p>\n<p style=\"text-align: right;\"><em>Z recenzji prof. dr hab. Aliny Szczurek-Boruty<\/em><\/p>\n","protected":false},"featured_media":17998,"template":"","meta":{"_acf_changed":false},"journal":[],"rodzaj":[2602],"seria":[],"product_brand":[],"product_cat":[271],"product_tag":[376,1210],"class_list":{"0":"post-46175","1":"product","2":"type-product","3":"status-publish","4":"has-post-thumbnail","6":"rodzaj-ksiazki","7":"product_cat-pedagogika-i-psychologia","8":"product_tag-maria-szczepska-pustkowska","9":"product_tag-sylwester-zielka","11":"first","12":"instock","13":"taxable","14":"shipping-taxable","15":"purchasable","16":"product-type-simple"},"acf":[],"_links":{"self":[{"href":"https:\/\/wydawnictwo.ug.edu.pl\/en\/wp-json\/wp\/v2\/product\/46175","targetHints":{"allow":["GET"]}}],"collection":[{"href":"https:\/\/wydawnictwo.ug.edu.pl\/en\/wp-json\/wp\/v2\/product"}],"about":[{"href":"https:\/\/wydawnictwo.ug.edu.pl\/en\/wp-json\/wp\/v2\/types\/product"}],"wp:featuredmedia":[{"embeddable":true,"href":"https:\/\/wydawnictwo.ug.edu.pl\/en\/wp-json\/wp\/v2\/media\/17998"}],"wp:attachment":[{"href":"https:\/\/wydawnictwo.ug.edu.pl\/en\/wp-json\/wp\/v2\/media?parent=46175"}],"wp:term":[{"taxonomy":"journal","embeddable":true,"href":"https:\/\/wydawnictwo.ug.edu.pl\/en\/wp-json\/wp\/v2\/journal?post=46175"},{"taxonomy":"rodzaj","embeddable":true,"href":"https:\/\/wydawnictwo.ug.edu.pl\/en\/wp-json\/wp\/v2\/rodzaj?post=46175"},{"taxonomy":"seria","embeddable":true,"href":"https:\/\/wydawnictwo.ug.edu.pl\/en\/wp-json\/wp\/v2\/seria?post=46175"},{"taxonomy":"product_brand","embeddable":true,"href":"https:\/\/wydawnictwo.ug.edu.pl\/en\/wp-json\/wp\/v2\/product_brand?post=46175"},{"taxonomy":"product_cat","embeddable":true,"href":"https:\/\/wydawnictwo.ug.edu.pl\/en\/wp-json\/wp\/v2\/product_cat?post=46175"},{"taxonomy":"product_tag","embeddable":true,"href":"https:\/\/wydawnictwo.ug.edu.pl\/en\/wp-json\/wp\/v2\/product_tag?post=46175"}],"curies":[{"name":"wp","href":"https:\/\/api.w.org\/{rel}","templated":true}]}}

Religijność i duchowość z perspektywy pedagogicznej: od idei do empirii

<p>Monografia <em>Religijność i duchowość z perspektywy pedagogicznej: od idei do empirii</em> jest interesującą poznawczo próbą przedstawienia, zgodnie z tytułem, oryginalnych rezultatów prac badawczych– teoretycznych i empirycznych – podejmowanych w kontekście szeroko rozumianej religijności i duchowości. W publikacji starano się udzielić odpowiedzi na pytania o miejsce religijności i duchowości w pedagogice, a także określić potencjalne obszary badań, opowiedziano się za wszechstronnym podejściem do człowieka jako całości cielesno-psychiczno-duchowej. Religia i duchowość to ważne i wymagające pogłębionej refleksji naukowej sfery ludzkiej egzystencji. Recenzowana książka ma w tym zakresie swój niewątpliwy udział i wkład. Zawarte w pracy rozprawy teoretyczne, studia empiryczne przedstawione na bazie interdyscyplinarnej literatury z nauk humanistycznych i społecznych to materiał skłaniający do myślenia o religijności, duchowości jako zasobach osobowych i kapitale społecznym, stanowiący zachętę do dalszych poszukiwań, refleksji, zmian. Recenzowana książka jest opracowaniem wzbogacającym wiedzę z zakresu za &#8211; równo pedagogiki (pedagogiki religii, pedagogiki międzykulturowej, pedagogiki społecznej, pedagogiki porównawczej), jak i nauk społecznych, humanistycznych.</p>
<p style="text-align: right;"><em>Z recenzji prof. dr hab. Aliny Szczurek-Boruty</em></p>
