{"id":46168,"date":"2022-04-20T11:51:46","date_gmt":"2022-04-20T11:51:46","guid":{"rendered":"https:\/\/wydawnictwo.ug.edu.pl\/ksiegarnia-online\/uncategorized\/organizacje-w-warunkach-gospodarki-cyfrowej\/"},"modified":"2026-02-11T13:33:47","modified_gmt":"2026-02-11T13:33:47","slug":"organizacje-w-warunkach-gospodarki-cyfrowej","status":"publish","type":"product","link":"https:\/\/wydawnictwo.ug.edu.pl\/en\/ksiegarnia-online\/zarzadzanie\/organizacje-w-warunkach-gospodarki-cyfrowej\/","title":{"rendered":"Organizacje w warunkach gospodarki cyfrowej"},"content":{"rendered":"","protected":false},"excerpt":{"rendered":"<p>Ostatnie lata przynios\u0142y szybki rozw\u00f3j gospodarki cyfrowej, przenikaj\u0105cej si\u0119 z gospodark\u0105 tradycyjn\u0105 tak \u015bci\u015ble, i\u017c trudno je rozgraniczy\u0107. Czynnikiem, kt\u00f3ry przyspieszy\u0142 digitalizacj\u0119 gospodarek na ca\u0142ym \u015bwiecie, sta\u0142a si\u0119 pandemia COVID-19, kt\u00f3ra wybuch\u0142a w 2020 roku. Ten burzliwy okres oznacza dla wielu organizacji konieczno\u015b\u0107 zmierzenia si\u0119 z fundamentalnymi pytaniami o przysz\u0142y model swojego funkcjonowania. Zmiany w dotychczasowych modelach obejmowa\u0107 b\u0119d\u0105 szereg sk\u0142adowych, od strategii organizacji a\u017c po struktury, procesy i systemy, dzi\u0119ki czemu organizacje b\u0119d\u0105 mog\u0142y lepiej przystosowa\u0107 si\u0119 do nowych wyzwa\u0144.<\/p>\n<p>Niniejsza monografia stanowi kolejn\u0105 publikacj\u0119 z cyklu stanowi\u0105cego efekt konferencji naukowych organizowanych przez Katedr\u0119 Organizacji i Zarz\u0105dzania Uniwersytetu Gda\u0144skiego pod wsp\u00f3lnym tytu\u0142em \u201eSukces organizacji\u201d. Na prezentowan\u0105 publikacj\u0119 sk\u0142ada si\u0119 zbi\u00f3r artyku\u0142\u00f3w, kt\u00f3re odnosz\u0105c si\u0119 do r\u00f3\u017cnych problem\u00f3w zarz\u0105dzania organizacjami w warunkach gospodarki cyfrowej, stanowi\u0105 wyniki bada\u0144 teoretycznych i empirycznych. Monografia powsta\u0142a w wyniku zaanga\u017cowania autor\u00f3w pochodz\u0105cych z wiod\u0105cych krajowych o\u015brodk\u00f3w akademickich.<\/p>\n<p>&nbsp;<\/p>\n","protected":false},"featured_media":18927,"template":"","meta":{"_acf_changed":false},"journal":[],"rodzaj":[2602],"seria":[],"product_brand":[],"product_cat":[6942],"product_tag":[865],"class_list":{"0":"post-46168","1":"product","2":"type-product","3":"status-publish","4":"has-post-thumbnail","6":"rodzaj-ksiazki","7":"product_cat-zarzadzanie","8":"product_tag-piotr-wrobel","9":"pa_rok-wydania-1179","11":"first","12":"instock","13":"taxable","14":"shipping-taxable","15":"purchasable","16":"product-type-simple"},"acf":[],"_links":{"self":[{"href":"https:\/\/wydawnictwo.ug.edu.pl\/en\/wp-json\/wp\/v2\/product\/46168","targetHints":{"allow":["GET"]}}],"collection":[{"href":"https:\/\/wydawnictwo.ug.edu.pl\/en\/wp-json\/wp\/v2\/product"}],"about":[{"href":"https:\/\/wydawnictwo.ug.edu.pl\/en\/wp-json\/wp\/v2\/types\/product"}],"wp:featuredmedia":[{"embeddable":true,"href":"https:\/\/wydawnictwo.ug.edu.pl\/en\/wp-json\/wp\/v2\/media\/18927"}],"wp:attachment":[{"href":"https:\/\/wydawnictwo.ug.edu.pl\/en\/wp-json\/wp\/v2\/media?parent=46168"}],"wp:term":[{"taxonomy":"journal","embeddable":true,"href":"https:\/\/wydawnictwo.ug.edu.pl\/en\/wp-json\/wp\/v2\/journal?post=46168"},{"taxonomy":"rodzaj","embeddable":true,"href":"https:\/\/wydawnictwo.ug.edu.pl\/en\/wp-json\/wp\/v2\/rodzaj?post=46168"},{"taxonomy":"seria","embeddable":true,"href":"https:\/\/wydawnictwo.ug.edu.pl\/en\/wp-json\/wp\/v2\/seria?post=46168"},{"taxonomy":"product_brand","embeddable":true,"href":"https:\/\/wydawnictwo.ug.edu.pl\/en\/wp-json\/wp\/v2\/product_brand?post=46168"},{"taxonomy":"product_cat","embeddable":true,"href":"https:\/\/wydawnictwo.ug.edu.pl\/en\/wp-json\/wp\/v2\/product_cat?post=46168"},{"taxonomy":"product_tag","embeddable":true,"href":"https:\/\/wydawnictwo.ug.edu.pl\/en\/wp-json\/wp\/v2\/product_tag?post=46168"}],"curies":[{"name":"wp","href":"https:\/\/api.w.org\/{rel}","templated":true}]}}

<p>Ostatnie lata przyniosły szybki rozwój gospodarki cyfrowej, przenikającej się z gospodarką tradycyjną tak ściśle, iż trudno je rozgraniczyć. Czynnikiem, który przyspieszył digitalizację gospodarek na całym świecie, stała się pandemia COVID-19, która wybuchła w 2020 roku. Ten burzliwy okres oznacza dla wielu organizacji konieczność zmierzenia się z fundamentalnymi pytaniami o przyszły model swojego funkcjonowania. Zmiany w dotychczasowych modelach obejmować będą szereg składowych, od strategii organizacji aż po struktury, procesy i systemy, dzięki czemu organizacje będą mogły lepiej przystosować się do nowych wyzwań.</p>
<p>Niniejsza monografia stanowi kolejną publikację z cyklu stanowiącego efekt konferencji naukowych organizowanych przez Katedrę Organizacji i Zarządzania Uniwersytetu Gdańskiego pod wspólnym tytułem „Sukces organizacji”. Na prezentowaną publikację składa się zbiór artykułów, które odnosząc się do różnych problemów zarządzania organizacjami w warunkach gospodarki cyfrowej, stanowią wyniki badań teoretycznych i empirycznych. Monografia powstała w wyniku zaangażowania autorów pochodzących z wiodących krajowych ośrodków akademickich.</p>
<p>&nbsp;</p>
