{"id":46145,"date":"2022-10-19T07:19:47","date_gmt":"2022-10-19T07:19:47","guid":{"rendered":"https:\/\/wydawnictwo.ug.edu.pl\/ksiegarnia-online\/uncategorized\/zbrodnia-i-kara-ksiega-poswiecona-prof-warylewskiemu\/"},"modified":"2026-02-11T13:20:56","modified_gmt":"2026-02-11T13:20:56","slug":"zbrodnia-i-kara-ksiega-poswiecona-prof-warylewskiemu","status":"publish","type":"product","link":"https:\/\/wydawnictwo.ug.edu.pl\/en\/ksiegarnia-online\/prawo-i-administracja\/zbrodnia-i-kara-ksiega-poswiecona-prof-warylewskiemu\/","title":{"rendered":"Zbrodnia i kara. Refleksje o przesz\u0142o\u015bci, tera\u017aniejszo\u015bci i przysz\u0142o\u015bci prawa karnego"},"content":{"rendered":"","protected":false},"excerpt":{"rendered":"<p>Niniejsza Ksi\u0119ga powsta\u0142a w celu upami\u0119tnienia osoby i dorobku naukowego Profesora Jaros\u0142awa Warylewskiego, wieloletniego kierownika Katedry Prawa Karnego Materialnego i Kryminologii na Wydziale Prawa i Administracji Uniwersytetu Gda\u0144skiego (2001\u20132020), dziekana Wydzia\u0142u Prawa i\u00a0 Administracji Uniwersytetu Gda\u0144skiego (2004\u20132012), wychowawcy pokole\u0144 polskich karnist\u00f3w.<\/p>\n","protected":false},"featured_media":21846,"template":"","meta":{"_acf_changed":false},"journal":[],"rodzaj":[7074],"seria":[],"product_brand":[],"product_cat":[6932],"product_tag":[7669,7340,7350],"class_list":{"0":"post-46145","1":"product","2":"type-product","3":"status-publish","4":"has-post-thumbnail","6":"rodzaj-ksiazki","7":"product_cat-prawo-i-administracja","8":"product_tag-jacek-potulski","9":"product_tag-tomasz-snarskitomasz-snarski","10":"product_tag-wojciech-zalewskiwojciech-zalewski","11":"pa_rok-wydania-2022-en","13":"first","14":"instock","15":"taxable","16":"shipping-taxable","17":"purchasable","18":"product-type-simple"},"acf":[],"_links":{"self":[{"href":"https:\/\/wydawnictwo.ug.edu.pl\/en\/wp-json\/wp\/v2\/product\/46145","targetHints":{"allow":["GET"]}}],"collection":[{"href":"https:\/\/wydawnictwo.ug.edu.pl\/en\/wp-json\/wp\/v2\/product"}],"about":[{"href":"https:\/\/wydawnictwo.ug.edu.pl\/en\/wp-json\/wp\/v2\/types\/product"}],"wp:featuredmedia":[{"embeddable":true,"href":"https:\/\/wydawnictwo.ug.edu.pl\/en\/wp-json\/wp\/v2\/media\/21846"}],"wp:attachment":[{"href":"https:\/\/wydawnictwo.ug.edu.pl\/en\/wp-json\/wp\/v2\/media?parent=46145"}],"wp:term":[{"taxonomy":"journal","embeddable":true,"href":"https:\/\/wydawnictwo.ug.edu.pl\/en\/wp-json\/wp\/v2\/journal?post=46145"},{"taxonomy":"rodzaj","embeddable":true,"href":"https:\/\/wydawnictwo.ug.edu.pl\/en\/wp-json\/wp\/v2\/rodzaj?post=46145"},{"taxonomy":"seria","embeddable":true,"href":"https:\/\/wydawnictwo.ug.edu.pl\/en\/wp-json\/wp\/v2\/seria?post=46145"},{"taxonomy":"product_brand","embeddable":true,"href":"https:\/\/wydawnictwo.ug.edu.pl\/en\/wp-json\/wp\/v2\/product_brand?post=46145"},{"taxonomy":"product_cat","embeddable":true,"href":"https:\/\/wydawnictwo.ug.edu.pl\/en\/wp-json\/wp\/v2\/product_cat?post=46145"},{"taxonomy":"product_tag","embeddable":true,"href":"https:\/\/wydawnictwo.ug.edu.pl\/en\/wp-json\/wp\/v2\/product_tag?post=46145"}],"curies":[{"name":"wp","href":"https:\/\/api.w.org\/{rel}","templated":true}]}}

Zbrodnia i kara. Refleksje o przeszłości, teraźniejszości i przyszłości prawa karnego

<p>Niniejsza Księga powstała w celu upamiętnienia osoby i dorobku naukowego Profesora Jarosława Warylewskiego, wieloletniego kierownika Katedry Prawa Karnego Materialnego i Kryminologii na Wydziale Prawa i Administracji Uniwersytetu Gdańskiego (2001–2020), dziekana Wydziału Prawa i  Administracji Uniwersytetu Gdańskiego (2004–2012), wychowawcy pokoleń polskich karnistów.</p>
