{"id":46133,"date":"2023-06-08T09:47:10","date_gmt":"2023-06-08T09:47:10","guid":{"rendered":"https:\/\/wydawnictwo.ug.edu.pl\/ksiegarnia-online\/uncategorized\/sekrety-gwiazd-co-laczy-nauke-i-sztuke\/"},"modified":"2026-02-11T13:14:13","modified_gmt":"2026-02-11T13:14:13","slug":"sekrety-gwiazd-co-laczy-nauke-i-sztuke","status":"publish","type":"product","link":"https:\/\/wydawnictwo.ug.edu.pl\/en\/ksiegarnia-online\/varia\/sekrety-gwiazd-co-laczy-nauke-i-sztuke\/","title":{"rendered":"Sekrety gwiazd. Co \u0142\u0105czy nauk\u0119 i sztuk\u0119? Secrets of the Stars. What links science and art?"},"content":{"rendered":"","protected":false},"excerpt":{"rendered":"<p><em>Sekrety gwiazd. Co \u0142\u0105czy nauk\u0119 i sztuk\u0119? Secrets of the Stars. What links science and art?\u00a0<\/em>to katalog towarzysz\u0105cy wystawie malarstwa Karoliny Wojnowskiej-Paterek na Uniwersytecie Gda\u0144skim. Wystawa organizowana jest przez Uniwersytet Gda\u0144ski i Muzeum Uniwersytetu Gda\u0144skiego.<\/p>\n<p>W dobie wsp\u00f3\u0142czesnych odkry\u0107 naukowych coraz bardziej fascynuje nas to, co jest poza cz\u0142owiekiem, przyrod\u0105, Ziemi\u0105. To, co jest poza nasz\u0105 prost\u0105 percepcj\u0105 i mo\u017cliwo\u015bciami pomiarowymi. Jakie zagadki wci\u0105\u017c skrywa w sobie wszech\u015bwiat? Co dzieje si\u0119 w mikro\u015bwiecie, kt\u00f3rego pr\u00f3b\u0119 opisu podejmuje fizyka kwantowa? To pytania nurtuj\u0105ce niezliczone rzesze naukowc\u00f3w. Malarstwo Karoliny Wojnowskiej-Paterek, kt\u00f3re mamy przyjemno\u015b\u0107 zaprezentowa\u0107 na Uniwersytecie Gda\u0144skim na wystawie <em>Sekrety gwiazd. Co \u0142\u0105czy nauk\u0119 i sztuk\u0119?<\/em>, pozwala nam przyjrze\u0107 si\u0119 z bliska galaktykom odleg\u0142ym o miliardy lat \u015bwietlnych, a dzi\u0119ki naukowym komentarzom do obraz\u00f3w inspirowanych mg\u0142awicami, gwiazdami i galaktykami dowiadujemy si\u0119 czego\u015b wi\u0119cej na temat tych cia\u0142 niebieskich i zachodz\u0105cych tam zjawisk.<\/p>\n<p style=\"text-align: right;\"><em>Rektor Uniwersytetu Gda\u0144skiego<\/em><\/p>\n<p style=\"text-align: right;\"><em>Prof. dr hab. Piotr Stepnowski<\/em><\/p>\n<p><strong>Karolina Wojnowska-Paterek<\/strong> \u2014 doktor w zakresie sztuk pi\u0119knych, artystka i architekt. Jej dzia\u0142alno\u015b\u0107 artystyczna ma charakter interdyscyplinarny. Jest cz\u0142onkiem Polskiej Izby Architekt\u00f3w SARP. Przez lata zajmowa\u0142a si\u0119 zar\u00f3wno dzia\u0142alno\u015bci\u0105 artystyczn\u0105, jak i projektowaniem, co wywar\u0142o wp\u0142yw na jej prac\u0119 tw\u00f3rcz\u0105. Obok malarstwa i rze\u017aby w jej dorobku artystycznym znajduj\u0105 si\u0119 dzia\u0142ania zwi\u0105zane z szeroko poj\u0119tym kszta\u0142towaniem przestrzeni, jak eksperymentalne instalacje artystyczne wykorzystuj\u0105ce \u015bwiat\u0142o i barw\u0119 do kszta\u0142towania przestrzeni, wystawiane w muzeach w Polsce i za granic\u0105. Najnowsza instalacja artystyczna, <em>Wanderings of Light<\/em>, popularyzuje idee mechaniki kwantowej. Zajmuje si\u0119 tak\u017ce dydaktyk\u0105. By\u0142a mentorem studi\u00f3w w mi\u0119dzynarodowym programie &#8220;Public Space of Tomorrow&#8221;, organizowanym przez Wydzia\u0142 Architektury Politechniki Gda\u0144skiej i ISOCARP (International Society of City and Regional Planners), w latach 2020-2021 by\u0142a zatrudniona na etacie naukowo-dydaktycznym na Wydziale Sztuk Pi\u0119knych Uniwersytetu Miko\u0142aja Kopernika w Toruniu.<\/p>\n","protected":false},"featured_media":24771,"template":"","meta":{"_acf_changed":false},"journal":[],"rodzaj":[7074],"seria":[],"product_brand":[],"product_cat":[6948],"product_tag":[7656],"class_list":{"0":"post-46133","1":"product","2":"type-product","3":"status-publish","4":"has-post-thumbnail","6":"rodzaj-ksiazki","7":"product_cat-varia","8":"product_tag-marcin-wiesniak","10":"first","11":"instock","12":"taxable","13":"shipping-taxable","14":"product-type-simple"},"acf":[],"_links":{"self":[{"href":"https:\/\/wydawnictwo.ug.edu.pl\/en\/wp-json\/wp\/v2\/product\/46133","targetHints":{"allow":["GET"]}}],"collection":[{"href":"https:\/\/wydawnictwo.ug.edu.pl\/en\/wp-json\/wp\/v2\/product"}],"about":[{"href":"https:\/\/wydawnictwo.ug.edu.pl\/en\/wp-json\/wp\/v2\/types\/product"}],"wp:featuredmedia":[{"embeddable":true,"href":"https:\/\/wydawnictwo.ug.edu.pl\/en\/wp-json\/wp\/v2\/media\/24771"}],"wp:attachment":[{"href":"https:\/\/wydawnictwo.ug.edu.pl\/en\/wp-json\/wp\/v2\/media?parent=46133"}],"wp:term":[{"taxonomy":"journal","embeddable":true,"href":"https:\/\/wydawnictwo.ug.edu.pl\/en\/wp-json\/wp\/v2\/journal?post=46133"},{"taxonomy":"rodzaj","embeddable":true,"href":"https:\/\/wydawnictwo.ug.edu.pl\/en\/wp-json\/wp\/v2\/rodzaj?post=46133"},{"taxonomy":"seria","embeddable":true,"href":"https:\/\/wydawnictwo.ug.edu.pl\/en\/wp-json\/wp\/v2\/seria?post=46133"},{"taxonomy":"product_brand","embeddable":true,"href":"https:\/\/wydawnictwo.ug.edu.pl\/en\/wp-json\/wp\/v2\/product_brand?post=46133"},{"taxonomy":"product_cat","embeddable":true,"href":"https:\/\/wydawnictwo.ug.edu.pl\/en\/wp-json\/wp\/v2\/product_cat?post=46133"},{"taxonomy":"product_tag","embeddable":true,"href":"https:\/\/wydawnictwo.ug.edu.pl\/en\/wp-json\/wp\/v2\/product_tag?post=46133"}],"curies":[{"name":"wp","href":"https:\/\/api.w.org\/{rel}","templated":true}]}}

Sekrety gwiazd. Co łączy naukę i sztukę? Secrets of the Stars. What links science and art?

<p><em>Sekrety gwiazd. Co łączy naukę i sztukę? Secrets of the Stars. What links science and art? </em>to katalog towarzyszący wystawie malarstwa Karoliny Wojnowskiej-Paterek na Uniwersytecie Gdańskim. Wystawa organizowana jest przez Uniwersytet Gdański i Muzeum Uniwersytetu Gdańskiego.</p>
<p>W dobie współczesnych odkryć naukowych coraz bardziej fascynuje nas to, co jest poza człowiekiem, przyrodą, Ziemią. To, co jest poza naszą prostą percepcją i możliwościami pomiarowymi. Jakie zagadki wciąż skrywa w sobie wszechświat? Co dzieje się w mikroświecie, którego próbę opisu podejmuje fizyka kwantowa? To pytania nurtujące niezliczone rzesze naukowców. Malarstwo Karoliny Wojnowskiej-Paterek, które mamy przyjemność zaprezentować na Uniwersytecie Gdańskim na wystawie <em>Sekrety gwiazd. Co łączy naukę i sztukę?</em>, pozwala nam przyjrzeć się z bliska galaktykom odległym o miliardy lat świetlnych, a dzięki naukowym komentarzom do obrazów inspirowanych mgławicami, gwiazdami i galaktykami dowiadujemy się czegoś więcej na temat tych ciał niebieskich i zachodzących tam zjawisk.</p>
<p style="text-align: right;"><em>Rektor Uniwersytetu Gdańskiego</em></p>
<p style="text-align: right;"><em>Prof. dr hab. Piotr Stepnowski</em></p>
<p><strong>Karolina Wojnowska-Paterek</strong> — doktor w zakresie sztuk pięknych, artystka i architekt. Jej działalność artystyczna ma charakter interdyscyplinarny. Jest członkiem Polskiej Izby Architektów SARP. Przez lata zajmowała się zarówno działalnością artystyczną, jak i projektowaniem, co wywarło wpływ na jej pracę twórczą. Obok malarstwa i rzeźby w jej dorobku artystycznym znajdują się działania związane z szeroko pojętym kształtowaniem przestrzeni, jak eksperymentalne instalacje artystyczne wykorzystujące światło i barwę do kształtowania przestrzeni, wystawiane w muzeach w Polsce i za granicą. Najnowsza instalacja artystyczna, <em>Wanderings of Light</em>, popularyzuje idee mechaniki kwantowej. Zajmuje się także dydaktyką. Była mentorem studiów w międzynarodowym programie &#8220;Public Space of Tomorrow&#8221;, organizowanym przez Wydział Architektury Politechniki Gdańskiej i ISOCARP (International Society of City and Regional Planners), w latach 2020-2021 była zatrudniona na etacie naukowo-dydaktycznym na Wydziale Sztuk Pięknych Uniwersytetu Mikołaja Kopernika w Toruniu.</p>
