{"id":46129,"date":"2023-06-19T09:12:08","date_gmt":"2023-06-19T09:12:08","guid":{"rendered":"https:\/\/wydawnictwo.ug.edu.pl\/ksiegarnia-online\/uncategorized\/miedzyuczelniany-wydzial-biotechnologii-ug-i-gumed-1993-2023\/"},"modified":"2026-02-11T13:12:56","modified_gmt":"2026-02-11T13:12:56","slug":"miedzyuczelniany-wydzial-biotechnologii-ug-i-gumed-1993-2023","status":"publish","type":"product","link":"https:\/\/wydawnictwo.ug.edu.pl\/en\/ksiegarnia-online\/historia\/miedzyuczelniany-wydzial-biotechnologii-ug-i-gumed-1993-2023\/","title":{"rendered":"Mi\u0119dzyuczelniany Wydzia\u0142 Biotechnologii UG i GUMed (1993\u20132023)"},"content":{"rendered":"","protected":false},"excerpt":{"rendered":"<p>Mi\u0119dzyuczelniany Wydzia\u0142 Biotechnologii Uniwersytetu Gda\u0144skiego i Gda\u0144skiego Uniwersytetu Medycznego zosta\u0142 utworzony w czerwcu 1993 roku jednog\u0142o\u015bn\u0105 decyzj\u0105 Senat\u00f3w Uniwersytetu Gda\u0144skiego i \u00f3wczesnej Akademii Medycznej w Gda\u0144sku, przy pe\u0142nym wsparciu rektor\u00f3w obu uczelni: prof. Zbigniewa Grzonki i prof. Stefana Angielskiego. Najwa\u017cniejszymi osobami, kt\u00f3re przyczyni\u0142y si\u0119 do powstania Wydzia\u0142u, byli: prof. Anna J. Podhajska, prof. Karol Taylor, prof. Wies\u0142aw Makarewicz i prof. Maciej \u017bylicz. Istotnego wsparcia merytorycznego udzieli\u0142 r\u00f3wnie\u017c prof. Wac\u0142aw Szybalski, profesor Uniwersytetu Wisconsin-Madison. Wydzia\u0142 kszta\u0142ci na najwy\u017cszym poziomie nowe pokolenia badaczy i specjalist\u00f3w w zakresie biotechnologii oraz prowadzi \u015bwiatowej klasy interdyscyplinarne badania naukowe, kt\u00f3re \u0142\u0105cz\u0105 zagadnienia biomedyczne i biomolekularne maj\u0105ce na celu popraw\u0119 zdrowia i podniesienie jako\u015bci \u017cycia. W ci\u0105gu 30 lat istnienia sta\u0142 si\u0119 wiod\u0105c\u0105 instytucj\u0105 naukow\u0105 w Polsce i unikatow\u0105 w skali kraju jednostk\u0105 tworzon\u0105 przez dwa Uniwersytety.<\/p>\n","protected":false},"featured_media":24754,"template":"","meta":{"_acf_changed":false},"journal":[],"rodzaj":[7074,7075],"seria":[],"product_brand":[],"product_cat":[6958],"product_tag":[7654],"class_list":{"0":"post-46129","1":"product","2":"type-product","3":"status-publish","4":"has-post-thumbnail","6":"rodzaj-ksiazki","7":"rodzaj-e-book","8":"product_cat-historia","9":"product_tag-ewa-lojkowska","11":"first","12":"instock","13":"taxable","14":"shipping-taxable","15":"product-type-external"},"acf":[],"_links":{"self":[{"href":"https:\/\/wydawnictwo.ug.edu.pl\/en\/wp-json\/wp\/v2\/product\/46129","targetHints":{"allow":["GET"]}}],"collection":[{"href":"https:\/\/wydawnictwo.ug.edu.pl\/en\/wp-json\/wp\/v2\/product"}],"about":[{"href":"https:\/\/wydawnictwo.ug.edu.pl\/en\/wp-json\/wp\/v2\/types\/product"}],"wp:featuredmedia":[{"embeddable":true,"href":"https:\/\/wydawnictwo.ug.edu.pl\/en\/wp-json\/wp\/v2\/media\/24754"}],"wp:attachment":[{"href":"https:\/\/wydawnictwo.ug.edu.pl\/en\/wp-json\/wp\/v2\/media?parent=46129"}],"wp:term":[{"taxonomy":"journal","embeddable":true,"href":"https:\/\/wydawnictwo.ug.edu.pl\/en\/wp-json\/wp\/v2\/journal?post=46129"},{"taxonomy":"rodzaj","embeddable":true,"href":"https:\/\/wydawnictwo.ug.edu.pl\/en\/wp-json\/wp\/v2\/rodzaj?post=46129"},{"taxonomy":"seria","embeddable":true,"href":"https:\/\/wydawnictwo.ug.edu.pl\/en\/wp-json\/wp\/v2\/seria?post=46129"},{"taxonomy":"product_brand","embeddable":true,"href":"https:\/\/wydawnictwo.ug.edu.pl\/en\/wp-json\/wp\/v2\/product_brand?post=46129"},{"taxonomy":"product_cat","embeddable":true,"href":"https:\/\/wydawnictwo.ug.edu.pl\/en\/wp-json\/wp\/v2\/product_cat?post=46129"},{"taxonomy":"product_tag","embeddable":true,"href":"https:\/\/wydawnictwo.ug.edu.pl\/en\/wp-json\/wp\/v2\/product_tag?post=46129"}],"curies":[{"name":"wp","href":"https:\/\/api.w.org\/{rel}","templated":true}]}}

Międzyuczelniany Wydział Biotechnologii UG i GUMed (1993–2023)

<p>Międzyuczelniany Wydział Biotechnologii Uniwersytetu Gdańskiego i Gdańskiego Uniwersytetu Medycznego został utworzony w czerwcu 1993 roku jednogłośną decyzją Senatów Uniwersytetu Gdańskiego i ówczesnej Akademii Medycznej w Gdańsku, przy pełnym wsparciu rektorów obu uczelni: prof. Zbigniewa Grzonki i prof. Stefana Angielskiego. Najważniejszymi osobami, które przyczyniły się do powstania Wydziału, byli: prof. Anna J. Podhajska, prof. Karol Taylor, prof. Wiesław Makarewicz i prof. Maciej Żylicz. Istotnego wsparcia merytorycznego udzielił również prof. Wacław Szybalski, profesor Uniwersytetu Wisconsin-Madison. Wydział kształci na najwyższym poziomie nowe pokolenia badaczy i specjalistów w zakresie biotechnologii oraz prowadzi światowej klasy interdyscyplinarne badania naukowe, które łączą zagadnienia biomedyczne i biomolekularne mające na celu poprawę zdrowia i podniesienie jakości życia. W ciągu 30 lat istnienia stał się wiodącą instytucją naukową w Polsce i unikatową w skali kraju jednostką tworzoną przez dwa Uniwersytety.</p>
