{"id":46120,"date":"2023-07-13T09:13:45","date_gmt":"2023-07-13T09:13:45","guid":{"rendered":"https:\/\/wydawnictwo.ug.edu.pl\/ksiegarnia-online\/uncategorized\/asebeia-tradycja-hellenska-w-zyciu-codziennym-chrzescijan-epoki-wczesnobizantynskiej-tom-i\/"},"modified":"2026-02-11T13:10:32","modified_gmt":"2026-02-11T13:10:32","slug":"asebeia-tradycja-hellenska-w-zyciu-codziennym-chrzescijan-epoki-wczesnobizantynskiej-tom-i","status":"publish","type":"product","link":"https:\/\/wydawnictwo.ug.edu.pl\/en\/ksiegarnia-online\/historia\/asebeia-tradycja-hellenska-w-zyciu-codziennym-chrzescijan-epoki-wczesnobizantynskiej-tom-i\/","title":{"rendered":"ASEBEIA. Tradycja helle\u0144ska w \u017cyciu codziennym chrze\u015bcijan epoki wczesnobizanty\u0144skiej. Tom I"},"content":{"rendered":"","protected":false},"excerpt":{"rendered":"<p>Uwag\u0119 czytelnika poznaj\u0105cego wczesnobizanty\u0144sk\u0105 literatur\u0119 patrystyczn\u0105 przykuwa pojawiaj\u0105ca si\u0119 w niej krytyka \u201ehelle\u0144skiej\u201d tradycji utrzymuj\u0105cej si\u0119 w \u017cyciu codziennym chrze\u015bcijan. Nawi\u0105zania do tej kwestii odnajdujemy przede wszystkim w kazaniach i homiliach. Ich autorzy, r\u00f3\u017cnorak\u0105 perswazj\u0105 pr\u00f3buj\u0105c wykorzeni\u0107 pewne praktyki z \u017cycia prywatnego swych wiernych, dyskredytuj\u0105 je, wskazuj\u0105c na ich \u201epoga\u0144skie\u201d pochodzenie, k\u0142amliwo\u015b\u0107, a przede wszystkim na fakt, \u017ce tkwienie w \u201ehelle\u0144skiej\u201d tradycji stoi w sprzeczno\u015bci z kanonami religii, kt\u00f3rej sta\u0142o si\u0119 wyznawcami.<\/p>\n<div id=\"gtx-trans\" style=\"position: absolute; left: -197px; top: -16.6px;\">\n<div class=\"gtx-trans-icon\"><\/div>\n<\/div>\n","protected":false},"featured_media":25090,"template":"","meta":{"_acf_changed":false},"journal":[],"rodzaj":[2602],"seria":[],"product_brand":[],"product_cat":[229,264],"product_tag":[1023],"class_list":{"0":"post-46120","1":"product","2":"type-product","3":"status-publish","4":"has-post-thumbnail","6":"rodzaj-ksiazki","7":"product_cat-historia","8":"product_cat-religioznawstwo","9":"product_tag-ireneusz-milewski","11":"first","12":"instock","13":"taxable","14":"shipping-taxable","15":"product-type-simple"},"acf":[],"_links":{"self":[{"href":"https:\/\/wydawnictwo.ug.edu.pl\/en\/wp-json\/wp\/v2\/product\/46120","targetHints":{"allow":["GET"]}}],"collection":[{"href":"https:\/\/wydawnictwo.ug.edu.pl\/en\/wp-json\/wp\/v2\/product"}],"about":[{"href":"https:\/\/wydawnictwo.ug.edu.pl\/en\/wp-json\/wp\/v2\/types\/product"}],"wp:featuredmedia":[{"embeddable":true,"href":"https:\/\/wydawnictwo.ug.edu.pl\/en\/wp-json\/wp\/v2\/media\/25090"}],"wp:attachment":[{"href":"https:\/\/wydawnictwo.ug.edu.pl\/en\/wp-json\/wp\/v2\/media?parent=46120"}],"wp:term":[{"taxonomy":"journal","embeddable":true,"href":"https:\/\/wydawnictwo.ug.edu.pl\/en\/wp-json\/wp\/v2\/journal?post=46120"},{"taxonomy":"rodzaj","embeddable":true,"href":"https:\/\/wydawnictwo.ug.edu.pl\/en\/wp-json\/wp\/v2\/rodzaj?post=46120"},{"taxonomy":"seria","embeddable":true,"href":"https:\/\/wydawnictwo.ug.edu.pl\/en\/wp-json\/wp\/v2\/seria?post=46120"},{"taxonomy":"product_brand","embeddable":true,"href":"https:\/\/wydawnictwo.ug.edu.pl\/en\/wp-json\/wp\/v2\/product_brand?post=46120"},{"taxonomy":"product_cat","embeddable":true,"href":"https:\/\/wydawnictwo.ug.edu.pl\/en\/wp-json\/wp\/v2\/product_cat?post=46120"},{"taxonomy":"product_tag","embeddable":true,"href":"https:\/\/wydawnictwo.ug.edu.pl\/en\/wp-json\/wp\/v2\/product_tag?post=46120"}],"curies":[{"name":"wp","href":"https:\/\/api.w.org\/{rel}","templated":true}]}}

ASEBEIA. Tradycja helleńska w życiu codziennym chrześcijan epoki wczesnobizantyńskiej. Tom I

<p>Uwagę czytelnika poznającego wczesnobizantyńską literaturę patrystyczną przykuwa pojawiająca się w niej krytyka „helleńskiej” tradycji utrzymującej się w życiu codziennym chrześcijan. Nawiązania do tej kwestii odnajdujemy przede wszystkim w kazaniach i homiliach. Ich autorzy, różnoraką perswazją próbując wykorzenić pewne praktyki z życia prywatnego swych wiernych, dyskredytują je, wskazując na ich „pogańskie” pochodzenie, kłamliwość, a przede wszystkim na fakt, że tkwienie w „helleńskiej” tradycji stoi w sprzeczności z kanonami religii, której stało się wyznawcami.</p>
<div id="gtx-trans" style="position: absolute; left: -197px; top: -16.6px;">
<div class="gtx-trans-icon"></div>
</div>
