{"id":46119,"date":"2023-07-14T11:18:38","date_gmt":"2023-07-14T11:18:38","guid":{"rendered":"https:\/\/wydawnictwo.ug.edu.pl\/ksiegarnia-online\/uncategorized\/bozena-porzynska-na-pieciolinii-zycia\/"},"modified":"2026-02-11T13:10:32","modified_gmt":"2026-02-11T13:10:32","slug":"bozena-porzynska-na-pieciolinii-zycia","status":"publish","type":"product","link":"https:\/\/wydawnictwo.ug.edu.pl\/en\/ksiegarnia-online\/biografie\/bozena-porzynska-na-pieciolinii-zycia\/","title":{"rendered":"Bo\u017cena Porzy\u0144ska \u2013 na pi\u0119ciolinii \u017cycia"},"content":{"rendered":"","protected":false},"excerpt":{"rendered":"<p style=\"text-align: justify;\">Monografia Barbary Forysiewicz stanowi artystyczn\u0105 biografi\u0119 tytu\u0142owej bohaterki, zdecydowanie jednak przekracza zwyk\u0142y wymiar biograficzny. Skomplikowana \u015bcie\u017cka kariery \u015bpiewaczki oraz spos\u00f3b jej usytuowania w okoliczno\u015bciach okre\u015blonych przez stosunki rodzinne i fakty historyczne pozwoli\u0142y nie tylko na scharakteryzowanie zale\u017cno\u015bci mi\u0119dzy indywidualn\u0105 biografi\u0105 i jej spo\u0142ecznym otoczeniem, lecz tak\u017ce na przedstawienie \u2013 niejako w soczewce \u2013 stosunk\u00f3w interpersonalnych oraz powi\u0105za\u0144 instytucjonalnych, kszta\u0142tuj\u0105cych wa\u017cny wymiar polskiej kultury muzycznej.<\/p>\n<p style=\"text-align: justify;\">Jako monografia biograficzna ksi\u0105\u017cka ta nie wyczerpuje si\u0119 w rekonstrukcji wydarze\u0144, ale przede wszystkim przynosi \u015bwiadectwo do\u015bwiadczenia biograficznego zogniskowanego wok\u00f3\u0142 jednej osoby: pog\u0142\u0119bion\u0105, osobist\u0105 relacj\u0119 o tym, jak pojedyncza osoba do\u015bwiadcza sztuki w konkretnym kontek\u015bcie spo\u0142ecznym, jak wizja tw\u00f3rczo\u015bci, przekonania religijne i spo\u0142eczne \u015bcieraj\u0105 si\u0119 z gr\u0105 relacji interpersonalnych, jak anonimowa zwykle si\u0142a instytucji i ju\u017c nieanonimowy splot czyich\u015b decyzji i postaw tworz\u0105 warunki, z kt\u00f3rymi trzeba sobie radzi\u0107 na gruncie artystycznym i osobistym. Nie chodzi wi\u0119c tylko o rekonstrukcj\u0119 \u201espo\u0142ecznej warstwy kultury muzycznej\u201d \u2013 by u\u017cy\u0107 precyzyjnego okre\u015blenia z zakresu antropologii muzyki \u2013 ale w pierwszym rz\u0119dzie o to, jak warstwa ta staje si\u0119 przedmiotem do\u015bwiadczenia unikalnej jednostki i jak jednostka wobec tego do\u015bwiadczenia si\u0119 formuje.<\/p>\n<p style=\"text-align: right;\">Z recenzji dr. hab. Krzysztofa Moraczewskiego, prof. UAM<\/p>\n<div id=\"gtx-trans\" style=\"position: absolute; left: -72px; top: -16.6px;\">\n<div class=\"gtx-trans-icon\"><\/div>\n<\/div>\n","protected":false},"featured_media":25095,"template":"","meta":{"_acf_changed":false},"journal":[],"rodzaj":[2602],"seria":[],"product_brand":[],"product_cat":[941],"product_tag":[500],"class_list":{"0":"post-46119","1":"product","2":"type-product","3":"status-publish","4":"has-post-thumbnail","6":"rodzaj-ksiazki","7":"product_cat-biografie","8":"product_tag-barbara-forysiewicz","10":"first","11":"instock","12":"taxable","13":"shipping-taxable","14":"product-type-simple"},"acf":[],"_links":{"self":[{"href":"https:\/\/wydawnictwo.ug.edu.pl\/en\/wp-json\/wp\/v2\/product\/46119","targetHints":{"allow":["GET"]}}],"collection":[{"href":"https:\/\/wydawnictwo.ug.edu.pl\/en\/wp-json\/wp\/v2\/product"}],"about":[{"href":"https:\/\/wydawnictwo.ug.edu.pl\/en\/wp-json\/wp\/v2\/types\/product"}],"wp:featuredmedia":[{"embeddable":true,"href":"https:\/\/wydawnictwo.ug.edu.pl\/en\/wp-json\/wp\/v2\/media\/25095"}],"wp:attachment":[{"href":"https:\/\/wydawnictwo.ug.edu.pl\/en\/wp-json\/wp\/v2\/media?parent=46119"}],"wp:term":[{"taxonomy":"journal","embeddable":true,"href":"https:\/\/wydawnictwo.ug.edu.pl\/en\/wp-json\/wp\/v2\/journal?post=46119"},{"taxonomy":"rodzaj","embeddable":true,"href":"https:\/\/wydawnictwo.ug.edu.pl\/en\/wp-json\/wp\/v2\/rodzaj?post=46119"},{"taxonomy":"seria","embeddable":true,"href":"https:\/\/wydawnictwo.ug.edu.pl\/en\/wp-json\/wp\/v2\/seria?post=46119"},{"taxonomy":"product_brand","embeddable":true,"href":"https:\/\/wydawnictwo.ug.edu.pl\/en\/wp-json\/wp\/v2\/product_brand?post=46119"},{"taxonomy":"product_cat","embeddable":true,"href":"https:\/\/wydawnictwo.ug.edu.pl\/en\/wp-json\/wp\/v2\/product_cat?post=46119"},{"taxonomy":"product_tag","embeddable":true,"href":"https:\/\/wydawnictwo.ug.edu.pl\/en\/wp-json\/wp\/v2\/product_tag?post=46119"}],"curies":[{"name":"wp","href":"https:\/\/api.w.org\/{rel}","templated":true}]}}

Bożena Porzyńska – na pięciolinii życia

<p style="text-align: justify;">Monografia Barbary Forysiewicz stanowi artystyczną biografię tytułowej bohaterki, zdecydowanie jednak przekracza zwykły wymiar biograficzny. Skomplikowana ścieżka kariery śpiewaczki oraz sposób jej usytuowania w okolicznościach określonych przez stosunki rodzinne i fakty historyczne pozwoliły nie tylko na scharakteryzowanie zależności między indywidualną biografią i jej społecznym otoczeniem, lecz także na przedstawienie – niejako w soczewce – stosunków interpersonalnych oraz powiązań instytucjonalnych, kształtujących ważny wymiar polskiej kultury muzycznej.</p>
<p style="text-align: justify;">Jako monografia biograficzna książka ta nie wyczerpuje się w rekonstrukcji wydarzeń, ale przede wszystkim przynosi świadectwo doświadczenia biograficznego zogniskowanego wokół jednej osoby: pogłębioną, osobistą relację o tym, jak pojedyncza osoba doświadcza sztuki w konkretnym kontekście społecznym, jak wizja twórczości, przekonania religijne i społeczne ścierają się z grą relacji interpersonalnych, jak anonimowa zwykle siła instytucji i już nieanonimowy splot czyichś decyzji i postaw tworzą warunki, z którymi trzeba sobie radzić na gruncie artystycznym i osobistym. Nie chodzi więc tylko o rekonstrukcję „społecznej warstwy kultury muzycznej” – by użyć precyzyjnego określenia z zakresu antropologii muzyki – ale w pierwszym rzędzie o to, jak warstwa ta staje się przedmiotem doświadczenia unikalnej jednostki i jak jednostka wobec tego doświadczenia się formuje.</p>
<p style="text-align: right;">Z recenzji dr. hab. Krzysztofa Moraczewskiego, prof. UAM</p>
<div id="gtx-trans" style="position: absolute; left: -72px; top: -16.6px;">
<div class="gtx-trans-icon"></div>
</div>
