{"id":46118,"date":"2023-07-21T08:28:13","date_gmt":"2023-07-21T08:28:13","guid":{"rendered":"https:\/\/wydawnictwo.ug.edu.pl\/ksiegarnia-online\/uncategorized\/dostepnosc-transportowa-portow-morskich-w-polsce\/"},"modified":"2026-02-11T13:10:25","modified_gmt":"2026-02-11T13:10:25","slug":"dostepnosc-transportowa-portow-morskich-w-polsce","status":"publish","type":"product","link":"https:\/\/wydawnictwo.ug.edu.pl\/en\/ksiegarnia-online\/ekonomia\/dostepnosc-transportowa-portow-morskich-w-polsce\/","title":{"rendered":"Dost\u0119pno\u015b\u0107 transportowa port\u00f3w morskich w Polsce"},"content":{"rendered":"","protected":false},"excerpt":{"rendered":"<p class=\"x_elementToProof x_ContentPasted1\">Aktualny poziom dost\u0119pno\u015bci do port\u00f3w morskich w Polsce ogranicza ich potencja\u0142 rozwojowy i konkurencyjno\u015b\u0107 wzgl\u0119dem port\u00f3w zagranicznych. Wykorzystuj\u0105c wyniki prowadzonych bada\u0144, autorzy staraj\u0105 si\u0119 okre\u015bli\u0107 kierunki rozwoju infrastruktury portowej, kt\u00f3ra wp\u0142ynie na podniesienie poziomu konkurencyjno\u015bci port\u00f3w morskich w Polsce.<\/p>\n<div class=\"x_elementToProof x_ContentPasted1\">\n<p class=\"x_ContentPasted1\">Publikacja skierowana jest do podmiot\u00f3w odpowiedzialnych za rozw\u00f3j i wzmacnianie potencja\u0142u infrastruktury dost\u0119powej na zapleczu port\u00f3w oraz od strony morza. Zainteresowa\u0107 si\u0119 ni\u0105 mog\u0105 tak\u017ce studenci logistyki oraz kierunk\u00f3w zwi\u0105zanych z zagadnieniami transportu i port\u00f3w morskich.<\/p>\n<\/div>\n","protected":false},"featured_media":25126,"template":"","meta":{"_acf_changed":false},"journal":[],"rodzaj":[7074],"seria":[],"product_brand":[],"product_cat":[6934,6977],"product_tag":[7567,7568,7649],"class_list":{"0":"post-46118","1":"product","2":"type-product","3":"status-publish","4":"has-post-thumbnail","6":"rodzaj-ksiazki","7":"product_cat-ekonomia","8":"product_cat-geografia-spoleczno-ekonomiczna","9":"product_tag-hanna-klimek","10":"product_tag-janusz-dabrowski","11":"product_tag-ryszard-rolbiecki","13":"first","14":"instock","15":"taxable","16":"shipping-taxable","17":"purchasable","18":"product-type-simple"},"acf":[],"_links":{"self":[{"href":"https:\/\/wydawnictwo.ug.edu.pl\/en\/wp-json\/wp\/v2\/product\/46118","targetHints":{"allow":["GET"]}}],"collection":[{"href":"https:\/\/wydawnictwo.ug.edu.pl\/en\/wp-json\/wp\/v2\/product"}],"about":[{"href":"https:\/\/wydawnictwo.ug.edu.pl\/en\/wp-json\/wp\/v2\/types\/product"}],"wp:featuredmedia":[{"embeddable":true,"href":"https:\/\/wydawnictwo.ug.edu.pl\/en\/wp-json\/wp\/v2\/media\/25126"}],"wp:attachment":[{"href":"https:\/\/wydawnictwo.ug.edu.pl\/en\/wp-json\/wp\/v2\/media?parent=46118"}],"wp:term":[{"taxonomy":"journal","embeddable":true,"href":"https:\/\/wydawnictwo.ug.edu.pl\/en\/wp-json\/wp\/v2\/journal?post=46118"},{"taxonomy":"rodzaj","embeddable":true,"href":"https:\/\/wydawnictwo.ug.edu.pl\/en\/wp-json\/wp\/v2\/rodzaj?post=46118"},{"taxonomy":"seria","embeddable":true,"href":"https:\/\/wydawnictwo.ug.edu.pl\/en\/wp-json\/wp\/v2\/seria?post=46118"},{"taxonomy":"product_brand","embeddable":true,"href":"https:\/\/wydawnictwo.ug.edu.pl\/en\/wp-json\/wp\/v2\/product_brand?post=46118"},{"taxonomy":"product_cat","embeddable":true,"href":"https:\/\/wydawnictwo.ug.edu.pl\/en\/wp-json\/wp\/v2\/product_cat?post=46118"},{"taxonomy":"product_tag","embeddable":true,"href":"https:\/\/wydawnictwo.ug.edu.pl\/en\/wp-json\/wp\/v2\/product_tag?post=46118"}],"curies":[{"name":"wp","href":"https:\/\/api.w.org\/{rel}","templated":true}]}}

Dostępność transportowa portów morskich w Polsce

<p class="x_elementToProof x_ContentPasted1">Aktualny poziom dostępności do portów morskich w Polsce ogranicza ich potencjał rozwojowy i konkurencyjność względem portów zagranicznych. Wykorzystując wyniki prowadzonych badań, autorzy starają się określić kierunki rozwoju infrastruktury portowej, która wpłynie na podniesienie poziomu konkurencyjności portów morskich w Polsce.</p>
<div class="x_elementToProof x_ContentPasted1">
<p class="x_ContentPasted1">Publikacja skierowana jest do podmiotów odpowiedzialnych za rozwój i wzmacnianie potencjału infrastruktury dostępowej na zapleczu portów oraz od strony morza. Zainteresować się nią mogą także studenci logistyki oraz kierunków związanych z zagadnieniami transportu i portów morskich.</p>
</div>
