{"id":46104,"date":"2023-09-22T09:31:30","date_gmt":"2023-09-22T09:31:30","guid":{"rendered":"https:\/\/wydawnictwo.ug.edu.pl\/ksiegarnia-online\/uncategorized\/richard-wagner-et-sa-reception-en-france-volume-4-chronique-dun-nouvel-age-dor-1919-1939\/"},"modified":"2026-02-11T13:09:50","modified_gmt":"2026-02-11T13:09:50","slug":"richard-wagner-et-sa-reception-en-france-volume-4-chronique-dun-nouvel-age-dor-1919-1939","status":"publish","type":"product","link":"https:\/\/wydawnictwo.ug.edu.pl\/en\/ksiegarnia-online\/biografie\/richard-wagner-et-sa-reception-en-france-volume-4-chronique-dun-nouvel-age-dor-1919-1939\/","title":{"rendered":"Richard Wagner et sa r\u00e9ception en France. Volume 4 \u2013 Chronique d\u2019un nouvel \u00e2ge d\u2019or (1919-1939)"},"content":{"rendered":"","protected":false},"excerpt":{"rendered":"<p>En 1920 et en 1921, les \u0153uvres de Wagner, bannies des sc\u00e8nes lyriques fran\u00e7aises pendant la Premi\u00e8re guerre mondiale, commenc\u00e8rent de repara\u00eetre \u00e0 l\u2019affiche, d\u2019abord en province, puis dans la capitale. Le 8 avril 1920, le Grand-Th\u00e9\u00e2tre de Lyon donna la premi\u00e8re repr\u00e9sentation wagn\u00e9rienne en France apr\u00e8s la guerre. A l\u2019affiche, cette soir\u00e9e-l\u00e0, on trouvait <em>La Walkyrie<\/em>. A en croire L\u00e9on Vallas, le doyen de la critique musicale lyonnaise, cette reprise d\u2019une \u0153uvre de Wagner fut loin d\u2019\u00eatre parfaite. Et, en marge de ses remarques sur cette repr\u00e9sentation, Vallas \u00e9voquait, avec nostalgie, la Belle \u00c9poque Wagn\u00e9rienne, l\u2019\u00e2ge d\u2019or, que, selon lui, les Fran\u00e7ais ne reverraient plus: \u00ab Nous ne reverrons plus le temps que nous avons connu avant la guerre. Pour les spectacles lyriques comme pour le reste, la roue a tourn\u00e9: l\u2019utilitarisme \u00e0 outrance est ennemi de l\u2019art et de la musique; l\u2019avant- guerre est un temps fabuleux qui, chaque jour davantage, nous appara\u00eetra comme un lointain \u00e2ge d\u2019or, et nous pourrons \u00e0 tout propos reprendre et prolonger des plaintes navrantes et inutiles dont la rentr\u00e9e de Wagner et la reprise de <em>la Valkyrie<\/em> nous ont fourni, cette semaine, une occeasion \u00e9clatante et lamentable. \u00bb (<em>Le Salut public<\/em>, n\u00ba 100,10 avril 1920, p. 3).<\/p>\n<p>En achevant \u2013 avec le pr\u00e9sent volume, sous-titr\u00e9 d\u2019une mani\u00e8re significative <em>Chronique d\u2019 nouvel \u00e2ge d\u2019or<\/em> (1919-1939) \u2013 son exploration \u00abhercul\u00e9enne\u00bb (selon l\u2019expression de Pascal Bouteldja, Pr\u00e9sident du Cercle Richard Wagner \u2013 Lyon, reprise par Beno\u00eet Fauchet, critique musical de <em>Diapason<\/em>) de la r\u00e9ception de Richard Wagner en France, Micha\u0142 Piotr Mrozowicki, professeur de litt\u00e9rature fran\u00e7aise \u00e0 l\u2019Universit\u00e9 de Gda\u0144sk, cherche \u00e0 d\u00e9montrer que le pessimisme du grand musicologue lyonnais ne fut pas justifi\u00e9 et que l\u2019\u00e9poque qui, au moment o\u00f9 Vallas prit la parole, commen\u00e7ait \u00e0 peine, t\u00e9n\u00e9breuse \u2013 il est vrai \u2013 du point de vue politique, consid\u00e9r\u00e9e uniquement sous son aspect artistique, wagn\u00e9rien n\u2019avait rien \u00e0 envier \u00e0 la Belle \u00c9poque \u00e9tudi\u00e9e pr\u00e9c\u00e9demment.<\/p>\n<p>*<\/p>\n<p>Ksi\u0105\u017cka stanowi ostatnie, czwarte ogniwo cyklu po\u015bwi\u0119conego recepcji Wagnera we Francji w latach 1839-1939. Poprzednie tomy ukaza\u0142y si\u0119 w Wydawnictwie Uniwersytetu Gda\u0144skiego (<em>Richard Wagner et sa r\u00e9ception en France \u2013 Le Musicien de l\u2019avenir 1813-1883<\/em>, Gda\u0144sk 2013) i we francuskim wydawnictwie Sym\u00e9trie (<em>Richard Wagner et sa r\u00e9ception en France \u2013 Du ressentiment \u00e0 l\u2019enthousiasme 1883-1893 vol. 1 La Plume<\/em>; <em>vol. 2 La Baguette<\/em>, Lyon 2016 oraz <em>Richard Wagner et sa r\u00e9ception en France \u2013 La Belle Epoque 1893-1914<\/em>, Lyon 2020).<\/p>\n<p>Dotyczy recepcji Wagnera we Francji w latach mi\u0119dzywojennych (1919-1939). Wagner za \u017cycia nie potrafi\u0142 przekona\u0107 do swej sztuki wi\u0119kszo\u015bci krytyk\u00f3w muzycznych i meloman\u00f3w francuskich, czego najlepszym symbolem by\u0142a kl\u0119ska jego opery Tannh\u00e4user w Operze Paryskiej. Utwory Wagnera &#8211; jego opery i dramaty muzyczne, powodzenie odnios\u0142y we Francji dopiero kilka lat po jego \u015bmierci, w dobie tzw. Belle Epoque (w latach 1891-1914), gdy zdecydowanie zdominowa\u0142y repertuar pierwszej sceny operowej Pary\u017ca, Palais Garnier i innych francuskich scen lirycznych.<\/p>\n<p><a href=\"https:\/\/www.asopera.fr\/articles\/2780\/richard-wagner-et-sa-reception-en-france-chronique-d-un-nouvel-age-d-or-1919-1939-volume-4\">Recenzja ksi\u0105\u017cki<\/a> w czasopi\u015bmie \u201eL&#8217;Avant-Sc\u00e8ne \u2013 Op\u00e9ra\u201d autorstwa Pierre&#8217;a Flinois (15 stycznia 2024).<\/p>\n","protected":false},"featured_media":25636,"template":"","meta":{"_acf_changed":false},"journal":[],"rodzaj":[2602],"seria":[],"product_brand":[],"product_cat":[941],"product_tag":[2338],"class_list":{"0":"post-46104","1":"product","2":"type-product","3":"status-publish","4":"has-post-thumbnail","6":"rodzaj-ksiazki","7":"product_cat-biografie","8":"product_tag-michal-piotr-mrozowicki","10":"first","11":"instock","12":"taxable","13":"shipping-taxable","14":"purchasable","15":"product-type-simple"},"acf":[],"_links":{"self":[{"href":"https:\/\/wydawnictwo.ug.edu.pl\/en\/wp-json\/wp\/v2\/product\/46104","targetHints":{"allow":["GET"]}}],"collection":[{"href":"https:\/\/wydawnictwo.ug.edu.pl\/en\/wp-json\/wp\/v2\/product"}],"about":[{"href":"https:\/\/wydawnictwo.ug.edu.pl\/en\/wp-json\/wp\/v2\/types\/product"}],"wp:featuredmedia":[{"embeddable":true,"href":"https:\/\/wydawnictwo.ug.edu.pl\/en\/wp-json\/wp\/v2\/media\/25636"}],"wp:attachment":[{"href":"https:\/\/wydawnictwo.ug.edu.pl\/en\/wp-json\/wp\/v2\/media?parent=46104"}],"wp:term":[{"taxonomy":"journal","embeddable":true,"href":"https:\/\/wydawnictwo.ug.edu.pl\/en\/wp-json\/wp\/v2\/journal?post=46104"},{"taxonomy":"rodzaj","embeddable":true,"href":"https:\/\/wydawnictwo.ug.edu.pl\/en\/wp-json\/wp\/v2\/rodzaj?post=46104"},{"taxonomy":"seria","embeddable":true,"href":"https:\/\/wydawnictwo.ug.edu.pl\/en\/wp-json\/wp\/v2\/seria?post=46104"},{"taxonomy":"product_brand","embeddable":true,"href":"https:\/\/wydawnictwo.ug.edu.pl\/en\/wp-json\/wp\/v2\/product_brand?post=46104"},{"taxonomy":"product_cat","embeddable":true,"href":"https:\/\/wydawnictwo.ug.edu.pl\/en\/wp-json\/wp\/v2\/product_cat?post=46104"},{"taxonomy":"product_tag","embeddable":true,"href":"https:\/\/wydawnictwo.ug.edu.pl\/en\/wp-json\/wp\/v2\/product_tag?post=46104"}],"curies":[{"name":"wp","href":"https:\/\/api.w.org\/{rel}","templated":true}]}}

Richard Wagner et sa réception en France. Volume 4 – Chronique d’un nouvel âge d’or (1919-1939)

<p>En 1920 et en 1921, les œuvres de Wagner, bannies des scènes lyriques françaises pendant la Première guerre mondiale, commencèrent de reparaître à l’affiche, d’abord en province, puis dans la capitale. Le 8 avril 1920, le Grand-Théâtre de Lyon donna la première représentation wagnérienne en France après la guerre. A l’affiche, cette soirée-là, on trouvait <em>La Walkyrie</em>. A en croire Léon Vallas, le doyen de la critique musicale lyonnaise, cette reprise d’une œuvre de Wagner fut loin d’être parfaite. Et, en marge de ses remarques sur cette représentation, Vallas évoquait, avec nostalgie, la Belle Époque Wagnérienne, l’âge d’or, que, selon lui, les Français ne reverraient plus: « Nous ne reverrons plus le temps que nous avons connu avant la guerre. Pour les spectacles lyriques comme pour le reste, la roue a tourné: l’utilitarisme à outrance est ennemi de l’art et de la musique; l’avant- guerre est un temps fabuleux qui, chaque jour davantage, nous apparaîtra comme un lointain âge d’or, et nous pourrons à tout propos reprendre et prolonger des plaintes navrantes et inutiles dont la rentrée de Wagner et la reprise de <em>la Valkyrie</em> nous ont fourni, cette semaine, une occeasion éclatante et lamentable. » (<em>Le Salut public</em>, nº 100,10 avril 1920, p. 3).</p>
<p>En achevant – avec le présent volume, sous-titré d’une manière significative <em>Chronique d’ nouvel âge d’or</em> (1919-1939) – son exploration «herculéenne» (selon l’expression de Pascal Bouteldja, Président du Cercle Richard Wagner – Lyon, reprise par Benoît Fauchet, critique musical de <em>Diapason</em>) de la réception de Richard Wagner en France, Michał Piotr Mrozowicki, professeur de littérature française à l’Université de Gdańsk, cherche à démontrer que le pessimisme du grand musicologue lyonnais ne fut pas justifié et que l’époque qui, au moment où Vallas prit la parole, commençait à peine, ténébreuse – il est vrai – du point de vue politique, considérée uniquement sous son aspect artistique, wagnérien n’avait rien à envier à la Belle Époque étudiée précédemment.</p>
<p>*</p>
<p>Książka stanowi ostatnie, czwarte ogniwo cyklu poświęconego recepcji Wagnera we Francji w latach 1839-1939. Poprzednie tomy ukazały się w Wydawnictwie Uniwersytetu Gdańskiego (<em>Richard Wagner et sa réception en France – Le Musicien de l’avenir 1813-1883</em>, Gdańsk 2013) i we francuskim wydawnictwie Symétrie (<em>Richard Wagner et sa réception en France – Du ressentiment à l’enthousiasme 1883-1893 vol. 1 La Plume</em>; <em>vol. 2 La Baguette</em>, Lyon 2016 oraz <em>Richard Wagner et sa réception en France – La Belle Epoque 1893-1914</em>, Lyon 2020).</p>
<p>Dotyczy recepcji Wagnera we Francji w latach międzywojennych (1919-1939). Wagner za życia nie potrafił przekonać do swej sztuki większości krytyków muzycznych i melomanów francuskich, czego najlepszym symbolem była klęska jego opery Tannhäuser w Operze Paryskiej. Utwory Wagnera &#8211; jego opery i dramaty muzyczne, powodzenie odniosły we Francji dopiero kilka lat po jego śmierci, w dobie tzw. Belle Epoque (w latach 1891-1914), gdy zdecydowanie zdominowały repertuar pierwszej sceny operowej Paryża, Palais Garnier i innych francuskich scen lirycznych.</p>
<p><a href="https://www.asopera.fr/articles/2780/richard-wagner-et-sa-reception-en-france-chronique-d-un-nouvel-age-d-or-1919-1939-volume-4">Recenzja książki</a> w czasopiśmie „L&#8217;Avant-Scène – Opéra” autorstwa Pierre&#8217;a Flinois (15 stycznia 2024).</p>
