{"id":46100,"date":"2023-10-02T08:28:41","date_gmt":"2023-10-02T08:28:41","guid":{"rendered":"https:\/\/wydawnictwo.ug.edu.pl\/ksiegarnia-online\/uncategorized\/zabytki-nieruchome-w-rekach-prywatnych\/"},"modified":"2026-02-11T13:08:22","modified_gmt":"2026-02-11T13:08:22","slug":"zabytki-nieruchome-w-rekach-prywatnych","status":"publish","type":"product","link":"https:\/\/wydawnictwo.ug.edu.pl\/en\/ksiegarnia-online\/prawo-i-administracja\/zabytki-nieruchome-w-rekach-prywatnych\/","title":{"rendered":"Zabytki nieruchome w r\u0119kach prywatnych"},"content":{"rendered":"","protected":false},"excerpt":{"rendered":"<p>\u201eMamy tu do czynienia z prac\u0105 problemow\u0105, w kt\u00f3rej konfrontuje si\u0119 z jednej strony skuteczno\u015b\u0107 ochrony zabytk\u00f3w (interes spo\u0142eczny) z potrzebami ich dysponent\u00f3w, czyli w\u0142a\u015bcicieli lub posiadaczy (interes indywidualny). Ju\u017c takie uj\u0119cie problemu sprawia, \u017ce ca\u0142o\u015b\u0107 narracji wpisuje si\u0119 w najbardziej aktualne i problematyczne zagadnienie prawa ochrony dziedzictwa kultury w szczeg\u00f3lno\u015bci, a kwesti\u0119 wsp\u00f3\u0142czesnych demokratycznych pa\u0144stw prawa w og\u00f3lno\u015bci\u201d.<\/p>\n<p style=\"text-align: right;\">z recenzji prof. dr. hab. Kamila Zeidlera<\/p>\n<p style=\"text-align: left;\">\u201ePodj\u0119t\u0105 przez Autork\u0119 skomplikowan\u0105 problematyk\u0119 \u0142\u00f3dzkich zabytk\u00f3w od strony trudnych relacji mi\u0119dzy w\u0142a\u015bcicielem\/inwestorem i projektantem a s\u0142u\u017cbami konserwatorskimi uwa\u017cam za niezwykle wa\u017cn\u0105 [\u2026]. Autorka prezentuje przypadki, kt\u00f3re mia\u0142y miejsce przed niewielu laty, a emocje ich dotycz\u0105ce nie zawsze jeszcze wygas\u0142y, co jest interesuj\u0105ce i z pewno\u015bci\u0105 warto\u015bciowe [\u2026]. Ksi\u0105\u017cka ta ma charakter wr\u0119cz pionierski!\u201d<\/p>\n<p style=\"text-align: right;\">z recenzji dr. hab. in\u017c. arch. Jana Salma, prof. P\u0141<\/p>\n<p>Publikacja dofinansowana przez Narodowy Instytut Dziedzictwa.<\/p>\n<p><img decoding=\"async\" class=\"alignnone wp-image-25593\" src=\"https:\/\/wydawnictwo.ug.edu.pl\/wp-content\/uploads\/2023\/07\/05_znak_uproszczony_kolor_biale_tlo_RGB-1024x288.png\" alt=\"\" width=\"150\" height=\"42\" srcset=\"https:\/\/wydawnictwo.ug.edu.pl\/wp-content\/uploads\/2023\/07\/05_znak_uproszczony_kolor_biale_tlo_RGB-1024x288.png 1024w, https:\/\/wydawnictwo.ug.edu.pl\/wp-content\/uploads\/2023\/07\/05_znak_uproszczony_kolor_biale_tlo_RGB-600x169.png 600w, https:\/\/wydawnictwo.ug.edu.pl\/wp-content\/uploads\/2023\/07\/05_znak_uproszczony_kolor_biale_tlo_RGB-300x84.png 300w, https:\/\/wydawnictwo.ug.edu.pl\/wp-content\/uploads\/2023\/07\/05_znak_uproszczony_kolor_biale_tlo_RGB-768x216.png 768w, https:\/\/wydawnictwo.ug.edu.pl\/wp-content\/uploads\/2023\/07\/05_znak_uproszczony_kolor_biale_tlo_RGB-1536x432.png 1536w, https:\/\/wydawnictwo.ug.edu.pl\/wp-content\/uploads\/2023\/07\/05_znak_uproszczony_kolor_biale_tlo_RGB-640x180.png 640w, https:\/\/wydawnictwo.ug.edu.pl\/wp-content\/uploads\/2023\/07\/05_znak_uproszczony_kolor_biale_tlo_RGB-400x113.png 400w, https:\/\/wydawnictwo.ug.edu.pl\/wp-content\/uploads\/2023\/07\/05_znak_uproszczony_kolor_biale_tlo_RGB.png 1600w\" sizes=\"(max-width: 150px) 100vw, 150px\" \/><img decoding=\"async\" class=\"alignnone wp-image-25734\" src=\"https:\/\/wydawnictwo.ug.edu.pl\/wp-content\/uploads\/2023\/07\/nid-3-1-1024x535.png\" alt=\"\" width=\"92\" height=\"48\" srcset=\"https:\/\/wydawnictwo.ug.edu.pl\/wp-content\/uploads\/2023\/07\/nid-3-1-1024x535.png 1024w, https:\/\/wydawnictwo.ug.edu.pl\/wp-content\/uploads\/2023\/07\/nid-3-1-600x314.png 600w, https:\/\/wydawnictwo.ug.edu.pl\/wp-content\/uploads\/2023\/07\/nid-3-1-300x157.png 300w, https:\/\/wydawnictwo.ug.edu.pl\/wp-content\/uploads\/2023\/07\/nid-3-1-768x401.png 768w, https:\/\/wydawnictwo.ug.edu.pl\/wp-content\/uploads\/2023\/07\/nid-3-1-640x334.png 640w, https:\/\/wydawnictwo.ug.edu.pl\/wp-content\/uploads\/2023\/07\/nid-3-1-400x209.png 400w, https:\/\/wydawnictwo.ug.edu.pl\/wp-content\/uploads\/2023\/07\/nid-3-1-450x231.png 450w, https:\/\/wydawnictwo.ug.edu.pl\/wp-content\/uploads\/2023\/07\/nid-3-1.png 1200w\" sizes=\"(max-width: 92px) 100vw, 92px\" \/><\/p>\n","protected":false},"featured_media":25751,"template":"","meta":{"_acf_changed":false},"journal":[],"rodzaj":[2602,2604],"seria":[6739],"product_brand":[],"product_cat":[232],"product_tag":[2345],"class_list":{"0":"post-46100","1":"product","2":"type-product","3":"status-publish","4":"has-post-thumbnail","6":"rodzaj-ksiazki","7":"rodzaj-serie-wydawnicze","8":"seria-biblioteka-prawa-ochrony-zabytkow","9":"product_cat-prawo-i-administracja","10":"product_tag-katarzyna-schatt-babinska","12":"first","13":"instock","14":"taxable","15":"shipping-taxable","16":"purchasable","17":"product-type-simple"},"acf":[],"_links":{"self":[{"href":"https:\/\/wydawnictwo.ug.edu.pl\/en\/wp-json\/wp\/v2\/product\/46100","targetHints":{"allow":["GET"]}}],"collection":[{"href":"https:\/\/wydawnictwo.ug.edu.pl\/en\/wp-json\/wp\/v2\/product"}],"about":[{"href":"https:\/\/wydawnictwo.ug.edu.pl\/en\/wp-json\/wp\/v2\/types\/product"}],"wp:featuredmedia":[{"embeddable":true,"href":"https:\/\/wydawnictwo.ug.edu.pl\/en\/wp-json\/wp\/v2\/media\/25751"}],"wp:attachment":[{"href":"https:\/\/wydawnictwo.ug.edu.pl\/en\/wp-json\/wp\/v2\/media?parent=46100"}],"wp:term":[{"taxonomy":"journal","embeddable":true,"href":"https:\/\/wydawnictwo.ug.edu.pl\/en\/wp-json\/wp\/v2\/journal?post=46100"},{"taxonomy":"rodzaj","embeddable":true,"href":"https:\/\/wydawnictwo.ug.edu.pl\/en\/wp-json\/wp\/v2\/rodzaj?post=46100"},{"taxonomy":"seria","embeddable":true,"href":"https:\/\/wydawnictwo.ug.edu.pl\/en\/wp-json\/wp\/v2\/seria?post=46100"},{"taxonomy":"product_brand","embeddable":true,"href":"https:\/\/wydawnictwo.ug.edu.pl\/en\/wp-json\/wp\/v2\/product_brand?post=46100"},{"taxonomy":"product_cat","embeddable":true,"href":"https:\/\/wydawnictwo.ug.edu.pl\/en\/wp-json\/wp\/v2\/product_cat?post=46100"},{"taxonomy":"product_tag","embeddable":true,"href":"https:\/\/wydawnictwo.ug.edu.pl\/en\/wp-json\/wp\/v2\/product_tag?post=46100"}],"curies":[{"name":"wp","href":"https:\/\/api.w.org\/{rel}","templated":true}]}}

Zabytki nieruchome w rękach prywatnych

<p>„Mamy tu do czynienia z pracą problemową, w której konfrontuje się z jednej strony skuteczność ochrony zabytków (interes społeczny) z potrzebami ich dysponentów, czyli właścicieli lub posiadaczy (interes indywidualny). Już takie ujęcie problemu sprawia, że całość narracji wpisuje się w najbardziej aktualne i problematyczne zagadnienie prawa ochrony dziedzictwa kultury w szczególności, a kwestię współczesnych demokratycznych państw prawa w ogólności”.</p>
<p style="text-align: right;">z recenzji prof. dr. hab. Kamila Zeidlera</p>
<p style="text-align: left;">„Podjętą przez Autorkę skomplikowaną problematykę łódzkich zabytków od strony trudnych relacji między właścicielem/inwestorem i projektantem a służbami konserwatorskimi uważam za niezwykle ważną […]. Autorka prezentuje przypadki, które miały miejsce przed niewielu laty, a emocje ich dotyczące nie zawsze jeszcze wygasły, co jest interesujące i z pewnością wartościowe […]. Książka ta ma charakter wręcz pionierski!”</p>
<p style="text-align: right;">z recenzji dr. hab. inż. arch. Jana Salma, prof. PŁ</p>
<p>Publikacja dofinansowana przez Narodowy Instytut Dziedzictwa.</p>
<p><img decoding="async" class="alignnone wp-image-25593" src="https://wydawnictwo.ug.edu.pl/wp-content/uploads/2023/07/05_znak_uproszczony_kolor_biale_tlo_RGB-1024x288.png" alt="" width="150" height="42" srcset="https://wydawnictwo.ug.edu.pl/wp-content/uploads/2023/07/05_znak_uproszczony_kolor_biale_tlo_RGB-1024x288.png 1024w, https://wydawnictwo.ug.edu.pl/wp-content/uploads/2023/07/05_znak_uproszczony_kolor_biale_tlo_RGB-600x169.png 600w, https://wydawnictwo.ug.edu.pl/wp-content/uploads/2023/07/05_znak_uproszczony_kolor_biale_tlo_RGB-300x84.png 300w, https://wydawnictwo.ug.edu.pl/wp-content/uploads/2023/07/05_znak_uproszczony_kolor_biale_tlo_RGB-768x216.png 768w, https://wydawnictwo.ug.edu.pl/wp-content/uploads/2023/07/05_znak_uproszczony_kolor_biale_tlo_RGB-1536x432.png 1536w, https://wydawnictwo.ug.edu.pl/wp-content/uploads/2023/07/05_znak_uproszczony_kolor_biale_tlo_RGB-640x180.png 640w, https://wydawnictwo.ug.edu.pl/wp-content/uploads/2023/07/05_znak_uproszczony_kolor_biale_tlo_RGB-400x113.png 400w, https://wydawnictwo.ug.edu.pl/wp-content/uploads/2023/07/05_znak_uproszczony_kolor_biale_tlo_RGB.png 1600w" sizes="(max-width: 150px) 100vw, 150px" /><img decoding="async" class="alignnone wp-image-25734" src="https://wydawnictwo.ug.edu.pl/wp-content/uploads/2023/07/nid-3-1-1024x535.png" alt="" width="92" height="48" srcset="https://wydawnictwo.ug.edu.pl/wp-content/uploads/2023/07/nid-3-1-1024x535.png 1024w, https://wydawnictwo.ug.edu.pl/wp-content/uploads/2023/07/nid-3-1-600x314.png 600w, https://wydawnictwo.ug.edu.pl/wp-content/uploads/2023/07/nid-3-1-300x157.png 300w, https://wydawnictwo.ug.edu.pl/wp-content/uploads/2023/07/nid-3-1-768x401.png 768w, https://wydawnictwo.ug.edu.pl/wp-content/uploads/2023/07/nid-3-1-640x334.png 640w, https://wydawnictwo.ug.edu.pl/wp-content/uploads/2023/07/nid-3-1-400x209.png 400w, https://wydawnictwo.ug.edu.pl/wp-content/uploads/2023/07/nid-3-1-450x231.png 450w, https://wydawnictwo.ug.edu.pl/wp-content/uploads/2023/07/nid-3-1.png 1200w" sizes="(max-width: 92px) 100vw, 92px" /></p>
