{"id":46099,"date":"2023-10-03T05:44:56","date_gmt":"2023-10-03T05:44:56","guid":{"rendered":"https:\/\/wydawnictwo.ug.edu.pl\/ksiegarnia-online\/uncategorized\/wlasnosc-powiernicza-dobr-kultury-jako-element-nowego-modelu-zarzadzania-dziedzictwem-kultury\/"},"modified":"2026-02-11T13:08:22","modified_gmt":"2026-02-11T13:08:22","slug":"wlasnosc-powiernicza-dobr-kultury-jako-element-nowego-modelu-zarzadzania-dziedzictwem-kultury","status":"publish","type":"product","link":"https:\/\/wydawnictwo.ug.edu.pl\/en\/ksiegarnia-online\/prawo-i-administracja\/wlasnosc-powiernicza-dobr-kultury-jako-element-nowego-modelu-zarzadzania-dziedzictwem-kultury\/","title":{"rendered":"W\u0142asno\u015b\u0107 powiernicza d\u00f3br kultury jako element nowego modelu zarz\u0105dzania dziedzictwem kultury"},"content":{"rendered":"","protected":false},"excerpt":{"rendered":"<p>\u201eAutor trafnie podaje w w\u0105tpliwo\u015b\u0107, czy aktualny system ochrony zabytk\u00f3w funkcjonuj\u0105cy w polskim porz\u0105dku prawnym jest dostatecznie efektywny, by odpowiednio zabezpieczy\u0107 i zachowa\u0107 materialne wyrazy dziedzictwa, kt\u00f3rych dynamicznie przyrasta. Diagnozuje on najwa\u017cniejsze zjawiska zwi\u0105zane z dziedzictwem kultury i jego ochron\u0105, znajduje i opisuje wszystko, co istotne \u2013 szczeg\u00f3lnie donios\u0142e jest ukazanie dziedzictwa kultury przez pryzmat idei dobra wsp\u00f3lnego\u201d.<\/p>\n<p style=\"text-align: right;\">z\u00a0recenzji prof. dr. hab. Kamila Zeidlera<\/p>\n<p>\u201eNie ulega w\u0105tpliwo\u015bci, \u017ce recenzowana praca jest pierwszym od wielu lat opracowaniem, w kt\u00f3rym w konkretny spos\u00f3b przedstawiono mo\u017cliwe zmniejszenie udzia\u0142u norm administracyjnoprawnych na rzecz cywilnoprawnych poprzez zaproponowanie konkretnych rozwi\u0105za\u0144 i instytucji. W ten spos\u00f3b ksi\u0105\u017cka wype\u0142nia niew\u0105tpliwie luk\u0119, kt\u00f3ra powsta\u0142a w literaturze tematu, b\u0119d\u0105c tym samym niezwykle pomocn\u0105 i cenn\u0105 pozycj\u0105 w pi\u015bmiennictwie\u201d.<\/p>\n<p style=\"text-align: right;\">z\u00a0recenzji dr hab. Katarzyny Zalasi\u0144skiej<\/p>\n<p>&nbsp;<\/p>\n<p style=\"text-align: left;\">Ksi\u0105\u017cka ukaza\u0142a si\u0119 w serii wydawniczej <a href=\"\/?product_cat=biblioteka-prawa-ochrony-zabytkow\">Biblioteka Prawa Ochrony Zabytk\u00f3w<\/a>.<\/p>\n<p style=\"text-align: left;\">Publikacja dofinansowana przez Narodowy Instytut Dziedzictwa.<\/p>\n<p style=\"text-align: left;\"><img decoding=\"async\" class=\"wp-image-25593 alignleft\" src=\"https:\/\/wydawnictwo.ug.edu.pl\/wp-content\/uploads\/2023\/07\/05_znak_uproszczony_kolor_biale_tlo_RGB-1024x288.png\" alt=\"\" width=\"163\" height=\"46\" srcset=\"https:\/\/wydawnictwo.ug.edu.pl\/wp-content\/uploads\/2023\/07\/05_znak_uproszczony_kolor_biale_tlo_RGB-1024x288.png 1024w, https:\/\/wydawnictwo.ug.edu.pl\/wp-content\/uploads\/2023\/07\/05_znak_uproszczony_kolor_biale_tlo_RGB-600x169.png 600w, https:\/\/wydawnictwo.ug.edu.pl\/wp-content\/uploads\/2023\/07\/05_znak_uproszczony_kolor_biale_tlo_RGB-300x84.png 300w, https:\/\/wydawnictwo.ug.edu.pl\/wp-content\/uploads\/2023\/07\/05_znak_uproszczony_kolor_biale_tlo_RGB-768x216.png 768w, https:\/\/wydawnictwo.ug.edu.pl\/wp-content\/uploads\/2023\/07\/05_znak_uproszczony_kolor_biale_tlo_RGB-1536x432.png 1536w, https:\/\/wydawnictwo.ug.edu.pl\/wp-content\/uploads\/2023\/07\/05_znak_uproszczony_kolor_biale_tlo_RGB-640x180.png 640w, https:\/\/wydawnictwo.ug.edu.pl\/wp-content\/uploads\/2023\/07\/05_znak_uproszczony_kolor_biale_tlo_RGB-400x113.png 400w, https:\/\/wydawnictwo.ug.edu.pl\/wp-content\/uploads\/2023\/07\/05_znak_uproszczony_kolor_biale_tlo_RGB.png 1600w\" sizes=\"(max-width: 163px) 100vw, 163px\" \/><img decoding=\"async\" class=\"wp-image-25734 alignleft\" src=\"https:\/\/wydawnictwo.ug.edu.pl\/wp-content\/uploads\/2023\/07\/nid-3-1-1024x535.png\" alt=\"\" width=\"112\" height=\"59\" srcset=\"https:\/\/wydawnictwo.ug.edu.pl\/wp-content\/uploads\/2023\/07\/nid-3-1-1024x535.png 1024w, https:\/\/wydawnictwo.ug.edu.pl\/wp-content\/uploads\/2023\/07\/nid-3-1-600x314.png 600w, https:\/\/wydawnictwo.ug.edu.pl\/wp-content\/uploads\/2023\/07\/nid-3-1-300x157.png 300w, https:\/\/wydawnictwo.ug.edu.pl\/wp-content\/uploads\/2023\/07\/nid-3-1-768x401.png 768w, https:\/\/wydawnictwo.ug.edu.pl\/wp-content\/uploads\/2023\/07\/nid-3-1-640x334.png 640w, https:\/\/wydawnictwo.ug.edu.pl\/wp-content\/uploads\/2023\/07\/nid-3-1-400x209.png 400w, https:\/\/wydawnictwo.ug.edu.pl\/wp-content\/uploads\/2023\/07\/nid-3-1.png 1200w\" sizes=\"(max-width: 112px) 100vw, 112px\" \/><\/p>\n","protected":false},"featured_media":25771,"template":"","meta":{"_acf_changed":false},"journal":[],"rodzaj":[7074,7077,7076],"seria":[7078],"product_brand":[],"product_cat":[6939,6932],"product_tag":[7635],"class_list":{"0":"post-46099","1":"product","2":"type-product","3":"status-publish","4":"has-post-thumbnail","6":"rodzaj-ksiazki","7":"rodzaj-czasopismo","8":"rodzaj-serie-wydawnicze","9":"seria-biblioteka-prawa-ochrony-zabytkow","10":"product_cat-sztuka","11":"product_cat-prawo-i-administracja","12":"product_tag-piotr-lasikpiotr-lasik","14":"first","15":"instock","16":"taxable","17":"shipping-taxable","18":"purchasable","19":"product-type-simple"},"acf":[],"_links":{"self":[{"href":"https:\/\/wydawnictwo.ug.edu.pl\/en\/wp-json\/wp\/v2\/product\/46099","targetHints":{"allow":["GET"]}}],"collection":[{"href":"https:\/\/wydawnictwo.ug.edu.pl\/en\/wp-json\/wp\/v2\/product"}],"about":[{"href":"https:\/\/wydawnictwo.ug.edu.pl\/en\/wp-json\/wp\/v2\/types\/product"}],"wp:featuredmedia":[{"embeddable":true,"href":"https:\/\/wydawnictwo.ug.edu.pl\/en\/wp-json\/wp\/v2\/media\/25771"}],"wp:attachment":[{"href":"https:\/\/wydawnictwo.ug.edu.pl\/en\/wp-json\/wp\/v2\/media?parent=46099"}],"wp:term":[{"taxonomy":"journal","embeddable":true,"href":"https:\/\/wydawnictwo.ug.edu.pl\/en\/wp-json\/wp\/v2\/journal?post=46099"},{"taxonomy":"rodzaj","embeddable":true,"href":"https:\/\/wydawnictwo.ug.edu.pl\/en\/wp-json\/wp\/v2\/rodzaj?post=46099"},{"taxonomy":"seria","embeddable":true,"href":"https:\/\/wydawnictwo.ug.edu.pl\/en\/wp-json\/wp\/v2\/seria?post=46099"},{"taxonomy":"product_brand","embeddable":true,"href":"https:\/\/wydawnictwo.ug.edu.pl\/en\/wp-json\/wp\/v2\/product_brand?post=46099"},{"taxonomy":"product_cat","embeddable":true,"href":"https:\/\/wydawnictwo.ug.edu.pl\/en\/wp-json\/wp\/v2\/product_cat?post=46099"},{"taxonomy":"product_tag","embeddable":true,"href":"https:\/\/wydawnictwo.ug.edu.pl\/en\/wp-json\/wp\/v2\/product_tag?post=46099"}],"curies":[{"name":"wp","href":"https:\/\/api.w.org\/{rel}","templated":true}]}}

Własność powiernicza dóbr kultury jako element nowego modelu zarządzania dziedzictwem kultury

<p>„Autor trafnie podaje w wątpliwość, czy aktualny system ochrony zabytków funkcjonujący w polskim porządku prawnym jest dostatecznie efektywny, by odpowiednio zabezpieczyć i zachować materialne wyrazy dziedzictwa, których dynamicznie przyrasta. Diagnozuje on najważniejsze zjawiska związane z dziedzictwem kultury i jego ochroną, znajduje i opisuje wszystko, co istotne – szczególnie doniosłe jest ukazanie dziedzictwa kultury przez pryzmat idei dobra wspólnego”.</p>
<p style="text-align: right;">z recenzji prof. dr. hab. Kamila Zeidlera</p>
<p>„Nie ulega wątpliwości, że recenzowana praca jest pierwszym od wielu lat opracowaniem, w którym w konkretny sposób przedstawiono możliwe zmniejszenie udziału norm administracyjnoprawnych na rzecz cywilnoprawnych poprzez zaproponowanie konkretnych rozwiązań i instytucji. W ten sposób książka wypełnia niewątpliwie lukę, która powstała w literaturze tematu, będąc tym samym niezwykle pomocną i cenną pozycją w piśmiennictwie”.</p>
<p style="text-align: right;">z recenzji dr hab. Katarzyny Zalasińskiej</p>
<p>&nbsp;</p>
<p style="text-align: left;">Książka ukazała się w serii wydawniczej <a href="/?product_cat=biblioteka-prawa-ochrony-zabytkow">Biblioteka Prawa Ochrony Zabytków</a>.</p>
<p style="text-align: left;">Publikacja dofinansowana przez Narodowy Instytut Dziedzictwa.</p>
<p style="text-align: left;"><img decoding="async" class="wp-image-25593 alignleft" src="https://wydawnictwo.ug.edu.pl/wp-content/uploads/2023/07/05_znak_uproszczony_kolor_biale_tlo_RGB-1024x288.png" alt="" width="163" height="46" srcset="https://wydawnictwo.ug.edu.pl/wp-content/uploads/2023/07/05_znak_uproszczony_kolor_biale_tlo_RGB-1024x288.png 1024w, https://wydawnictwo.ug.edu.pl/wp-content/uploads/2023/07/05_znak_uproszczony_kolor_biale_tlo_RGB-600x169.png 600w, https://wydawnictwo.ug.edu.pl/wp-content/uploads/2023/07/05_znak_uproszczony_kolor_biale_tlo_RGB-300x84.png 300w, https://wydawnictwo.ug.edu.pl/wp-content/uploads/2023/07/05_znak_uproszczony_kolor_biale_tlo_RGB-768x216.png 768w, https://wydawnictwo.ug.edu.pl/wp-content/uploads/2023/07/05_znak_uproszczony_kolor_biale_tlo_RGB-1536x432.png 1536w, https://wydawnictwo.ug.edu.pl/wp-content/uploads/2023/07/05_znak_uproszczony_kolor_biale_tlo_RGB-640x180.png 640w, https://wydawnictwo.ug.edu.pl/wp-content/uploads/2023/07/05_znak_uproszczony_kolor_biale_tlo_RGB-400x113.png 400w, https://wydawnictwo.ug.edu.pl/wp-content/uploads/2023/07/05_znak_uproszczony_kolor_biale_tlo_RGB.png 1600w" sizes="(max-width: 163px) 100vw, 163px" /><img decoding="async" class="wp-image-25734 alignleft" src="https://wydawnictwo.ug.edu.pl/wp-content/uploads/2023/07/nid-3-1-1024x535.png" alt="" width="112" height="59" srcset="https://wydawnictwo.ug.edu.pl/wp-content/uploads/2023/07/nid-3-1-1024x535.png 1024w, https://wydawnictwo.ug.edu.pl/wp-content/uploads/2023/07/nid-3-1-600x314.png 600w, https://wydawnictwo.ug.edu.pl/wp-content/uploads/2023/07/nid-3-1-300x157.png 300w, https://wydawnictwo.ug.edu.pl/wp-content/uploads/2023/07/nid-3-1-768x401.png 768w, https://wydawnictwo.ug.edu.pl/wp-content/uploads/2023/07/nid-3-1-640x334.png 640w, https://wydawnictwo.ug.edu.pl/wp-content/uploads/2023/07/nid-3-1-400x209.png 400w, https://wydawnictwo.ug.edu.pl/wp-content/uploads/2023/07/nid-3-1.png 1200w" sizes="(max-width: 112px) 100vw, 112px" /></p>
