{"id":46087,"date":"2023-11-08T10:32:57","date_gmt":"2023-11-08T10:32:57","guid":{"rendered":"https:\/\/wydawnictwo.ug.edu.pl\/ksiegarnia-online\/uncategorized\/arcywrogowie-antropologiczne-komentarze-do-sklepow-cynamonowych-brunona-schulza\/"},"modified":"2026-02-11T13:07:40","modified_gmt":"2026-02-11T13:07:40","slug":"arcywrogowie-antropologiczne-komentarze-do-sklepow-cynamonowych-brunona-schulza","status":"publish","type":"product","link":"https:\/\/wydawnictwo.ug.edu.pl\/en\/ksiegarnia-online\/literaturoznawstwo\/arcywrogowie-antropologiczne-komentarze-do-sklepow-cynamonowych-brunona-schulza\/","title":{"rendered":"Arcywrogowie. Antropologiczne komentarze do Sklep\u00f3w cynamonowych Brunona Schulza"},"content":{"rendered":"","protected":false},"excerpt":{"rendered":"<p>Konkluduj\u0105c moje uwagi na temat prozy Brunona Schulza, musz\u0119 wyzna\u0107, \u017ce nie mam pewno\u015bci, czy dowiod\u0142em hipotezy badawczej zwi\u0105zanej z matriarchalno-patriarchalnym antagonizmem, kt\u00f3ra bez w\u0105tpienia pojawia si\u0119 w toku mojej lektury. Mog\u0119 tylko zadeklarowa\u0107, \u017ce czyta\u0142em drohobyckiego autora z uwag\u0105, skrupulatnie \u2013 s\u0142owem, pozwoli\u0142em mu w pe\u0142ni si\u0119 wypowiedzie\u0107, a jego komunikat zosta\u0142 przeze mnie przyj\u0119ty. Jednak owa bierna, pasywna, receptywna postawa nie by\u0142a jedyn\u0105 form\u0105 mojego uczestnictwa w lekturze. Ka\u017cde zdanie, ka\u017cdy akapit Schulzowskiego komunikatu motywowa\u0142 mnie do udzielenia mu odpowiedzi, do w\u0142asnej wypowiedzi, do komentarza. W\u0142a\u015bnie w tym paradoksalnym zespoleniu postawy pasywno-s\u0142uchaj\u0105cej z aktywnie komentuj\u0105c\u0105 doszukuj\u0119 si\u0119 sensowno\u015bci mojej pracy.<\/p>\n<p>Od staro\u017cytno\u015bci wiemy, \u017ce ten schemat jest fundamentalnym modelem rozwoju my\u015bli. Grecy nazwali ten schemat dialektyk\u0105. To w\u0142a\u015bnie ona w takim stopniu zdynamizowa\u0142a procesy my\u015blowe, przede wszystkim utorowa\u0142a drog\u0119 fenomenowi, kt\u00f3ry dzi\u015b wyznacza horyzont naszej ziemskiej i pozaziemskiej egzystencji. Owym horyzontem jest oczywi\u015bcie stworzony za po\u015brednictwem my\u015bli model \u015bwiata wyra\u017cany przez nauk\u0119. I w tym sensie nic w moich dociekaniach nie wysz\u0142o poza ramy tego modelu.<\/p>\n<p style=\"text-align: right;\">z Zako\u0144czenia<\/p>\n","protected":false},"featured_media":26593,"template":"","meta":{"_acf_changed":false},"journal":[],"rodzaj":[7074],"seria":[],"product_brand":[],"product_cat":[6925],"product_tag":[7625],"class_list":{"0":"post-46087","1":"product","2":"type-product","3":"status-publish","4":"has-post-thumbnail","6":"rodzaj-ksiazki","7":"product_cat-literaturoznawstwo","8":"product_tag-marcin-calbecki","10":"first","11":"instock","12":"taxable","13":"shipping-taxable","14":"purchasable","15":"product-type-simple"},"acf":[],"_links":{"self":[{"href":"https:\/\/wydawnictwo.ug.edu.pl\/en\/wp-json\/wp\/v2\/product\/46087","targetHints":{"allow":["GET"]}}],"collection":[{"href":"https:\/\/wydawnictwo.ug.edu.pl\/en\/wp-json\/wp\/v2\/product"}],"about":[{"href":"https:\/\/wydawnictwo.ug.edu.pl\/en\/wp-json\/wp\/v2\/types\/product"}],"wp:featuredmedia":[{"embeddable":true,"href":"https:\/\/wydawnictwo.ug.edu.pl\/en\/wp-json\/wp\/v2\/media\/26593"}],"wp:attachment":[{"href":"https:\/\/wydawnictwo.ug.edu.pl\/en\/wp-json\/wp\/v2\/media?parent=46087"}],"wp:term":[{"taxonomy":"journal","embeddable":true,"href":"https:\/\/wydawnictwo.ug.edu.pl\/en\/wp-json\/wp\/v2\/journal?post=46087"},{"taxonomy":"rodzaj","embeddable":true,"href":"https:\/\/wydawnictwo.ug.edu.pl\/en\/wp-json\/wp\/v2\/rodzaj?post=46087"},{"taxonomy":"seria","embeddable":true,"href":"https:\/\/wydawnictwo.ug.edu.pl\/en\/wp-json\/wp\/v2\/seria?post=46087"},{"taxonomy":"product_brand","embeddable":true,"href":"https:\/\/wydawnictwo.ug.edu.pl\/en\/wp-json\/wp\/v2\/product_brand?post=46087"},{"taxonomy":"product_cat","embeddable":true,"href":"https:\/\/wydawnictwo.ug.edu.pl\/en\/wp-json\/wp\/v2\/product_cat?post=46087"},{"taxonomy":"product_tag","embeddable":true,"href":"https:\/\/wydawnictwo.ug.edu.pl\/en\/wp-json\/wp\/v2\/product_tag?post=46087"}],"curies":[{"name":"wp","href":"https:\/\/api.w.org\/{rel}","templated":true}]}}

Arcywrogowie. Antropologiczne komentarze do Sklepów cynamonowych Brunona Schulza

<p>Konkludując moje uwagi na temat prozy Brunona Schulza, muszę wyznać, że nie mam pewności, czy dowiodłem hipotezy badawczej związanej z matriarchalno-patriarchalnym antagonizmem, która bez wątpienia pojawia się w toku mojej lektury. Mogę tylko zadeklarować, że czytałem drohobyckiego autora z uwagą, skrupulatnie – słowem, pozwoliłem mu w pełni się wypowiedzieć, a jego komunikat został przeze mnie przyjęty. Jednak owa bierna, pasywna, receptywna postawa nie była jedyną formą mojego uczestnictwa w lekturze. Każde zdanie, każdy akapit Schulzowskiego komunikatu motywował mnie do udzielenia mu odpowiedzi, do własnej wypowiedzi, do komentarza. Właśnie w tym paradoksalnym zespoleniu postawy pasywno-słuchającej z aktywnie komentującą doszukuję się sensowności mojej pracy.</p>
<p>Od starożytności wiemy, że ten schemat jest fundamentalnym modelem rozwoju myśli. Grecy nazwali ten schemat dialektyką. To właśnie ona w takim stopniu zdynamizowała procesy myślowe, przede wszystkim utorowała drogę fenomenowi, który dziś wyznacza horyzont naszej ziemskiej i pozaziemskiej egzystencji. Owym horyzontem jest oczywiście stworzony za pośrednictwem myśli model świata wyrażany przez naukę. I w tym sensie nic w moich dociekaniach nie wyszło poza ramy tego modelu.</p>
<p style="text-align: right;">z Zakończenia</p>
