{"id":46084,"date":"2024-05-18T09:50:49","date_gmt":"2024-05-18T09:50:49","guid":{"rendered":"https:\/\/wydawnictwo.ug.edu.pl\/ksiegarnia-online\/uncategorized\/mariawici-i-mariawityzm-w-swietle-prasy-krolestwa-polskiego-w-latach-1906-1915\/"},"modified":"2026-02-11T12:41:27","modified_gmt":"2026-02-11T12:41:27","slug":"mariawici-i-mariawityzm-w-swietle-prasy-krolestwa-polskiego-w-latach-1906-1915","status":"publish","type":"product","link":"https:\/\/wydawnictwo.ug.edu.pl\/en\/ksiegarnia-online\/historia\/mariawici-i-mariawityzm-w-swietle-prasy-krolestwa-polskiego-w-latach-1906-1915\/","title":{"rendered":"Mariawici i mariawityzm w \u015bwietle prasy Kr\u00f3lestwa Polskiego w latach 1906-1915"},"content":{"rendered":"","protected":false},"excerpt":{"rendered":"<p>Ksi\u0105\u017cka Patryka Zieli\u0144skiego jest oryginalnym studium, dotycz\u0105cym genezy i pierwszych lat rozwoju ruchu mariawickiego, w kt\u00f3rych praca stanowi \u201etrzon bazy \u017ar\u00f3d\u0142owej\u201d, z jednej strony odzwierciedlaj\u0105c \u00f3wczesne opinie, pogl\u0105dy i emocje, a z drugiej za\u015b b\u0119d\u0105c ich zaanga\u017cowan\u0105 propagatork\u0105. Autor doskonale uzasadni\u0142 tez\u0119, \u017ce sprawa mariawicka sw\u00f3j rozg\u0142os zawdzi\u0119cza\u0142a w znacznym stopniu w\u0142a\u015bnie temu rozwijaj\u0105cemu si\u0119 wtedy niebywale dynamicznie \u2013 pomimo cenzury i innych represji zaborcy \u2013 medium. Tezie tej towarzyszy\u0142a hipoteza badawcza, \u017ce analizowanie prasy daje mo\u017cliwo\u015b\u0107 badania nastroj\u00f3w spo\u0142ecznych i zainteresowa\u0144 jej odbiorc\u00f3w, a tak\u017ce mechanizm\u00f3w sterowania nimi.<\/p>\n<p style=\"text-align: right;\"><em>Z recenzji ks. prof. dr. hab. Henryka Seweryniaka<\/em><\/p>\n<p>Autor w niniejszej publikacji zgromadzi\u0142 bardzo bogaty materia\u0142 \u017ar\u00f3d\u0142owy, kt\u00f3ry podda\u0142 umiej\u0119tnej krytyce i przekonuj\u0105co zaprezentowa\u0142, wykazuj\u0105c opanowanie warsztatu badawczego historyka w wysokim stopniu. Co wi\u0119cej, przedstawi\u0142 te\u017c pomys\u0142owe i dobrze uj\u0119te interpretacje i wnioski, kt\u00f3re nie budz\u0105 \u017cadnych w\u0105tpliwo\u015bci. Zdo\u0142a\u0142 w spos\u00f3b istotny powi\u0119kszy\u0107 nasz\u0105 wiedz\u0119 nie tylko na temat mariawityzmu i prasy polskiej w ostatnich latach przed pierwsz\u0105 wojn\u0105 \u015bwiatow\u0105, lecz r\u00f3wnie\u017c o spo\u0142ecze\u0144stwo polskim i opinii publicznej w tym okresie, a tak\u017ce o polityce rosyjskiej wobec ziem polskich i Polak\u00f3w.<\/p>\n<p style=\"text-align: right;\"><em>Z recenzji prof. dr. hab. Andrzeja Szwarca<\/em><\/p>\n","protected":false},"featured_media":29058,"template":"","meta":{"_acf_changed":false},"journal":[],"rodzaj":[7074],"seria":[],"product_brand":[],"product_cat":[6958],"product_tag":[7622],"class_list":{"0":"post-46084","1":"product","2":"type-product","3":"status-publish","4":"has-post-thumbnail","6":"rodzaj-ksiazki","7":"product_cat-historia","8":"product_tag-patryk-zielinski","10":"first","11":"outofstock","12":"taxable","13":"shipping-taxable","14":"purchasable","15":"product-type-simple"},"acf":[],"_links":{"self":[{"href":"https:\/\/wydawnictwo.ug.edu.pl\/en\/wp-json\/wp\/v2\/product\/46084","targetHints":{"allow":["GET"]}}],"collection":[{"href":"https:\/\/wydawnictwo.ug.edu.pl\/en\/wp-json\/wp\/v2\/product"}],"about":[{"href":"https:\/\/wydawnictwo.ug.edu.pl\/en\/wp-json\/wp\/v2\/types\/product"}],"wp:featuredmedia":[{"embeddable":true,"href":"https:\/\/wydawnictwo.ug.edu.pl\/en\/wp-json\/wp\/v2\/media\/29058"}],"wp:attachment":[{"href":"https:\/\/wydawnictwo.ug.edu.pl\/en\/wp-json\/wp\/v2\/media?parent=46084"}],"wp:term":[{"taxonomy":"journal","embeddable":true,"href":"https:\/\/wydawnictwo.ug.edu.pl\/en\/wp-json\/wp\/v2\/journal?post=46084"},{"taxonomy":"rodzaj","embeddable":true,"href":"https:\/\/wydawnictwo.ug.edu.pl\/en\/wp-json\/wp\/v2\/rodzaj?post=46084"},{"taxonomy":"seria","embeddable":true,"href":"https:\/\/wydawnictwo.ug.edu.pl\/en\/wp-json\/wp\/v2\/seria?post=46084"},{"taxonomy":"product_brand","embeddable":true,"href":"https:\/\/wydawnictwo.ug.edu.pl\/en\/wp-json\/wp\/v2\/product_brand?post=46084"},{"taxonomy":"product_cat","embeddable":true,"href":"https:\/\/wydawnictwo.ug.edu.pl\/en\/wp-json\/wp\/v2\/product_cat?post=46084"},{"taxonomy":"product_tag","embeddable":true,"href":"https:\/\/wydawnictwo.ug.edu.pl\/en\/wp-json\/wp\/v2\/product_tag?post=46084"}],"curies":[{"name":"wp","href":"https:\/\/api.w.org\/{rel}","templated":true}]}}

Mariawici i mariawityzm w świetle prasy Królestwa Polskiego w latach 1906-1915

<p>Książka Patryka Zielińskiego jest oryginalnym studium, dotyczącym genezy i pierwszych lat rozwoju ruchu mariawickiego, w których praca stanowi „trzon bazy źródłowej”, z jednej strony odzwierciedlając ówczesne opinie, poglądy i emocje, a z drugiej zaś będąc ich zaangażowaną propagatorką. Autor doskonale uzasadnił tezę, że sprawa mariawicka swój rozgłos zawdzięczała w znacznym stopniu właśnie temu rozwijającemu się wtedy niebywale dynamicznie – pomimo cenzury i innych represji zaborcy – medium. Tezie tej towarzyszyła hipoteza badawcza, że analizowanie prasy daje możliwość badania nastrojów społecznych i zainteresowań jej odbiorców, a także mechanizmów sterowania nimi.</p>
<p style="text-align: right;"><em>Z recenzji ks. prof. dr. hab. Henryka Seweryniaka</em></p>
<p>Autor w niniejszej publikacji zgromadził bardzo bogaty materiał źródłowy, który poddał umiejętnej krytyce i przekonująco zaprezentował, wykazując opanowanie warsztatu badawczego historyka w wysokim stopniu. Co więcej, przedstawił też pomysłowe i dobrze ujęte interpretacje i wnioski, które nie budzą żadnych wątpliwości. Zdołał w sposób istotny powiększyć naszą wiedzę nie tylko na temat mariawityzmu i prasy polskiej w ostatnich latach przed pierwszą wojną światową, lecz również o społeczeństwo polskim i opinii publicznej w tym okresie, a także o polityce rosyjskiej wobec ziem polskich i Polaków.</p>
<p style="text-align: right;"><em>Z recenzji prof. dr. hab. Andrzeja Szwarca</em></p>
