{"id":46074,"date":"2024-07-07T11:09:02","date_gmt":"2024-07-07T11:09:02","guid":{"rendered":"https:\/\/wydawnictwo.ug.edu.pl\/ksiegarnia-online\/uncategorized\/uwarunkowania-przeplywow-uslug-biznesowych-na-rynku-wewnetrznym-unii-europejskiej\/"},"modified":"2026-02-11T12:41:01","modified_gmt":"2026-02-11T12:41:01","slug":"uwarunkowania-przeplywow-uslug-biznesowych-na-rynku-wewnetrznym-unii-europejskiej","status":"publish","type":"product","link":"https:\/\/wydawnictwo.ug.edu.pl\/en\/ksiegarnia-online\/ekonomia\/uwarunkowania-przeplywow-uslug-biznesowych-na-rynku-wewnetrznym-unii-europejskiej\/","title":{"rendered":"Uwarunkowania przep\u0142yw\u00f3w us\u0142ug biznesowych na rynku wewn\u0119trznym Unii Europejskiej"},"content":{"rendered":"","protected":false},"excerpt":{"rendered":"<p style=\"text-align: left;\">Przedstawiona praca jest istotna merytorycznie zar\u00f3wno od strony poznawczej, jak i praktycznej dla cel\u00f3w polityki gospodarczej. Porusza wa\u017cny, a jednocze\u015bnie wci\u0105\u017c ma\u0142o zbadany temat trudno\u015bci zwi\u0105zanych z integracj\u0105 rynku us\u0142ug oraz efektywno\u015bci dzia\u0142a\u0144 podejmowanych w tym obszarze w odniesieniu do wa\u017cnej grupy us\u0142ug, kt\u00f3r\u0105 s\u0105 us\u0142ugi biznesowe.<\/p>\n<p style=\"text-align: right;\"><em>Z recenzji dr hab. Joanny Wyszkowskiej-Kuny, prof. U\u0141<\/em><\/p>\n<p style=\"text-align: left;\">Zaprezentowane w publikacji wyniki przeprowadzonych bada\u0144 uzupe\u0142niaj\u0105 wiedz\u0119 o stopniu realizacji swobody \u015bwiadczenia us\u0142ug w Unii Europejskiej, regulacjach oraz o przep\u0142ywach us\u0142ug biznesowych, b\u0119d\u0105cych istotn\u0105 cz\u0119\u015bci\u0105 us\u0142ug \u015bwiadczonych na rynku wewn\u0119trznym Unii.<\/p>\n<p style=\"text-align: right;\"><em>Z recenzji prof. dr hab. Ewy Ma\u0142uszy\u0144skiej<\/em><\/p>\n<p>&nbsp;<\/p>\n","protected":false},"featured_media":29472,"template":"","meta":{"_acf_changed":false},"journal":[],"rodzaj":[2602],"seria":[],"product_brand":[],"product_cat":[266],"product_tag":[1059],"class_list":{"0":"post-46074","1":"product","2":"type-product","3":"status-publish","4":"has-post-thumbnail","6":"rodzaj-ksiazki","7":"product_cat-ekonomia","8":"product_tag-joanna-stefaniak","10":"first","11":"instock","12":"taxable","13":"shipping-taxable","14":"purchasable","15":"product-type-simple"},"acf":[],"_links":{"self":[{"href":"https:\/\/wydawnictwo.ug.edu.pl\/en\/wp-json\/wp\/v2\/product\/46074","targetHints":{"allow":["GET"]}}],"collection":[{"href":"https:\/\/wydawnictwo.ug.edu.pl\/en\/wp-json\/wp\/v2\/product"}],"about":[{"href":"https:\/\/wydawnictwo.ug.edu.pl\/en\/wp-json\/wp\/v2\/types\/product"}],"wp:featuredmedia":[{"embeddable":true,"href":"https:\/\/wydawnictwo.ug.edu.pl\/en\/wp-json\/wp\/v2\/media\/29472"}],"wp:attachment":[{"href":"https:\/\/wydawnictwo.ug.edu.pl\/en\/wp-json\/wp\/v2\/media?parent=46074"}],"wp:term":[{"taxonomy":"journal","embeddable":true,"href":"https:\/\/wydawnictwo.ug.edu.pl\/en\/wp-json\/wp\/v2\/journal?post=46074"},{"taxonomy":"rodzaj","embeddable":true,"href":"https:\/\/wydawnictwo.ug.edu.pl\/en\/wp-json\/wp\/v2\/rodzaj?post=46074"},{"taxonomy":"seria","embeddable":true,"href":"https:\/\/wydawnictwo.ug.edu.pl\/en\/wp-json\/wp\/v2\/seria?post=46074"},{"taxonomy":"product_brand","embeddable":true,"href":"https:\/\/wydawnictwo.ug.edu.pl\/en\/wp-json\/wp\/v2\/product_brand?post=46074"},{"taxonomy":"product_cat","embeddable":true,"href":"https:\/\/wydawnictwo.ug.edu.pl\/en\/wp-json\/wp\/v2\/product_cat?post=46074"},{"taxonomy":"product_tag","embeddable":true,"href":"https:\/\/wydawnictwo.ug.edu.pl\/en\/wp-json\/wp\/v2\/product_tag?post=46074"}],"curies":[{"name":"wp","href":"https:\/\/api.w.org\/{rel}","templated":true}]}}

Uwarunkowania przepływów usług biznesowych na rynku wewnętrznym Unii Europejskiej

<p style="text-align: left;">Przedstawiona praca jest istotna merytorycznie zarówno od strony poznawczej, jak i praktycznej dla celów polityki gospodarczej. Porusza ważny, a jednocześnie wciąż mało zbadany temat trudności związanych z integracją rynku usług oraz efektywności działań podejmowanych w tym obszarze w odniesieniu do ważnej grupy usług, którą są usługi biznesowe.</p>
<p style="text-align: right;"><em>Z recenzji dr hab. Joanny Wyszkowskiej-Kuny, prof. UŁ</em></p>
<p style="text-align: left;">Zaprezentowane w publikacji wyniki przeprowadzonych badań uzupełniają wiedzę o stopniu realizacji swobody świadczenia usług w Unii Europejskiej, regulacjach oraz o przepływach usług biznesowych, będących istotną częścią usług świadczonych na rynku wewnętrznym Unii.</p>
<p style="text-align: right;"><em>Z recenzji prof. dr hab. Ewy Małuszyńskiej</em></p>
<p>&nbsp;</p>
