{"id":46073,"date":"2024-07-07T11:48:50","date_gmt":"2024-07-07T11:48:50","guid":{"rendered":"https:\/\/wydawnictwo.ug.edu.pl\/ksiegarnia-online\/uncategorized\/wyprawa-michala-kleofasa-oginskiego-do-wschodniej-kurlandii-i-na-dyneburg-w-1794-roku\/"},"modified":"2026-02-11T12:41:00","modified_gmt":"2026-02-11T12:41:00","slug":"wyprawa-michala-kleofasa-oginskiego-do-wschodniej-kurlandii-i-na-dyneburg-w-1794-roku","status":"publish","type":"product","link":"https:\/\/wydawnictwo.ug.edu.pl\/en\/ksiegarnia-online\/historia\/wyprawa-michala-kleofasa-oginskiego-do-wschodniej-kurlandii-i-na-dyneburg-w-1794-roku\/","title":{"rendered":"Wyprawa Micha\u0142a Kleofasa Ogi\u0144skiego do wschodniej Kurlandii i na Dyneburg w 1794 roku"},"content":{"rendered":"","protected":false},"excerpt":{"rendered":"<p>Niniejsza publikacja (\u2026) ma charakter niew\u0105tpliwie prze\u0142omowy. (\u2026) Autor zdo\u0142a\u0142 wykorzysta\u0107 rozkazy i raporty dow\u00f3dc\u00f3w wojskowych oraz korespondencj\u0119 urz\u0119dow\u0105 przedstawicieli administracji rosyjskiej r\u00f3\u017cnych szczebli, a tak\u017ce przej\u0119te przez stron\u0119 rosyjsk\u0105 dokumenty dow\u00f3dc\u00f3w powsta\u0144czych. (\u2026) Ich drobiazgowa konfrontacja z innymi \u017ar\u00f3d\u0142ami oraz wcze\u015bniejszymi ustaleniami zosta\u0142a przeprowadzona w spos\u00f3b bardzo umiej\u0119tny, \u015bwiadcz\u0105cy o doskona\u0142ym opanowaniu warsztatu naukowego historyka, widocznym szczeg\u00f3lnie w pomys\u0142owym stosowaniu metody krytycznej. Doprowadzi\u0142o to do weryfikacji niekt\u00f3rych mylnych konstatacji i cz\u0119\u015bciowego przynajmniej potwierdzenia innych, w pe\u0142ni zgodnych z rzeczywisto\u015bci\u0105. Za bardzo cenne nale\u017cy uzna\u0107 przekonuj\u0105ce poprawki w chronologii wydarze\u0144 oraz krytyczne analizy liczebno\u015bci oddzia\u0142\u00f3w powsta\u0144czych, przeszacowywanej z regu\u0142y zar\u00f3wno w niekt\u00f3rych \u017ar\u00f3d\u0142ach, jak i w dawniejszych opracowaniach.<\/p>\n<p>Ksi\u0105\u017cka Arkadiusza Janickiego wpisuje si\u0119 w nowoczesn\u0105 histori\u0119 wojskowo\u015bci. (\u2026) Warto r\u00f3wnie\u017c zwr\u00f3ci\u0107 uwag\u0119 na niew\u0105tpliwe zas\u0142ugi Autora w przywracaniu pami\u0119ci o nieznanych lub zapomnianych dow\u00f3dcach powsta\u0144czych z p\u00f3\u0142nocnych powiat\u00f3w Wielkiego Ksi\u0119stwa Litewskiego.<\/p>\n<p style=\"text-align: right;\"><em>Z recenzji prof. dr. hab. Andrzeja Szwarca<\/em><\/p>\n","protected":false},"featured_media":29418,"template":"","meta":{"_acf_changed":false},"journal":[],"rodzaj":[2602],"seria":[],"product_brand":[],"product_cat":[6958],"product_tag":[708],"class_list":{"0":"post-46073","1":"product","2":"type-product","3":"status-publish","4":"has-post-thumbnail","6":"rodzaj-ksiazki","7":"product_cat-historia","8":"product_tag-arkadiusz-janicki","10":"first","11":"instock","12":"taxable","13":"shipping-taxable","14":"purchasable","15":"product-type-simple"},"acf":[],"_links":{"self":[{"href":"https:\/\/wydawnictwo.ug.edu.pl\/en\/wp-json\/wp\/v2\/product\/46073","targetHints":{"allow":["GET"]}}],"collection":[{"href":"https:\/\/wydawnictwo.ug.edu.pl\/en\/wp-json\/wp\/v2\/product"}],"about":[{"href":"https:\/\/wydawnictwo.ug.edu.pl\/en\/wp-json\/wp\/v2\/types\/product"}],"wp:featuredmedia":[{"embeddable":true,"href":"https:\/\/wydawnictwo.ug.edu.pl\/en\/wp-json\/wp\/v2\/media\/29418"}],"wp:attachment":[{"href":"https:\/\/wydawnictwo.ug.edu.pl\/en\/wp-json\/wp\/v2\/media?parent=46073"}],"wp:term":[{"taxonomy":"journal","embeddable":true,"href":"https:\/\/wydawnictwo.ug.edu.pl\/en\/wp-json\/wp\/v2\/journal?post=46073"},{"taxonomy":"rodzaj","embeddable":true,"href":"https:\/\/wydawnictwo.ug.edu.pl\/en\/wp-json\/wp\/v2\/rodzaj?post=46073"},{"taxonomy":"seria","embeddable":true,"href":"https:\/\/wydawnictwo.ug.edu.pl\/en\/wp-json\/wp\/v2\/seria?post=46073"},{"taxonomy":"product_brand","embeddable":true,"href":"https:\/\/wydawnictwo.ug.edu.pl\/en\/wp-json\/wp\/v2\/product_brand?post=46073"},{"taxonomy":"product_cat","embeddable":true,"href":"https:\/\/wydawnictwo.ug.edu.pl\/en\/wp-json\/wp\/v2\/product_cat?post=46073"},{"taxonomy":"product_tag","embeddable":true,"href":"https:\/\/wydawnictwo.ug.edu.pl\/en\/wp-json\/wp\/v2\/product_tag?post=46073"}],"curies":[{"name":"wp","href":"https:\/\/api.w.org\/{rel}","templated":true}]}}

Wyprawa Michała Kleofasa Ogińskiego do wschodniej Kurlandii i na Dyneburg w 1794 roku

<p>Niniejsza publikacja (…) ma charakter niewątpliwie przełomowy. (…) Autor zdołał wykorzystać rozkazy i raporty dowódców wojskowych oraz korespondencję urzędową przedstawicieli administracji rosyjskiej różnych szczebli, a także przejęte przez stronę rosyjską dokumenty dowódców powstańczych. (…) Ich drobiazgowa konfrontacja z innymi źródłami oraz wcześniejszymi ustaleniami została przeprowadzona w sposób bardzo umiejętny, świadczący o doskonałym opanowaniu warsztatu naukowego historyka, widocznym szczególnie w pomysłowym stosowaniu metody krytycznej. Doprowadziło to do weryfikacji niektórych mylnych konstatacji i częściowego przynajmniej potwierdzenia innych, w pełni zgodnych z rzeczywistością. Za bardzo cenne należy uznać przekonujące poprawki w chronologii wydarzeń oraz krytyczne analizy liczebności oddziałów powstańczych, przeszacowywanej z reguły zarówno w niektórych źródłach, jak i w dawniejszych opracowaniach.</p>
<p>Książka Arkadiusza Janickiego wpisuje się w nowoczesną historię wojskowości. (…) Warto również zwrócić uwagę na niewątpliwe zasługi Autora w przywracaniu pamięci o nieznanych lub zapomnianych dowódcach powstańczych z północnych powiatów Wielkiego Księstwa Litewskiego.</p>
<p style="text-align: right;"><em>Z recenzji prof. dr. hab. Andrzeja Szwarca</em></p>
