{"id":46070,"date":"2024-07-09T11:25:14","date_gmt":"2024-07-09T11:25:14","guid":{"rendered":"https:\/\/wydawnictwo.ug.edu.pl\/ksiegarnia-online\/uncategorized\/historia-rasselasa-ksiecia-abisynii\/"},"modified":"2026-02-11T12:39:34","modified_gmt":"2026-02-11T12:39:34","slug":"historia-rasselasa-ksiecia-abisynii","status":"publish","type":"product","link":"https:\/\/wydawnictwo.ug.edu.pl\/en\/ksiegarnia-online\/literatura-piekna\/historia-rasselasa-ksiecia-abisynii\/","title":{"rendered":"Historia Rasselasa, ksi\u0119cia Abisynii"},"content":{"rendered":"","protected":false},"excerpt":{"rendered":"<p>Samuel Johnson (1709\u20131784) by\u0142 poet\u0105, t\u0142umaczem, eseist\u0105, pisa\u0142 biografie, redagowa\u0142 Szekspira, zak\u0142ada\u0142 i utrzymywa\u0142 periodyki literackie, niemal samodzielnie stworzy\u0142 autorytatywny s\u0142ownik j\u0119zyka angielskiego, napisa\u0142 wspomnienia z podr\u00f3\u017cy po Szkocji, tragedi\u0119 i kr\u00f3tk\u0105 powie\u015b\u0107 \u2013 <em>Histori\u0119 Rasselasa, ksi\u0119cia Abisynii <\/em>(1759). Wsp\u00f3\u0142cze\u015bni m\u00f3wili, \u017ce zrobi\u0142 to jedynie po to, by pokry\u0107 koszty pogrzebu matki. Tytu\u0142owy Rasselas z woli kr\u00f3lewskiego ojca pozostaje uwi\u0119ziony \u2013 do czasu a\u017c sam b\u0119dzie m\u00f3g\u0142 sprawowa\u0107 rz\u0105dy \u2013 w sielankowej Dolinie Szcz\u0119\u015bliwo\u015bci. Bohater jednak nie jest tam szcz\u0119\u015bliwy i ucieka, bowiem miejsce jest tak nasycone przyjemno\u015bciami, \u017ce jawi si\u0119 ksi\u0119ciu jako wr\u0119cz opresyjne. W tym sensie Rasselas jest antyutopi\u0105, cho\u0107 ta struktura gatunkowa jest widoczna tylko w pierwszej, kr\u00f3tszej cz\u0119\u015bci powie\u015bci, w satyrycznym obrazie Doliny Szcz\u0119\u015bliwo\u015bci. W odbiorze powszechnym tekst Johnsona cz\u0119\u015bciej postrzegano jako powiastk\u0119 filozoficzn\u0105, tym bardziej \u017ce w tym samym roku Wolter wyda\u0142 swojego<em> Kandyda<\/em>, rzecz tak\u017ce o poszukiwaniu szcz\u0119\u015bcia. W przeciwie\u0144stwie do wielu o\u015bwieceniowych narracji filozoficzny temat eudajmonii przewa\u017ca nad politycznym charakterem utopii. Nie ujawnia si\u0119 w powie\u015bci Johnsona jakakolwiek koncepcja naprawiania pa\u0144stwa. My\u015bl utopijn\u0105 wypiera tematyka m\u0105dro\u015bciowa, kt\u00f3r\u0105 pisarz uprawia\u0142 w swojej poezji i esejach.<\/p>\n<p>Seria Bibliotheca Utopiana II<\/p>\n<p><a href=\"https:\/\/czasopisma.ltn.lodz.pl\/Zagadnienia-Rodzajow-Literackich\/article\/view\/3301\">Recenzja<\/a> ksi\u0105\u017cki w czasopi\u015bmie \u201eZagadnienia Rodzaj\u00f3w Literackich&#8221;.<\/p>\n","protected":false},"featured_media":29568,"template":"","meta":{"_acf_changed":false},"journal":[],"rodzaj":[7074,7076],"seria":[7080],"product_brand":[],"product_cat":[6979],"product_tag":[7604,7605,7606],"class_list":{"0":"post-46070","1":"product","2":"type-product","3":"status-publish","4":"has-post-thumbnail","6":"rodzaj-ksiazki","7":"rodzaj-serie-wydawnicze","8":"seria-bibliotheca-utopiana-ii","9":"product_cat-literatura-piekna","10":"product_tag-monika-daca","11":"product_tag-samuel-johnson","12":"product_tag-wojciech-nowicki","14":"first","15":"instock","16":"taxable","17":"shipping-taxable","18":"product-type-simple"},"acf":[],"_links":{"self":[{"href":"https:\/\/wydawnictwo.ug.edu.pl\/en\/wp-json\/wp\/v2\/product\/46070","targetHints":{"allow":["GET"]}}],"collection":[{"href":"https:\/\/wydawnictwo.ug.edu.pl\/en\/wp-json\/wp\/v2\/product"}],"about":[{"href":"https:\/\/wydawnictwo.ug.edu.pl\/en\/wp-json\/wp\/v2\/types\/product"}],"wp:featuredmedia":[{"embeddable":true,"href":"https:\/\/wydawnictwo.ug.edu.pl\/en\/wp-json\/wp\/v2\/media\/29568"}],"wp:attachment":[{"href":"https:\/\/wydawnictwo.ug.edu.pl\/en\/wp-json\/wp\/v2\/media?parent=46070"}],"wp:term":[{"taxonomy":"journal","embeddable":true,"href":"https:\/\/wydawnictwo.ug.edu.pl\/en\/wp-json\/wp\/v2\/journal?post=46070"},{"taxonomy":"rodzaj","embeddable":true,"href":"https:\/\/wydawnictwo.ug.edu.pl\/en\/wp-json\/wp\/v2\/rodzaj?post=46070"},{"taxonomy":"seria","embeddable":true,"href":"https:\/\/wydawnictwo.ug.edu.pl\/en\/wp-json\/wp\/v2\/seria?post=46070"},{"taxonomy":"product_brand","embeddable":true,"href":"https:\/\/wydawnictwo.ug.edu.pl\/en\/wp-json\/wp\/v2\/product_brand?post=46070"},{"taxonomy":"product_cat","embeddable":true,"href":"https:\/\/wydawnictwo.ug.edu.pl\/en\/wp-json\/wp\/v2\/product_cat?post=46070"},{"taxonomy":"product_tag","embeddable":true,"href":"https:\/\/wydawnictwo.ug.edu.pl\/en\/wp-json\/wp\/v2\/product_tag?post=46070"}],"curies":[{"name":"wp","href":"https:\/\/api.w.org\/{rel}","templated":true}]}}

Historia Rasselasa, księcia Abisynii

<p>Samuel Johnson (1709–1784) był poetą, tłumaczem, eseistą, pisał biografie, redagował Szekspira, zakładał i utrzymywał periodyki literackie, niemal samodzielnie stworzył autorytatywny słownik języka angielskiego, napisał wspomnienia z podróży po Szkocji, tragedię i krótką powieść – <em>Historię Rasselasa, księcia Abisynii </em>(1759). Współcześni mówili, że zrobił to jedynie po to, by pokryć koszty pogrzebu matki. Tytułowy Rasselas z woli królewskiego ojca pozostaje uwięziony – do czasu aż sam będzie mógł sprawować rządy – w sielankowej Dolinie Szczęśliwości. Bohater jednak nie jest tam szczęśliwy i ucieka, bowiem miejsce jest tak nasycone przyjemnościami, że jawi się księciu jako wręcz opresyjne. W tym sensie Rasselas jest antyutopią, choć ta struktura gatunkowa jest widoczna tylko w pierwszej, krótszej części powieści, w satyrycznym obrazie Doliny Szczęśliwości. W odbiorze powszechnym tekst Johnsona częściej postrzegano jako powiastkę filozoficzną, tym bardziej że w tym samym roku Wolter wydał swojego<em> Kandyda</em>, rzecz także o poszukiwaniu szczęścia. W przeciwieństwie do wielu oświeceniowych narracji filozoficzny temat eudajmonii przeważa nad politycznym charakterem utopii. Nie ujawnia się w powieści Johnsona jakakolwiek koncepcja naprawiania państwa. Myśl utopijną wypiera tematyka mądrościowa, którą pisarz uprawiał w swojej poezji i esejach.</p>
<p>Seria Bibliotheca Utopiana II</p>
<p><a href="https://czasopisma.ltn.lodz.pl/Zagadnienia-Rodzajow-Literackich/article/view/3301">Recenzja</a> książki w czasopiśmie „Zagadnienia Rodzajów Literackich&#8221;.</p>
