{"id":46065,"date":"2024-08-14T10:30:08","date_gmt":"2024-08-14T10:30:08","guid":{"rendered":"https:\/\/wydawnictwo.ug.edu.pl\/ksiegarnia-online\/uncategorized\/budujacy-mosty-jerzy-prokopiuk-i-jego-oddzialywanie-kulturotworcze-tom-i-studia-i-szkice\/"},"modified":"2026-02-11T12:39:21","modified_gmt":"2026-02-11T12:39:21","slug":"budujacy-mosty-jerzy-prokopiuk-i-jego-oddzialywanie-kulturotworcze-tom-i-studia-i-szkice","status":"publish","type":"product","link":"https:\/\/wydawnictwo.ug.edu.pl\/en\/ksiegarnia-online\/historia-sztuki-i-kulturoznawstwo\/budujacy-mosty-jerzy-prokopiuk-i-jego-oddzialywanie-kulturotworcze-tom-i-studia-i-szkice\/","title":{"rendered":"Buduj\u0105cy mosty. Jerzy Prokopiuk i jego oddzia\u0142ywanie kulturotw\u00f3rcze. Tom I. Studia i szkice"},"content":{"rendered":"","protected":false},"excerpt":{"rendered":"<p>Tom po\u015bwi\u0119cony Jerzemu Prokopiukowi, zmar\u0142emu w 2021 roku gnostykowi, antropozofowi, t\u0142umaczowi i redaktorowi naczelnemu czasopisma \u201eGnosis\u201d, stanowi interdyscyplinarn\u0105 analiz\u0119 jego \u015bwiatopogl\u0105du oraz wp\u0142ywu na r\u00f3\u017cne dziedziny \u017cycia duchowego, intelektualnego i artystycznego. Publikacja sk\u0142ada si\u0119 z dziesi\u0119ciu cz\u0119\u015bci, kt\u00f3re omawiaj\u0105 jego wk\u0142ad w teologi\u0119, filozofi\u0119, nauk\u0119, literatur\u0119, sztuk\u0119 przek\u0142adu, teatr, psychoterapi\u0119 oraz tworzenie wsp\u00f3lnot duchowych. Artyku\u0142y zawarte w ksi\u0105\u017cce ukazuj\u0105 wszechstronno\u015b\u0107 Prokopiuka i jego trwa\u0142e oddzia\u0142ywanie na wsp\u00f3\u0142czesne my\u015blenie ezoteryczne i intelektualne.<\/p>\n<p>Jak ju\u017c kilkakrotnie powiedzia\u0142em, jako cz\u0142owiek urodzony w znaku Bli\u017ani\u0105t, tzn. pod protekcj\u0105 Hermesa jako boga planetarnego, jestem \u2013 u\u017cyj\u0119 wznios\u0142ego okre\u015blenia \u2013 <em>pontifex maximus<\/em>, czyli budowniczym most\u00f3w czy te\u017c <em>intermediariusem<\/em>, po\u015brednikiem, s\u0142ug\u0105 symbolu \u2013 rozumianego jako most \u0142\u0105cz\u0105cy sensy i warto\u015bci z lud\u017ami oraz \u0142\u0105cz\u0105cy samych ludzi.<\/p>\n<p>J. Prokopiuk, <em>Rozdro\u017ca, czyli zwierzenia gnostyka<\/em>, Katowice 2004, s. 96<\/p>\n","protected":false},"featured_media":29838,"template":"","meta":{"_acf_changed":false},"journal":[],"rodzaj":[7074,7076],"seria":[7322],"product_brand":[],"product_cat":[6936],"product_tag":[7598,7599,7571],"class_list":{"0":"post-46065","1":"product","2":"type-product","3":"status-publish","4":"has-post-thumbnail","6":"rodzaj-ksiazki","7":"rodzaj-serie-wydawnicze","8":"seria-swiatlo-i-ciemnosc","9":"product_cat-historia-sztuki-i-kulturoznawstwo","10":"product_tag-diana-obolenska","11":"product_tag-mariusz-dobkowskimariusz-dobkowski","12":"product_tag-monika-rzeczycka","14":"first","15":"instock","16":"taxable","17":"shipping-taxable","18":"product-type-simple"},"acf":[],"_links":{"self":[{"href":"https:\/\/wydawnictwo.ug.edu.pl\/en\/wp-json\/wp\/v2\/product\/46065","targetHints":{"allow":["GET"]}}],"collection":[{"href":"https:\/\/wydawnictwo.ug.edu.pl\/en\/wp-json\/wp\/v2\/product"}],"about":[{"href":"https:\/\/wydawnictwo.ug.edu.pl\/en\/wp-json\/wp\/v2\/types\/product"}],"wp:featuredmedia":[{"embeddable":true,"href":"https:\/\/wydawnictwo.ug.edu.pl\/en\/wp-json\/wp\/v2\/media\/29838"}],"wp:attachment":[{"href":"https:\/\/wydawnictwo.ug.edu.pl\/en\/wp-json\/wp\/v2\/media?parent=46065"}],"wp:term":[{"taxonomy":"journal","embeddable":true,"href":"https:\/\/wydawnictwo.ug.edu.pl\/en\/wp-json\/wp\/v2\/journal?post=46065"},{"taxonomy":"rodzaj","embeddable":true,"href":"https:\/\/wydawnictwo.ug.edu.pl\/en\/wp-json\/wp\/v2\/rodzaj?post=46065"},{"taxonomy":"seria","embeddable":true,"href":"https:\/\/wydawnictwo.ug.edu.pl\/en\/wp-json\/wp\/v2\/seria?post=46065"},{"taxonomy":"product_brand","embeddable":true,"href":"https:\/\/wydawnictwo.ug.edu.pl\/en\/wp-json\/wp\/v2\/product_brand?post=46065"},{"taxonomy":"product_cat","embeddable":true,"href":"https:\/\/wydawnictwo.ug.edu.pl\/en\/wp-json\/wp\/v2\/product_cat?post=46065"},{"taxonomy":"product_tag","embeddable":true,"href":"https:\/\/wydawnictwo.ug.edu.pl\/en\/wp-json\/wp\/v2\/product_tag?post=46065"}],"curies":[{"name":"wp","href":"https:\/\/api.w.org\/{rel}","templated":true}]}}

Budujący mosty. Jerzy Prokopiuk i jego oddziaływanie kulturotwórcze. Tom I. Studia i szkice

<p>Tom poświęcony Jerzemu Prokopiukowi, zmarłemu w 2021 roku gnostykowi, antropozofowi, tłumaczowi i redaktorowi naczelnemu czasopisma „Gnosis”, stanowi interdyscyplinarną analizę jego światopoglądu oraz wpływu na różne dziedziny życia duchowego, intelektualnego i artystycznego. Publikacja składa się z dziesięciu części, które omawiają jego wkład w teologię, filozofię, naukę, literaturę, sztukę przekładu, teatr, psychoterapię oraz tworzenie wspólnot duchowych. Artykuły zawarte w książce ukazują wszechstronność Prokopiuka i jego trwałe oddziaływanie na współczesne myślenie ezoteryczne i intelektualne.</p>
<p>Jak już kilkakrotnie powiedziałem, jako człowiek urodzony w znaku Bliźniąt, tzn. pod protekcją Hermesa jako boga planetarnego, jestem – użyję wzniosłego określenia – <em>pontifex maximus</em>, czyli budowniczym mostów czy też <em>intermediariusem</em>, pośrednikiem, sługą symbolu – rozumianego jako most łączący sensy i wartości z ludźmi oraz łączący samych ludzi.</p>
<p>J. Prokopiuk, <em>Rozdroża, czyli zwierzenia gnostyka</em>, Katowice 2004, s. 96</p>
