{"id":46064,"date":"2024-08-16T13:45:17","date_gmt":"2024-08-16T13:45:17","guid":{"rendered":"https:\/\/wydawnictwo.ug.edu.pl\/ksiegarnia-online\/uncategorized\/budujacy-mosty-jerzy-prokopiuk-i-jego-oddzialywanie-kulturotworcze-t-2-materialy\/"},"modified":"2026-02-11T12:39:20","modified_gmt":"2026-02-11T12:39:20","slug":"budujacy-mosty-jerzy-prokopiuk-i-jego-oddzialywanie-kulturotworcze-t-2-materialy","status":"publish","type":"product","link":"https:\/\/wydawnictwo.ug.edu.pl\/en\/ksiegarnia-online\/historia-sztuki-i-kulturoznawstwo\/budujacy-mosty-jerzy-prokopiuk-i-jego-oddzialywanie-kulturotworcze-t-2-materialy\/","title":{"rendered":"Buduj\u0105cy mosty. Jerzy Prokopiuk i jego oddzia\u0142ywanie kulturotw\u00f3rcze. Tom II. Materia\u0142y"},"content":{"rendered":"","protected":false},"excerpt":{"rendered":"<div class=\"flex-shrink-0 flex flex-col relative items-end\">\n<div>\n<div class=\"pt-0\">\n<div class=\"gizmo-bot-avatar flex h-8 w-8 items-center justify-center overflow-hidden rounded-full\">\n<p class=\"relative p-1 rounded-sm flex items-center justify-center bg-token-main-surface-primary text-token-text-primary h-8 w-8\"><span style=\"color: #0b2964; font-family: sofia-pro, sans-serif; font-size: 14px;\">Drugi tom publikacji po\u015bwi\u0119conej Jerzemu Prokopiukowi, gnostykowi, antropozofowi, t\u0142umaczowi oraz redaktorowi naczelnemu czasopisma \u201eGnosis\u201d, obejmuje kalendarium jego \u017cycia, bibliografi\u0119 jego publikacji oraz fotografie dokumentuj\u0105ce jego \u017cycie i tw\u00f3rczo\u015b\u0107.<\/span><\/p>\n<\/div>\n<\/div>\n<\/div>\n<\/div>\n","protected":false},"featured_media":29845,"template":"","meta":{"_acf_changed":false},"journal":[],"rodzaj":[7074,7076],"seria":[7322],"product_brand":[],"product_cat":[6936],"product_tag":[7598,7599,7571],"class_list":{"0":"post-46064","1":"product","2":"type-product","3":"status-publish","4":"has-post-thumbnail","6":"rodzaj-ksiazki","7":"rodzaj-serie-wydawnicze","8":"seria-swiatlo-i-ciemnosc","9":"product_cat-historia-sztuki-i-kulturoznawstwo","10":"product_tag-diana-obolenska","11":"product_tag-mariusz-dobkowskimariusz-dobkowski","12":"product_tag-monika-rzeczycka","14":"first","15":"instock","16":"taxable","17":"shipping-taxable","18":"product-type-simple"},"acf":[],"_links":{"self":[{"href":"https:\/\/wydawnictwo.ug.edu.pl\/en\/wp-json\/wp\/v2\/product\/46064","targetHints":{"allow":["GET"]}}],"collection":[{"href":"https:\/\/wydawnictwo.ug.edu.pl\/en\/wp-json\/wp\/v2\/product"}],"about":[{"href":"https:\/\/wydawnictwo.ug.edu.pl\/en\/wp-json\/wp\/v2\/types\/product"}],"wp:featuredmedia":[{"embeddable":true,"href":"https:\/\/wydawnictwo.ug.edu.pl\/en\/wp-json\/wp\/v2\/media\/29845"}],"wp:attachment":[{"href":"https:\/\/wydawnictwo.ug.edu.pl\/en\/wp-json\/wp\/v2\/media?parent=46064"}],"wp:term":[{"taxonomy":"journal","embeddable":true,"href":"https:\/\/wydawnictwo.ug.edu.pl\/en\/wp-json\/wp\/v2\/journal?post=46064"},{"taxonomy":"rodzaj","embeddable":true,"href":"https:\/\/wydawnictwo.ug.edu.pl\/en\/wp-json\/wp\/v2\/rodzaj?post=46064"},{"taxonomy":"seria","embeddable":true,"href":"https:\/\/wydawnictwo.ug.edu.pl\/en\/wp-json\/wp\/v2\/seria?post=46064"},{"taxonomy":"product_brand","embeddable":true,"href":"https:\/\/wydawnictwo.ug.edu.pl\/en\/wp-json\/wp\/v2\/product_brand?post=46064"},{"taxonomy":"product_cat","embeddable":true,"href":"https:\/\/wydawnictwo.ug.edu.pl\/en\/wp-json\/wp\/v2\/product_cat?post=46064"},{"taxonomy":"product_tag","embeddable":true,"href":"https:\/\/wydawnictwo.ug.edu.pl\/en\/wp-json\/wp\/v2\/product_tag?post=46064"}],"curies":[{"name":"wp","href":"https:\/\/api.w.org\/{rel}","templated":true}]}}

Budujący mosty. Jerzy Prokopiuk i jego oddziaływanie kulturotwórcze. Tom II. Materiały

<div class="flex-shrink-0 flex flex-col relative items-end">
<div>
<div class="pt-0">
<div class="gizmo-bot-avatar flex h-8 w-8 items-center justify-center overflow-hidden rounded-full">
<p class="relative p-1 rounded-sm flex items-center justify-center bg-token-main-surface-primary text-token-text-primary h-8 w-8"><span style="color: #0b2964; font-family: sofia-pro, sans-serif; font-size: 14px;">Drugi tom publikacji poświęconej Jerzemu Prokopiukowi, gnostykowi, antropozofowi, tłumaczowi oraz redaktorowi naczelnemu czasopisma „Gnosis”, obejmuje kalendarium jego życia, bibliografię jego publikacji oraz fotografie dokumentujące jego życie i twórczość.</span></p>
</div>
</div>
</div>
</div>
