{"id":46062,"date":"2024-08-28T12:55:20","date_gmt":"2024-08-28T12:55:20","guid":{"rendered":"https:\/\/wydawnictwo.ug.edu.pl\/ksiegarnia-online\/uncategorized\/archiwistyka-bohdana-ryszewskiego-prace-wybrane\/"},"modified":"2026-02-11T12:39:14","modified_gmt":"2026-02-11T12:39:14","slug":"archiwistyka-bohdana-ryszewskiego-prace-wybrane","status":"publish","type":"product","link":"https:\/\/wydawnictwo.ug.edu.pl\/en\/ksiegarnia-online\/historia\/archiwistyka-bohdana-ryszewskiego-prace-wybrane\/","title":{"rendered":"Archiwistyka Bohdana Ryszewskiego. Prace wybrane"},"content":{"rendered":"","protected":false},"excerpt":{"rendered":"<p>Publikacja obejmuje artyku\u0142y Profesora Bohdana Ryszewskiego z zakresu archiwistyki, powsta\u0142e w okresie Jego ponad 50-letniej dzia\u0142alno\u015bci naukowo-dydaktycznej jako lektury uzupe\u0142niaj\u0105ce do wyk\u0142ad\u00f3w prowadzonych na Uniwersytecie Miko\u0142aja Kopernika w Toruniu oraz Uniwersytecie Warmi\u0144sko-Mazurskim w Olsztynie. Jest to subiektywny wyb\u00f3r tekst\u00f3w, kt\u00f3ry dzi\u0119ki dokonanemu scaleniu w niniejszym tomie powinien u\u0142atwi\u0107 do nich dost\u0119p i wykorzystanie ich warto\u015bci naukowej. [&#8230;] Prezentowane teksty pozostaj\u0105 nadal aktualne, wsp\u00f3\u0142tworz\u0105c kanon polskiej archiwistyki, kt\u00f3rej ramy wyznaczaj\u0105 klasyczne funkcje archiw\u00f3w zwi\u0105zane z gromadzeniem, przechowywaniem, opracowaniem (komputerowym opisem), udost\u0119pnianiem i rozpowszechnianiem informacji o zasobie archiwalnym. W tym uj\u0119ciu mog\u0105 by\u0107 inspiracj\u0105 dla kolejnych pokole\u0144 uczni\u00f3w Profesora.<\/p>\n<p style=\"text-align: right;\">Anna \u017begli\u0144ska (fragment <em>S\u0142owa wst\u0119pnego<\/em>)<\/p>\n","protected":false},"featured_media":29911,"template":"","meta":{"_acf_changed":false},"journal":[],"rodzaj":[7074],"seria":[],"product_brand":[],"product_cat":[6958],"product_tag":[7596],"class_list":{"0":"post-46062","1":"product","2":"type-product","3":"status-publish","4":"has-post-thumbnail","6":"rodzaj-ksiazki","7":"product_cat-historia","8":"product_tag-anna-zeglinskaanna-zeglinska","10":"first","11":"outofstock","12":"taxable","13":"shipping-taxable","14":"purchasable","15":"product-type-simple"},"acf":[],"_links":{"self":[{"href":"https:\/\/wydawnictwo.ug.edu.pl\/en\/wp-json\/wp\/v2\/product\/46062","targetHints":{"allow":["GET"]}}],"collection":[{"href":"https:\/\/wydawnictwo.ug.edu.pl\/en\/wp-json\/wp\/v2\/product"}],"about":[{"href":"https:\/\/wydawnictwo.ug.edu.pl\/en\/wp-json\/wp\/v2\/types\/product"}],"wp:featuredmedia":[{"embeddable":true,"href":"https:\/\/wydawnictwo.ug.edu.pl\/en\/wp-json\/wp\/v2\/media\/29911"}],"wp:attachment":[{"href":"https:\/\/wydawnictwo.ug.edu.pl\/en\/wp-json\/wp\/v2\/media?parent=46062"}],"wp:term":[{"taxonomy":"journal","embeddable":true,"href":"https:\/\/wydawnictwo.ug.edu.pl\/en\/wp-json\/wp\/v2\/journal?post=46062"},{"taxonomy":"rodzaj","embeddable":true,"href":"https:\/\/wydawnictwo.ug.edu.pl\/en\/wp-json\/wp\/v2\/rodzaj?post=46062"},{"taxonomy":"seria","embeddable":true,"href":"https:\/\/wydawnictwo.ug.edu.pl\/en\/wp-json\/wp\/v2\/seria?post=46062"},{"taxonomy":"product_brand","embeddable":true,"href":"https:\/\/wydawnictwo.ug.edu.pl\/en\/wp-json\/wp\/v2\/product_brand?post=46062"},{"taxonomy":"product_cat","embeddable":true,"href":"https:\/\/wydawnictwo.ug.edu.pl\/en\/wp-json\/wp\/v2\/product_cat?post=46062"},{"taxonomy":"product_tag","embeddable":true,"href":"https:\/\/wydawnictwo.ug.edu.pl\/en\/wp-json\/wp\/v2\/product_tag?post=46062"}],"curies":[{"name":"wp","href":"https:\/\/api.w.org\/{rel}","templated":true}]}}

<p>Publikacja obejmuje artykuły Profesora Bohdana Ryszewskiego z zakresu archiwistyki, powstałe w okresie Jego ponad 50-letniej działalności naukowo-dydaktycznej jako lektury uzupełniające do wykładów prowadzonych na Uniwersytecie Mikołaja Kopernika w Toruniu oraz Uniwersytecie Warmińsko-Mazurskim w Olsztynie. Jest to subiektywny wybór tekstów, który dzięki dokonanemu scaleniu w niniejszym tomie powinien ułatwić do nich dostęp i wykorzystanie ich wartości naukowej. [&#8230;] Prezentowane teksty pozostają nadal aktualne, współtworząc kanon polskiej archiwistyki, której ramy wyznaczają klasyczne funkcje archiwów związane z gromadzeniem, przechowywaniem, opracowaniem (komputerowym opisem), udostępnianiem i rozpowszechnianiem informacji o zasobie archiwalnym. W tym ujęciu mogą być inspiracją dla kolejnych pokoleń uczniów Profesora.</p>
<p style="text-align: right;">Anna Żeglińska (fragment <em>Słowa wstępnego</em>)</p>
