{"id":46061,"date":"2024-09-04T10:34:00","date_gmt":"2024-09-04T10:34:00","guid":{"rendered":"https:\/\/wydawnictwo.ug.edu.pl\/ksiegarnia-online\/uncategorized\/jezyk-i-komunikowanie-sie-w-biegu-zycia-perspektywa-logopedyczna-i-lingwistyczna\/"},"modified":"2026-02-11T12:39:12","modified_gmt":"2026-02-11T12:39:12","slug":"jezyk-i-komunikowanie-sie-w-biegu-zycia-perspektywa-logopedyczna-i-lingwistyczna","status":"publish","type":"product","link":"https:\/\/wydawnictwo.ug.edu.pl\/en\/ksiegarnia-online\/jezykoznawstwo\/jezyk-i-komunikowanie-sie-w-biegu-zycia-perspektywa-logopedyczna-i-lingwistyczna\/","title":{"rendered":"J\u0119zyk i komunikowanie si\u0119 w biegu \u017cycia. Perspektywa logopedyczna i lingwistyczna"},"content":{"rendered":"","protected":false},"excerpt":{"rendered":"<p><em>J\u0119zyk i komunikowanie si\u0119 w biegu \u017cycia. Perspektywa logopedyczna i lingwistyczna. Ksi\u0119ga jubileuszowa dedykowana Profesorowi Stanis\u0142awowi Milewskiemu<\/em><\/p>\n<p>Niniejszy tom dedykowany jest Panu Profesorowi Stanis\u0142awowi Milewskiemu z okazji 45-lecia pracy zawodowej, w tym 40 lat pracy w Uniwersytecie Gda\u0144skim. W pracy naukowo-dydaktycznej Pan Profesor korzysta\u0142 z do\u015bwiadczenia nauczyciela polonisty i logopedy praktyka, zdobytego w czasie pi\u0119cioletniej pracy w szkolnictwie. Pierwsze lata pracy Pana Profesora w Uniwersytecie Gda\u0144skim to tak\u017ce pocz\u0105tki logopedii na naszej uczelni. O skali dokona\u0144 naukowych i organizacyjnych \u015bwiadczy bibliografia prac oraz d\u0142uga lista dzia\u0142a\u0144 Jubilata jako cz\u0142onka r\u00f3\u017cnych gremi\u00f3w naukowych, komitet\u00f3w redakcyjnych czasopism, pomys\u0142odawcy i redaktora naukowego serii wydawniczej \u201eLogopedia XXI Wieku\u201d, wieloletniego kierownika Podyplomowych Studi\u00f3w Logopedycznych, w ostatnich kilku latach tak\u017ce Podyplomowych Studi\u00f3w Neurologopedycznych, dzia\u0142aj\u0105cych w Instytucie Logopedii oraz wsp\u00f3\u0142tw\u00f3rcy Katedry Logopedii Uniwersytetu Gda\u0144skiego, przekszta\u0142conej p\u00f3\u017aniej w jedyny w ca\u0142ej Polsce do chwili obecnej Instytut Logopedii. Miar\u0105 sukces\u00f3w zawodowych Pana Profesora jest tak\u017ce odzew naukowc\u00f3w reprezentuj\u0105cych wi\u0119kszo\u015b\u0107 uniwersyteckich o\u015brodk\u00f3w kszta\u0142c\u0105cych logoped\u00f3w w Polsce na propozycj\u0119 wydania pami\u0105tkowej ksi\u0119gi, kt\u00f3r\u0105 oddajemy do r\u0105k Jubilata i Czytelnik\u00f3w.<\/p>\n<p>Po\u015bwi\u0119cony Jubilatowi tom zatytu\u0142owano <em>J\u0119zyk i komunikowanie si\u0119 w biegu \u017cycia. Perspektywa logopedyczna i lingwistyczna<\/em>. Znalaz\u0142y si\u0119 w nim artyku\u0142y napisane przez specjalist\u00f3w kilku dyscyplin naukowych: logopedii, j\u0119zykoznawstwa oraz psychologii, kt\u00f3rych uwaga skupi\u0142a si\u0119 na r\u00f3\u017cnych aspektach komunikowania si\u0119 dzieci i os\u00f3b doros\u0142ych.<\/p>\n<p>&nbsp;<\/p>\n","protected":false},"featured_media":30002,"template":"","meta":{"_acf_changed":false},"journal":[],"rodzaj":[7074],"seria":[],"product_brand":[],"product_cat":[6924],"product_tag":[7595],"class_list":{"0":"post-46061","1":"product","2":"type-product","3":"status-publish","4":"has-post-thumbnail","6":"rodzaj-ksiazki","7":"product_cat-jezykoznawstwo","8":"product_tag-barbara-kaminskabarbara-kaminska","10":"first","11":"outofstock","12":"taxable","13":"shipping-taxable","14":"purchasable","15":"product-type-simple"},"acf":[],"_links":{"self":[{"href":"https:\/\/wydawnictwo.ug.edu.pl\/en\/wp-json\/wp\/v2\/product\/46061","targetHints":{"allow":["GET"]}}],"collection":[{"href":"https:\/\/wydawnictwo.ug.edu.pl\/en\/wp-json\/wp\/v2\/product"}],"about":[{"href":"https:\/\/wydawnictwo.ug.edu.pl\/en\/wp-json\/wp\/v2\/types\/product"}],"wp:featuredmedia":[{"embeddable":true,"href":"https:\/\/wydawnictwo.ug.edu.pl\/en\/wp-json\/wp\/v2\/media\/30002"}],"wp:attachment":[{"href":"https:\/\/wydawnictwo.ug.edu.pl\/en\/wp-json\/wp\/v2\/media?parent=46061"}],"wp:term":[{"taxonomy":"journal","embeddable":true,"href":"https:\/\/wydawnictwo.ug.edu.pl\/en\/wp-json\/wp\/v2\/journal?post=46061"},{"taxonomy":"rodzaj","embeddable":true,"href":"https:\/\/wydawnictwo.ug.edu.pl\/en\/wp-json\/wp\/v2\/rodzaj?post=46061"},{"taxonomy":"seria","embeddable":true,"href":"https:\/\/wydawnictwo.ug.edu.pl\/en\/wp-json\/wp\/v2\/seria?post=46061"},{"taxonomy":"product_brand","embeddable":true,"href":"https:\/\/wydawnictwo.ug.edu.pl\/en\/wp-json\/wp\/v2\/product_brand?post=46061"},{"taxonomy":"product_cat","embeddable":true,"href":"https:\/\/wydawnictwo.ug.edu.pl\/en\/wp-json\/wp\/v2\/product_cat?post=46061"},{"taxonomy":"product_tag","embeddable":true,"href":"https:\/\/wydawnictwo.ug.edu.pl\/en\/wp-json\/wp\/v2\/product_tag?post=46061"}],"curies":[{"name":"wp","href":"https:\/\/api.w.org\/{rel}","templated":true}]}}

Język i komunikowanie się w biegu życia. Perspektywa logopedyczna i lingwistyczna

<p><em>Język i komunikowanie się w biegu życia. Perspektywa logopedyczna i lingwistyczna. Księga jubileuszowa dedykowana Profesorowi Stanisławowi Milewskiemu</em></p>
<p>Niniejszy tom dedykowany jest Panu Profesorowi Stanisławowi Milewskiemu z okazji 45-lecia pracy zawodowej, w tym 40 lat pracy w Uniwersytecie Gdańskim. W pracy naukowo-dydaktycznej Pan Profesor korzystał z doświadczenia nauczyciela polonisty i logopedy praktyka, zdobytego w czasie pięcioletniej pracy w szkolnictwie. Pierwsze lata pracy Pana Profesora w Uniwersytecie Gdańskim to także początki logopedii na naszej uczelni. O skali dokonań naukowych i organizacyjnych świadczy bibliografia prac oraz długa lista działań Jubilata jako członka różnych gremiów naukowych, komitetów redakcyjnych czasopism, pomysłodawcy i redaktora naukowego serii wydawniczej „Logopedia XXI Wieku”, wieloletniego kierownika Podyplomowych Studiów Logopedycznych, w ostatnich kilku latach także Podyplomowych Studiów Neurologopedycznych, działających w Instytucie Logopedii oraz współtwórcy Katedry Logopedii Uniwersytetu Gdańskiego, przekształconej później w jedyny w całej Polsce do chwili obecnej Instytut Logopedii. Miarą sukcesów zawodowych Pana Profesora jest także odzew naukowców reprezentujących większość uniwersyteckich ośrodków kształcących logopedów w Polsce na propozycję wydania pamiątkowej księgi, którą oddajemy do rąk Jubilata i Czytelników.</p>
<p>Poświęcony Jubilatowi tom zatytułowano <em>Język i komunikowanie się w biegu życia. Perspektywa logopedyczna i lingwistyczna</em>. Znalazły się w nim artykuły napisane przez specjalistów kilku dyscyplin naukowych: logopedii, językoznawstwa oraz psychologii, których uwaga skupiła się na różnych aspektach komunikowania się dzieci i osób dorosłych.</p>
<p>&nbsp;</p>
