{"id":46057,"date":"2024-09-10T09:55:13","date_gmt":"2024-09-10T09:55:13","guid":{"rendered":"https:\/\/wydawnictwo.ug.edu.pl\/ksiegarnia-online\/uncategorized\/kultura-solidarnosci-w-przestrzeni-edukacyjnej-tom-i\/"},"modified":"2026-02-11T12:38:03","modified_gmt":"2026-02-11T12:38:03","slug":"kultura-solidarnosci-w-przestrzeni-edukacyjnej-tom-i","status":"publish","type":"product","link":"https:\/\/wydawnictwo.ug.edu.pl\/en\/ksiegarnia-online\/literaturoznawstwo\/kultura-solidarnosci-w-przestrzeni-edukacyjnej-tom-i\/","title":{"rendered":"Kultura Solidarno\u015bci w przestrzeni edukacyjnej. Tom I"},"content":{"rendered":"","protected":false},"excerpt":{"rendered":"<p>Kultura Solidarno\u015bci w przestrzeni edukacyjnej. Tom I: W poszukiwaniu pierwszego j\u0119zyka<\/p>\n<p>Publikacja jest efektem V Kongresu Dydaktyki Polonistycznej, zorganizowanego przez Instytut Filologii Polskiej Uniwersytetu Gda\u0144skiego, z tematem przewodnim Kultura solidarno\u015bci w przestrzeni edukacyjnej. Tom pierwszy odzwierciedla niepokoje dotycz\u0105ce nieustannie dokonuj\u0105cych si\u0119 podzia\u0142\u00f3w spo\u0142ecznych, zawodowych, kulturowych i narodowych. Wskazuje tak\u017ce na niebezpiecze\u0144stwo konstruowania wsp\u00f3lnoty podporz\u0105dkowanej dominuj\u0105cym ideologiom i wymuszanej \u015brodkami politycznymi, administracyjnymi czy instytucjonalnymi. Motywem przewodnim tomu pozostaje refleksja nad kategori\u0105 solidarno\u015bci i mo\u017cliwo\u015bciami jej praktykowania w edukacji.<\/p>\n","protected":false},"featured_media":30126,"template":"","meta":{"_acf_changed":false},"journal":[],"rodzaj":[7074],"seria":[],"product_brand":[],"product_cat":[6925],"product_tag":[7552,7589,7591],"class_list":{"0":"post-46057","1":"product","2":"type-product","3":"status-publish","4":"has-post-thumbnail","6":"rodzaj-ksiazki","7":"product_cat-literaturoznawstwo","8":"product_tag-dariusz-szczukowski","9":"product_tag-grazyna-b-tomaszewskagrazyna-b-tomaszewska","10":"product_tag-maria-szoska","12":"first","13":"instock","14":"taxable","15":"shipping-taxable","16":"purchasable","17":"product-type-simple"},"acf":[],"_links":{"self":[{"href":"https:\/\/wydawnictwo.ug.edu.pl\/en\/wp-json\/wp\/v2\/product\/46057","targetHints":{"allow":["GET"]}}],"collection":[{"href":"https:\/\/wydawnictwo.ug.edu.pl\/en\/wp-json\/wp\/v2\/product"}],"about":[{"href":"https:\/\/wydawnictwo.ug.edu.pl\/en\/wp-json\/wp\/v2\/types\/product"}],"wp:featuredmedia":[{"embeddable":true,"href":"https:\/\/wydawnictwo.ug.edu.pl\/en\/wp-json\/wp\/v2\/media\/30126"}],"wp:attachment":[{"href":"https:\/\/wydawnictwo.ug.edu.pl\/en\/wp-json\/wp\/v2\/media?parent=46057"}],"wp:term":[{"taxonomy":"journal","embeddable":true,"href":"https:\/\/wydawnictwo.ug.edu.pl\/en\/wp-json\/wp\/v2\/journal?post=46057"},{"taxonomy":"rodzaj","embeddable":true,"href":"https:\/\/wydawnictwo.ug.edu.pl\/en\/wp-json\/wp\/v2\/rodzaj?post=46057"},{"taxonomy":"seria","embeddable":true,"href":"https:\/\/wydawnictwo.ug.edu.pl\/en\/wp-json\/wp\/v2\/seria?post=46057"},{"taxonomy":"product_brand","embeddable":true,"href":"https:\/\/wydawnictwo.ug.edu.pl\/en\/wp-json\/wp\/v2\/product_brand?post=46057"},{"taxonomy":"product_cat","embeddable":true,"href":"https:\/\/wydawnictwo.ug.edu.pl\/en\/wp-json\/wp\/v2\/product_cat?post=46057"},{"taxonomy":"product_tag","embeddable":true,"href":"https:\/\/wydawnictwo.ug.edu.pl\/en\/wp-json\/wp\/v2\/product_tag?post=46057"}],"curies":[{"name":"wp","href":"https:\/\/api.w.org\/{rel}","templated":true}]}}

Kultura Solidarności w przestrzeni edukacyjnej. Tom I

<p>Kultura Solidarności w przestrzeni edukacyjnej. Tom I: W poszukiwaniu pierwszego języka</p>
<p>Publikacja jest efektem V Kongresu Dydaktyki Polonistycznej, zorganizowanego przez Instytut Filologii Polskiej Uniwersytetu Gdańskiego, z tematem przewodnim Kultura solidarności w przestrzeni edukacyjnej. Tom pierwszy odzwierciedla niepokoje dotyczące nieustannie dokonujących się podziałów społecznych, zawodowych, kulturowych i narodowych. Wskazuje także na niebezpieczeństwo konstruowania wspólnoty podporządkowanej dominującym ideologiom i wymuszanej środkami politycznymi, administracyjnymi czy instytucjonalnymi. Motywem przewodnim tomu pozostaje refleksja nad kategorią solidarności i możliwościami jej praktykowania w edukacji.</p>
