{"id":46056,"date":"2024-09-16T08:59:43","date_gmt":"2024-09-16T08:59:43","guid":{"rendered":"https:\/\/wydawnictwo.ug.edu.pl\/ksiegarnia-online\/uncategorized\/kultura-solidarnosci-w-przestrzeni-edukacyjnej-tom-ii\/"},"modified":"2026-02-11T12:38:00","modified_gmt":"2026-02-11T12:38:00","slug":"kultura-solidarnosci-w-przestrzeni-edukacyjnej-tom-ii","status":"publish","type":"product","link":"https:\/\/wydawnictwo.ug.edu.pl\/en\/ksiegarnia-online\/jezykoznawstwo\/kultura-solidarnosci-w-przestrzeni-edukacyjnej-tom-ii\/","title":{"rendered":"Kultura Solidarno\u015bci w przestrzeni edukacyjnej. Tom II"},"content":{"rendered":"","protected":false},"excerpt":{"rendered":"<p>Kultura Solidarno\u015bci w przestrzeni edukacyjnej. Tom II: Nasze by\u0107 albo nie by\u0107<\/p>\n<p>Publikacja jest efektem V Kongresu Dydaktyki Polonistycznej, zorganizowanego przez Instytut Filologii Polskiej Uniwersytetu Gda\u0144skiego, z tematem przewodnim Kultura solidarno\u015bci w przestrzeni edukacyjnej. Solidarno\u015b\u0107 by\u0142a i pozostanie najwi\u0119kszym wyzwaniem dla cz\u0142owieka. Pozwala przekroczy\u0107 znane nam wzorce egzystencji oraz kreowa\u0107 nowe i w ten spos\u00f3b przyczynia\u0107 si\u0119 do \u017cycia w lepszym \u015bwiecie. W tomie drugim przygl\u0105damy si\u0119 bli\u017cej zagadnieniom \u2013 ju\u017c sygnalizowanym w tomie pierwszym \u2013 dotycz\u0105cym w znacznym stopniu potrzeb zmiany relacji mi\u0119dzy cz\u0142owiekiem a natur\u0105, przeciwstawiania si\u0119 wykluczaj\u0105cym stereotypom, \u015bwiadomo\u015bci manipulowania ideami w celach politycznych, ideologicznych czy merkantylnych, ukazuj\u0105cym przestrzenie nowej wra\u017cliwo\u015bci i sposoby odzyskiwania nieobecnego uczniowskiego g\u0142osu.<\/p>\n","protected":false},"featured_media":30120,"template":"","meta":{"_acf_changed":false},"journal":[],"rodzaj":[7074],"seria":[],"product_brand":[],"product_cat":[6924],"product_tag":[7588,7589,7590],"class_list":{"0":"post-46056","1":"product","2":"type-product","3":"status-publish","4":"has-post-thumbnail","6":"rodzaj-ksiazki","7":"product_cat-jezykoznawstwo","8":"product_tag-ewa-monika-pomirska","9":"product_tag-grazyna-b-tomaszewskagrazyna-b-tomaszewska","10":"product_tag-zofia-pomirska","12":"first","13":"instock","14":"taxable","15":"shipping-taxable","16":"purchasable","17":"product-type-simple"},"acf":[],"_links":{"self":[{"href":"https:\/\/wydawnictwo.ug.edu.pl\/en\/wp-json\/wp\/v2\/product\/46056","targetHints":{"allow":["GET"]}}],"collection":[{"href":"https:\/\/wydawnictwo.ug.edu.pl\/en\/wp-json\/wp\/v2\/product"}],"about":[{"href":"https:\/\/wydawnictwo.ug.edu.pl\/en\/wp-json\/wp\/v2\/types\/product"}],"wp:featuredmedia":[{"embeddable":true,"href":"https:\/\/wydawnictwo.ug.edu.pl\/en\/wp-json\/wp\/v2\/media\/30120"}],"wp:attachment":[{"href":"https:\/\/wydawnictwo.ug.edu.pl\/en\/wp-json\/wp\/v2\/media?parent=46056"}],"wp:term":[{"taxonomy":"journal","embeddable":true,"href":"https:\/\/wydawnictwo.ug.edu.pl\/en\/wp-json\/wp\/v2\/journal?post=46056"},{"taxonomy":"rodzaj","embeddable":true,"href":"https:\/\/wydawnictwo.ug.edu.pl\/en\/wp-json\/wp\/v2\/rodzaj?post=46056"},{"taxonomy":"seria","embeddable":true,"href":"https:\/\/wydawnictwo.ug.edu.pl\/en\/wp-json\/wp\/v2\/seria?post=46056"},{"taxonomy":"product_brand","embeddable":true,"href":"https:\/\/wydawnictwo.ug.edu.pl\/en\/wp-json\/wp\/v2\/product_brand?post=46056"},{"taxonomy":"product_cat","embeddable":true,"href":"https:\/\/wydawnictwo.ug.edu.pl\/en\/wp-json\/wp\/v2\/product_cat?post=46056"},{"taxonomy":"product_tag","embeddable":true,"href":"https:\/\/wydawnictwo.ug.edu.pl\/en\/wp-json\/wp\/v2\/product_tag?post=46056"}],"curies":[{"name":"wp","href":"https:\/\/api.w.org\/{rel}","templated":true}]}}

Kultura Solidarności w przestrzeni edukacyjnej. Tom II

<p>Kultura Solidarności w przestrzeni edukacyjnej. Tom II: Nasze być albo nie być</p>
<p>Publikacja jest efektem V Kongresu Dydaktyki Polonistycznej, zorganizowanego przez Instytut Filologii Polskiej Uniwersytetu Gdańskiego, z tematem przewodnim Kultura solidarności w przestrzeni edukacyjnej. Solidarność była i pozostanie największym wyzwaniem dla człowieka. Pozwala przekroczyć znane nam wzorce egzystencji oraz kreować nowe i w ten sposób przyczyniać się do życia w lepszym świecie. W tomie drugim przyglądamy się bliżej zagadnieniom – już sygnalizowanym w tomie pierwszym – dotyczącym w znacznym stopniu potrzeb zmiany relacji między człowiekiem a naturą, przeciwstawiania się wykluczającym stereotypom, świadomości manipulowania ideami w celach politycznych, ideologicznych czy merkantylnych, ukazującym przestrzenie nowej wrażliwości i sposoby odzyskiwania nieobecnego uczniowskiego głosu.</p>
