{"id":46041,"date":"2024-10-31T10:16:43","date_gmt":"2024-10-31T10:16:43","guid":{"rendered":"https:\/\/wydawnictwo.ug.edu.pl\/ksiegarnia-online\/uncategorized\/przedwiosnie-ery-sztucznej-inteligencji-technologia-zarzadzanie-prawo-t-2-czy-algorytmy-polacza-biblie-z-komputerem\/"},"modified":"2026-02-11T12:37:23","modified_gmt":"2026-02-11T12:37:23","slug":"przedwiosnie-ery-sztucznej-inteligencji-technologia-zarzadzanie-prawo-t-2-czy-algorytmy-polacza-biblie-z-komputerem","status":"publish","type":"product","link":"https:\/\/wydawnictwo.ug.edu.pl\/en\/ksiegarnia-online\/prawo-i-administracja\/przedwiosnie-ery-sztucznej-inteligencji-technologia-zarzadzanie-prawo-t-2-czy-algorytmy-polacza-biblie-z-komputerem\/","title":{"rendered":"Przedwio\u015bnie ery sztucznej inteligencji. Technologia \u2013 zarz\u0105dzanie \u2013 prawo, t. 2: Czy algorytmy po\u0142\u0105cz\u0105 Bibli\u0119 z komputerem?"},"content":{"rendered":"","protected":false},"excerpt":{"rendered":"<p>\u201eTematyka niniejszej ksi\u0105\u017cki jest niezwykle donios\u0142a, tak z uwagi na inten\u00adsywny rozw\u00f3j sztucznej inteligencji (AI), przy jednoczesnej nieadekwatno\u00ad\u015bci obowi\u0105zuj\u0105cego prawa, jak te\u017c ze wzgl\u0119du na interdyscyplinarny uk\u0142ad \u00a0odniesienia i tak\u0105 perspektyw\u0119 badawcz\u0105. W ostatnim czasie sztuczna \u00a0inteligencja inspirowa\u0142a wielu r\u00f3\u017cnych autor\u00f3w, jednak masowo po\u00adjawiaj\u0105ce si\u0119 prace stanowi\u0105 albo efekt obserwacji nast\u0119pczych, albo \u00a0wyraz obawy przed konsekwencjami wdra\u017cania AI i\/lub lokuj\u0105 si\u0119 g\u0142\u00f3wnie w okre\u015blonej dyscyplinie, gdy tymczasem oddzia\u0142ywanie AI bynajmniej nie przebiega w porz\u0105dku dyscyplinarnym. Zaprezentowane w opinio\u00adwanym dziele tre\u015bci i wnioski z nich wywiedzione powinny stanowi\u0107 polski wk\u0142ad w \u015bwiatowy dyskurs interdyscyplinarny oscyluj\u0105cy wok\u00f3\u0142 \u00a0problem\u00f3w i perspektyw rozwoju sztucznej inteligencji\u201d.<\/p>\n<p style=\"text-align: right;\"><em>Z recenzji prof. dr. hab. Macieja Perkowskiego<\/em><\/p>\n<p>\u201eKsi\u0105\u017cka stanowi odpowied\u017a na wsp\u00f3\u0142cze\u015bnie bardzo wa\u017cne pytania dotycz\u0105ce roli prawa w ochronie jednostki w dobie AI, jego zwi\u0105zk\u00f3w z innymi sferami dzia\u0142alno\u015bci, w szczeg\u00f3lno\u015bci w ramach globalnego i wolnego rynku, a tak\u017ce kwestii zarz\u0105dzania w sytuacjach kryzysowych, cyfryzacji wymiaru sprawiedliwo\u015bci i administracji (i zwi\u0105zanego z tym ryzyka), nowego charakteru norm prawnych i prawa informatycznego, obejmuj\u0105ce te\u017c wykorzystanie sztucznej inteligencji w procesie stosowania prawa i podejmowania r\u00f3\u017cnorodnych decyzji oraz funkcje kontroluj\u0105ce\u201d.<\/p>\n<p style=\"text-align: right;\"><em>Z recenzji dr. hab. Bartosza Wojciechowskiego, prof. U\u0141<\/em><\/p>\n","protected":false},"featured_media":30640,"template":"","meta":{"_acf_changed":false},"journal":[],"rodzaj":[7074],"seria":[],"product_brand":[],"product_cat":[6932,6942],"product_tag":[7573,7574,7575],"class_list":{"0":"post-46041","1":"product","2":"type-product","3":"status-publish","4":"has-post-thumbnail","6":"rodzaj-ksiazki","7":"product_cat-prawo-i-administracja","8":"product_cat-zarzadzanie","9":"product_tag-edmund-wittbrodt","10":"product_tag-marta-dargas-draganik","11":"product_tag-zdzislaw-brodecki","13":"first","14":"instock","15":"taxable","16":"shipping-taxable","17":"product-type-external"},"acf":[],"_links":{"self":[{"href":"https:\/\/wydawnictwo.ug.edu.pl\/en\/wp-json\/wp\/v2\/product\/46041","targetHints":{"allow":["GET"]}}],"collection":[{"href":"https:\/\/wydawnictwo.ug.edu.pl\/en\/wp-json\/wp\/v2\/product"}],"about":[{"href":"https:\/\/wydawnictwo.ug.edu.pl\/en\/wp-json\/wp\/v2\/types\/product"}],"wp:featuredmedia":[{"embeddable":true,"href":"https:\/\/wydawnictwo.ug.edu.pl\/en\/wp-json\/wp\/v2\/media\/30640"}],"wp:attachment":[{"href":"https:\/\/wydawnictwo.ug.edu.pl\/en\/wp-json\/wp\/v2\/media?parent=46041"}],"wp:term":[{"taxonomy":"journal","embeddable":true,"href":"https:\/\/wydawnictwo.ug.edu.pl\/en\/wp-json\/wp\/v2\/journal?post=46041"},{"taxonomy":"rodzaj","embeddable":true,"href":"https:\/\/wydawnictwo.ug.edu.pl\/en\/wp-json\/wp\/v2\/rodzaj?post=46041"},{"taxonomy":"seria","embeddable":true,"href":"https:\/\/wydawnictwo.ug.edu.pl\/en\/wp-json\/wp\/v2\/seria?post=46041"},{"taxonomy":"product_brand","embeddable":true,"href":"https:\/\/wydawnictwo.ug.edu.pl\/en\/wp-json\/wp\/v2\/product_brand?post=46041"},{"taxonomy":"product_cat","embeddable":true,"href":"https:\/\/wydawnictwo.ug.edu.pl\/en\/wp-json\/wp\/v2\/product_cat?post=46041"},{"taxonomy":"product_tag","embeddable":true,"href":"https:\/\/wydawnictwo.ug.edu.pl\/en\/wp-json\/wp\/v2\/product_tag?post=46041"}],"curies":[{"name":"wp","href":"https:\/\/api.w.org\/{rel}","templated":true}]}}

Przedwiośnie ery sztucznej inteligencji. Technologia – zarządzanie – prawo, t. 2: Czy algorytmy połączą Biblię z komputerem?

<p>„Tematyka niniejszej książki jest niezwykle doniosła, tak z uwagi na inten­sywny rozwój sztucznej inteligencji (AI), przy jednoczesnej nieadekwatno­ści obowiązującego prawa, jak też ze względu na interdyscyplinarny układ  odniesienia i taką perspektywę badawczą. W ostatnim czasie sztuczna  inteligencja inspirowała wielu różnych autorów, jednak masowo po­jawiające się prace stanowią albo efekt obserwacji następczych, albo  wyraz obawy przed konsekwencjami wdrażania AI i/lub lokują się głównie w określonej dyscyplinie, gdy tymczasem oddziaływanie AI bynajmniej nie przebiega w porządku dyscyplinarnym. Zaprezentowane w opinio­wanym dziele treści i wnioski z nich wywiedzione powinny stanowić polski wkład w światowy dyskurs interdyscyplinarny oscylujący wokół  problemów i perspektyw rozwoju sztucznej inteligencji”.</p>
<p style="text-align: right;"><em>Z recenzji prof. dr. hab. Macieja Perkowskiego</em></p>
<p>„Książka stanowi odpowiedź na współcześnie bardzo ważne pytania dotyczące roli prawa w ochronie jednostki w dobie AI, jego związków z innymi sferami działalności, w szczególności w ramach globalnego i wolnego rynku, a także kwestii zarządzania w sytuacjach kryzysowych, cyfryzacji wymiaru sprawiedliwości i administracji (i związanego z tym ryzyka), nowego charakteru norm prawnych i prawa informatycznego, obejmujące też wykorzystanie sztucznej inteligencji w procesie stosowania prawa i podejmowania różnorodnych decyzji oraz funkcje kontrolujące”.</p>
<p style="text-align: right;"><em>Z recenzji dr. hab. Bartosza Wojciechowskiego, prof. UŁ</em></p>
