{"id":46040,"date":"2024-11-06T07:41:07","date_gmt":"2024-11-06T07:41:07","guid":{"rendered":"https:\/\/wydawnictwo.ug.edu.pl\/ksiegarnia-online\/uncategorized\/zywioly-motyw-powietrza-w-literaturze-kulturze-i-sztuce\/"},"modified":"2026-02-11T12:36:32","modified_gmt":"2026-02-11T12:36:32","slug":"zywioly-motyw-powietrza-w-literaturze-kulturze-i-sztuce","status":"publish","type":"product","link":"https:\/\/wydawnictwo.ug.edu.pl\/en\/ksiegarnia-online\/literaturoznawstwo\/zywioly-motyw-powietrza-w-literaturze-kulturze-i-sztuce\/","title":{"rendered":"\u017bywio\u0142y. Motyw powietrza w literaturze, kulturze i sztuce"},"content":{"rendered":"","protected":false},"excerpt":{"rendered":"<p>Ksi\u0105\u017cka stanowi pok\u0142osie interdyscyplinarnej konferencji pt. \u017bywio\u0142y. Motyw powietrza w literaturze, kulturze i sztuce, kt\u00f3ra odby\u0142a si\u0119 w dniach 15-16 wrze\u015bnia 2022 roku w Zak\u0142adzie\u00a0<span class=\"hiddenSpellError\">Rosjoznawstwa<\/span>, Literatury i Kultury Rosyjskiej Instytutu Rusycystyki i Studi\u00f3w Wschodnich Uniwersytetu Gda\u0144skiego. Monografia zawiera artyku\u0142y o du\u017cej rozpi\u0119to\u015bci tematycznej, ale skoncentrowane wok\u00f3\u0142 problematyki \u017cywio\u0142u powietrza obecnej w rozmaitych wytworach kultury. Autorzy z polskich o\u015brodk\u00f3w naukowych prezentuj\u0105 wielop\u0142aszczyznowe podej\u015bcie do poruszonego zagadnienia oraz wskazuj\u0105 perspektywiczne kierunki przysz\u0142ych bada\u0144. Ksi\u0105\u017cka zamyka cykl monografii po\u015bwi\u0119conych \u017cywio\u0142om \u2013 wcze\u015bniejsze tomy (<a href=\"https:\/\/wydawnictwo.ug.edu.pl\/produkt\/zywioly-motyw-ziemi-w-literaturze-kulturze-i-sztuce\/\"><em>Motyw ziemi<\/em><\/a>, <em><a href=\"https:\/\/wydawnictwo.ug.edu.pl\/produkt\/zywioly-motyw-ognia-w-literaturze-kulturze-i-sztuce\/\">Motyw ognia<\/a><\/em> i <em><a href=\"https:\/\/wydawnictwo.ug.edu.pl\/produkt\/zywioly-motyw-wody-w-literaturze-kulturze-i-sztuce\/\">Motyw wody<\/a><\/em>) ukaza\u0142y si\u0119 nak\u0142adem Wydawnictwa Uniwersytetu Gda\u0144skiego.<\/p>\n","protected":false},"featured_media":30687,"template":"","meta":{"_acf_changed":false},"journal":[],"rodzaj":[7074],"seria":[],"product_brand":[],"product_cat":[6925],"product_tag":[7570,7571,7572],"class_list":{"0":"post-46040","1":"product","2":"type-product","3":"status-publish","4":"has-post-thumbnail","6":"rodzaj-ksiazki","7":"product_cat-literaturoznawstwo","8":"product_tag-kinga-okroj","9":"product_tag-monika-rzeczycka","10":"product_tag-svetlana-pavlenko","12":"first","13":"instock","14":"taxable","15":"shipping-taxable","16":"purchasable","17":"product-type-simple"},"acf":[],"_links":{"self":[{"href":"https:\/\/wydawnictwo.ug.edu.pl\/en\/wp-json\/wp\/v2\/product\/46040","targetHints":{"allow":["GET"]}}],"collection":[{"href":"https:\/\/wydawnictwo.ug.edu.pl\/en\/wp-json\/wp\/v2\/product"}],"about":[{"href":"https:\/\/wydawnictwo.ug.edu.pl\/en\/wp-json\/wp\/v2\/types\/product"}],"wp:featuredmedia":[{"embeddable":true,"href":"https:\/\/wydawnictwo.ug.edu.pl\/en\/wp-json\/wp\/v2\/media\/30687"}],"wp:attachment":[{"href":"https:\/\/wydawnictwo.ug.edu.pl\/en\/wp-json\/wp\/v2\/media?parent=46040"}],"wp:term":[{"taxonomy":"journal","embeddable":true,"href":"https:\/\/wydawnictwo.ug.edu.pl\/en\/wp-json\/wp\/v2\/journal?post=46040"},{"taxonomy":"rodzaj","embeddable":true,"href":"https:\/\/wydawnictwo.ug.edu.pl\/en\/wp-json\/wp\/v2\/rodzaj?post=46040"},{"taxonomy":"seria","embeddable":true,"href":"https:\/\/wydawnictwo.ug.edu.pl\/en\/wp-json\/wp\/v2\/seria?post=46040"},{"taxonomy":"product_brand","embeddable":true,"href":"https:\/\/wydawnictwo.ug.edu.pl\/en\/wp-json\/wp\/v2\/product_brand?post=46040"},{"taxonomy":"product_cat","embeddable":true,"href":"https:\/\/wydawnictwo.ug.edu.pl\/en\/wp-json\/wp\/v2\/product_cat?post=46040"},{"taxonomy":"product_tag","embeddable":true,"href":"https:\/\/wydawnictwo.ug.edu.pl\/en\/wp-json\/wp\/v2\/product_tag?post=46040"}],"curies":[{"name":"wp","href":"https:\/\/api.w.org\/{rel}","templated":true}]}}

Żywioły. Motyw powietrza w literaturze, kulturze i sztuce

<p>Książka stanowi pokłosie interdyscyplinarnej konferencji pt. Żywioły. Motyw powietrza w literaturze, kulturze i sztuce, która odbyła się w dniach 15-16 września 2022 roku w Zakładzie <span class="hiddenSpellError">Rosjoznawstwa</span>, Literatury i Kultury Rosyjskiej Instytutu Rusycystyki i Studiów Wschodnich Uniwersytetu Gdańskiego. Monografia zawiera artykuły o dużej rozpiętości tematycznej, ale skoncentrowane wokół problematyki żywiołu powietrza obecnej w rozmaitych wytworach kultury. Autorzy z polskich ośrodków naukowych prezentują wielopłaszczyznowe podejście do poruszonego zagadnienia oraz wskazują perspektywiczne kierunki przyszłych badań. Książka zamyka cykl monografii poświęconych żywiołom – wcześniejsze tomy (<a href="https://wydawnictwo.ug.edu.pl/produkt/zywioly-motyw-ziemi-w-literaturze-kulturze-i-sztuce/"><em>Motyw ziemi</em></a>, <em><a href="https://wydawnictwo.ug.edu.pl/produkt/zywioly-motyw-ognia-w-literaturze-kulturze-i-sztuce/">Motyw ognia</a></em> i <em><a href="https://wydawnictwo.ug.edu.pl/produkt/zywioly-motyw-wody-w-literaturze-kulturze-i-sztuce/">Motyw wody</a></em>) ukazały się nakładem Wydawnictwa Uniwersytetu Gdańskiego.</p>
