{"id":46036,"date":"2024-11-12T09:02:27","date_gmt":"2024-11-12T09:02:27","guid":{"rendered":"https:\/\/wydawnictwo.ug.edu.pl\/ksiegarnia-online\/uncategorized\/literatura-i-zycie-literackie-na-lamach-dziennika-baltyckiego-w-latach-1945-1956\/"},"modified":"2026-02-11T12:35:58","modified_gmt":"2026-02-11T12:35:58","slug":"literatura-i-zycie-literackie-na-lamach-dziennika-baltyckiego-w-latach-1945-1956","status":"publish","type":"product","link":"https:\/\/wydawnictwo.ug.edu.pl\/en\/ksiegarnia-online\/literaturoznawstwo\/literatura-i-zycie-literackie-na-lamach-dziennika-baltyckiego-w-latach-1945-1956\/","title":{"rendered":"Literatura i \u017cycie literackie na \u0142amach \u201eDziennika Ba\u0142tyckiego\u201d w latach 1945\u20131956"},"content":{"rendered":"","protected":false},"excerpt":{"rendered":"<p style=\"text-align: left;\"><em>Ksi\u0105\u017cka Literatura i \u017cycie literackie na \u0142amach \u201eDziennika Ba\u0142tyckiego\u201d w latach 1945\u20131956<\/em> wype\u0142nia luk\u0119 na polskim rynku wydawniczym w zakresie bada\u0144 nad mediami i zagadnieniami literatury i \u017cycia literackiego. Jej walorem jest materia\u0142 faktograficzny przedstawiony na bogatym tle uwarunkowa\u0144 determinuj\u0105cych rozw\u00f3j literatury na Pomorzu w okresie powojennym i w czasach socrealizmu (lata 1945\u20131956). Wyb\u00f3r przedmiotu bada\u0144 zosta\u0142 przez Autork\u0119 dok\u0142adnie przemy\u015blany, bowiem \u201eDziennik Ba\u0142tycki\u201d, pe\u0142ni\u0105c funkcj\u0119 czasopisma spo\u0142eczno-kulturalnego, by\u0142 pierwsz\u0105 polsk\u0105 gazet\u0105 ukazuj\u0105c\u0105 si\u0119 w Tr\u00f3jmie\u015bcie po wojnie. Ksi\u0105\u017cka zainteresuje zar\u00f3wno historyk\u00f3w prasy, bibliolog\u00f3w, archiwist\u00f3w, jak i literaturoznawc\u00f3w. Mo\u017ce te\u017c stanowi\u0107 interesuj\u0105c\u0105 lektur\u0119 dla student\u00f3w dziennikarstwa oraz bibliologii i informacji.<\/p>\n<p style=\"text-align: right;\"><em>dr hab. Anna Ry\u0142ko-Kurpiewska, prof. UG<\/em><\/p>\n","protected":false},"featured_media":30798,"template":"","meta":{"_acf_changed":false},"journal":[],"rodzaj":[7074],"seria":[],"product_brand":[],"product_cat":[6925],"product_tag":[7565],"class_list":{"0":"post-46036","1":"product","2":"type-product","3":"status-publish","4":"has-post-thumbnail","6":"rodzaj-ksiazki","7":"product_cat-literaturoznawstwo","8":"product_tag-jolanta-laskowskajolanta-laskowska","10":"first","11":"instock","12":"taxable","13":"shipping-taxable","14":"purchasable","15":"product-type-simple"},"acf":[],"_links":{"self":[{"href":"https:\/\/wydawnictwo.ug.edu.pl\/en\/wp-json\/wp\/v2\/product\/46036","targetHints":{"allow":["GET"]}}],"collection":[{"href":"https:\/\/wydawnictwo.ug.edu.pl\/en\/wp-json\/wp\/v2\/product"}],"about":[{"href":"https:\/\/wydawnictwo.ug.edu.pl\/en\/wp-json\/wp\/v2\/types\/product"}],"wp:featuredmedia":[{"embeddable":true,"href":"https:\/\/wydawnictwo.ug.edu.pl\/en\/wp-json\/wp\/v2\/media\/30798"}],"wp:attachment":[{"href":"https:\/\/wydawnictwo.ug.edu.pl\/en\/wp-json\/wp\/v2\/media?parent=46036"}],"wp:term":[{"taxonomy":"journal","embeddable":true,"href":"https:\/\/wydawnictwo.ug.edu.pl\/en\/wp-json\/wp\/v2\/journal?post=46036"},{"taxonomy":"rodzaj","embeddable":true,"href":"https:\/\/wydawnictwo.ug.edu.pl\/en\/wp-json\/wp\/v2\/rodzaj?post=46036"},{"taxonomy":"seria","embeddable":true,"href":"https:\/\/wydawnictwo.ug.edu.pl\/en\/wp-json\/wp\/v2\/seria?post=46036"},{"taxonomy":"product_brand","embeddable":true,"href":"https:\/\/wydawnictwo.ug.edu.pl\/en\/wp-json\/wp\/v2\/product_brand?post=46036"},{"taxonomy":"product_cat","embeddable":true,"href":"https:\/\/wydawnictwo.ug.edu.pl\/en\/wp-json\/wp\/v2\/product_cat?post=46036"},{"taxonomy":"product_tag","embeddable":true,"href":"https:\/\/wydawnictwo.ug.edu.pl\/en\/wp-json\/wp\/v2\/product_tag?post=46036"}],"curies":[{"name":"wp","href":"https:\/\/api.w.org\/{rel}","templated":true}]}}

Literatura i życie literackie na łamach „Dziennika Bałtyckiego” w latach 1945–1956

<p style="text-align: left;"><em>Książka Literatura i życie literackie na łamach „Dziennika Bałtyckiego” w latach 1945–1956</em> wypełnia lukę na polskim rynku wydawniczym w zakresie badań nad mediami i zagadnieniami literatury i życia literackiego. Jej walorem jest materiał faktograficzny przedstawiony na bogatym tle uwarunkowań determinujących rozwój literatury na Pomorzu w okresie powojennym i w czasach socrealizmu (lata 1945–1956). Wybór przedmiotu badań został przez Autorkę dokładnie przemyślany, bowiem „Dziennik Bałtycki”, pełniąc funkcję czasopisma społeczno-kulturalnego, był pierwszą polską gazetą ukazującą się w Trójmieście po wojnie. Książka zainteresuje zarówno historyków prasy, bibliologów, archiwistów, jak i literaturoznawców. Może też stanowić interesującą lekturę dla studentów dziennikarstwa oraz bibliologii i informacji.</p>
<p style="text-align: right;"><em>dr hab. Anna Ryłko-Kurpiewska, prof. UG</em></p>
