{"id":46016,"date":"2023-12-30T10:43:09","date_gmt":"2023-12-30T10:43:09","guid":{"rendered":"https:\/\/wydawnictwo.ug.edu.pl\/ksiegarnia-online\/uncategorized\/prawny-moralizm-w-liberalnej-demokracji\/"},"modified":"2026-02-11T12:51:10","modified_gmt":"2026-02-11T12:51:10","slug":"prawny-moralizm-w-liberalnej-demokracji","status":"publish","type":"product","link":"https:\/\/wydawnictwo.ug.edu.pl\/en\/ksiegarnia-online\/prawo-i-administracja\/prawny-moralizm-w-liberalnej-demokracji\/","title":{"rendered":"Prawny moralizm w liberalnej demokracji"},"content":{"rendered":"","protected":false},"excerpt":{"rendered":"<p>Autor wskazuje, \u017ce jego rozprawa ma uzupe\u0142ni\u0107 luk\u0119 w polskiej literaturze przedmiotu. Z pewno\u015bci\u0105 tak b\u0119dzie. Niemniej jednak nie spos\u00f3b nie dostrzec, \u017ce jego spos\u00f3b prowadzenia wywodu i uzasadnienia tezy jest oryginalny tak\u017ce z punktu widzenia literatury \u015bwiatowej. Pokazuje przy tym, \u017ce polska nauka prawa ma co\u015b do powiedzenia w podj\u0119tym temacie w perspektywie uniwersalnej.<\/p>\n<p style=\"text-align: right;\"><em>prof. dr hab. Marek Piechowiak<\/em><\/p>\n<p>Tytu\u0142 <em>Prawny moralizm w liberalnej demokracji<\/em> zawiera w sobie do\u015b\u0107 przewrotn\u0105 tez\u0119 o koniecznym istnieniu \u201epierwiastka\u201d moralizmu we wsp\u00f3\u0142czesnych pa\u0144stwach demokratycznych. Z tez\u0105 t\u0105 mo\u017cna oczywi\u015bcie polemizowa\u0107. Z za\u0142o\u017ce\u0144 filozofii demokratycznej wynika przecie\u017c, \u017ce pluralistyczne spo\u0142ecze\u0144stwo ze swej istoty nie mo\u017ce podlega\u0107 prawu, kt\u00f3re by\u0142oby prze\u0142o\u017ceniem cho\u0107by cz\u0119\u015bci pogl\u0105d\u00f3w moralnych jednej z grup \u015bwiatopogl\u0105dowych. W swoim wywodzie Autor pr\u00f3buje jednak przekona\u0107 czytelnika, \u017ce wiele z fundamentalnych za\u0142o\u017ce\u0144 tzw. \u201enowego moralizmu prawnego\u201d da si\u0119 pogodzi\u0107 z wymogami demokracji. Odnosz\u0119 wra\u017cenie, \u017ce poprzez swoj\u0105 argumentacj\u0119 stara si\u0119 \u201eodczarowa\u0107\u201d ugruntowane w literaturze pejoratywne znaczenia samego poj\u0119cia \u201emoralizm prawny\u201d. Musz\u0119 zaznaczy\u0107, \u017ce czyni to w spos\u00f3b przekonuj\u0105cy. Jego autorsk\u0105 propozycj\u0119 mo\u017cna zaklasyfikowa\u0107 jako poszukiwanie \u201etrzeciej drogi\u201d pomi\u0119dzy uj\u0119ciami pozytywizmu prawniczego i podej\u015bciem prawnonaturalnym.<\/p>\n<p style=\"text-align: right;\"><em>dr hab. Anetta Breczko, prof. UwB<\/em><\/p>\n<p>O wysokim poziomie merytorycznym rozprawy \u015bwiadczy m.in. spos\u00f3b przedstawiania wynik\u00f3w bada\u0144 (\u2026). Wyw\u00f3d jest uporz\u0105dkowany. Autor jasno formu\u0142uje problemy i precyzyjnie stawia hipotezy i tezy. Praca, mimo swej obj\u0119to\u015bci, nie jest przegadana. Autor zadba\u0142 te\u017c o wyja\u015bnianie \u201ena bie\u017c\u0105co\u201d znaczenia u\u017cywanych termin\u00f3w. Czytelnik pracy nie gubi si\u0119 w toku wywod\u00f3w autora. Wywody s\u0105 podporz\u0105dkowane realizacji cel\u00f3w badawczych i sp\u00f3jne z zastosowanymi metodami badawczymi.<\/p>\n<p style=\"text-align: right;\"><em>dr hab. Aleksandra Kustra-Rogatka, prof. UMK<\/em><\/p>\n","protected":false},"featured_media":27417,"template":"","meta":{"_acf_changed":false},"journal":[],"rodzaj":[2602],"seria":[],"product_brand":[],"product_cat":[232],"product_tag":[2380],"class_list":{"0":"post-46016","1":"product","2":"type-product","3":"status-publish","4":"has-post-thumbnail","6":"rodzaj-ksiazki","7":"product_cat-prawo-i-administracja","8":"product_tag-kamil-jesiolowski","10":"first","11":"instock","12":"taxable","13":"shipping-taxable","14":"purchasable","15":"product-type-simple"},"acf":[],"_links":{"self":[{"href":"https:\/\/wydawnictwo.ug.edu.pl\/en\/wp-json\/wp\/v2\/product\/46016","targetHints":{"allow":["GET"]}}],"collection":[{"href":"https:\/\/wydawnictwo.ug.edu.pl\/en\/wp-json\/wp\/v2\/product"}],"about":[{"href":"https:\/\/wydawnictwo.ug.edu.pl\/en\/wp-json\/wp\/v2\/types\/product"}],"wp:featuredmedia":[{"embeddable":true,"href":"https:\/\/wydawnictwo.ug.edu.pl\/en\/wp-json\/wp\/v2\/media\/27417"}],"wp:attachment":[{"href":"https:\/\/wydawnictwo.ug.edu.pl\/en\/wp-json\/wp\/v2\/media?parent=46016"}],"wp:term":[{"taxonomy":"journal","embeddable":true,"href":"https:\/\/wydawnictwo.ug.edu.pl\/en\/wp-json\/wp\/v2\/journal?post=46016"},{"taxonomy":"rodzaj","embeddable":true,"href":"https:\/\/wydawnictwo.ug.edu.pl\/en\/wp-json\/wp\/v2\/rodzaj?post=46016"},{"taxonomy":"seria","embeddable":true,"href":"https:\/\/wydawnictwo.ug.edu.pl\/en\/wp-json\/wp\/v2\/seria?post=46016"},{"taxonomy":"product_brand","embeddable":true,"href":"https:\/\/wydawnictwo.ug.edu.pl\/en\/wp-json\/wp\/v2\/product_brand?post=46016"},{"taxonomy":"product_cat","embeddable":true,"href":"https:\/\/wydawnictwo.ug.edu.pl\/en\/wp-json\/wp\/v2\/product_cat?post=46016"},{"taxonomy":"product_tag","embeddable":true,"href":"https:\/\/wydawnictwo.ug.edu.pl\/en\/wp-json\/wp\/v2\/product_tag?post=46016"}],"curies":[{"name":"wp","href":"https:\/\/api.w.org\/{rel}","templated":true}]}}

<p>Autor wskazuje, że jego rozprawa ma uzupełnić lukę w polskiej literaturze przedmiotu. Z pewnością tak będzie. Niemniej jednak nie sposób nie dostrzec, że jego sposób prowadzenia wywodu i uzasadnienia tezy jest oryginalny także z punktu widzenia literatury światowej. Pokazuje przy tym, że polska nauka prawa ma coś do powiedzenia w podjętym temacie w perspektywie uniwersalnej.</p>
<p style="text-align: right;"><em>prof. dr hab. Marek Piechowiak</em></p>
<p>Tytuł <em>Prawny moralizm w liberalnej demokracji</em> zawiera w sobie dość przewrotną tezę o koniecznym istnieniu „pierwiastka” moralizmu we współczesnych państwach demokratycznych. Z tezą tą można oczywiście polemizować. Z założeń filozofii demokratycznej wynika przecież, że pluralistyczne społeczeństwo ze swej istoty nie może podlegać prawu, które byłoby przełożeniem choćby części poglądów moralnych jednej z grup światopoglądowych. W swoim wywodzie Autor próbuje jednak przekonać czytelnika, że wiele z fundamentalnych założeń tzw. „nowego moralizmu prawnego” da się pogodzić z wymogami demokracji. Odnoszę wrażenie, że poprzez swoją argumentację stara się „odczarować” ugruntowane w literaturze pejoratywne znaczenia samego pojęcia „moralizm prawny”. Muszę zaznaczyć, że czyni to w sposób przekonujący. Jego autorską propozycję można zaklasyfikować jako poszukiwanie „trzeciej drogi” pomiędzy ujęciami pozytywizmu prawniczego i podejściem prawnonaturalnym.</p>
<p style="text-align: right;"><em>dr hab. Anetta Breczko, prof. UwB</em></p>
<p>O wysokim poziomie merytorycznym rozprawy świadczy m.in. sposób przedstawiania wyników badań (…). Wywód jest uporządkowany. Autor jasno formułuje problemy i precyzyjnie stawia hipotezy i tezy. Praca, mimo swej objętości, nie jest przegadana. Autor zadbał też o wyjaśnianie „na bieżąco” znaczenia używanych terminów. Czytelnik pracy nie gubi się w toku wywodów autora. Wywody są podporządkowane realizacji celów badawczych i spójne z zastosowanymi metodami badawczymi.</p>
<p style="text-align: right;"><em>dr hab. Aleksandra Kustra-Rogatka, prof. UMK</em></p>
