{"id":46011,"date":"2024-01-22T09:44:10","date_gmt":"2024-01-22T09:44:10","guid":{"rendered":"https:\/\/wydawnictwo.ug.edu.pl\/ksiegarnia-online\/uncategorized\/uczeni-gdanska-laureaci-nagrody-naukowej-miasta-gdanska-im-jana-heweliusza-za-lata-2018-2022\/"},"modified":"2026-02-11T12:50:53","modified_gmt":"2026-02-11T12:50:53","slug":"uczeni-gdanska-laureaci-nagrody-naukowej-miasta-gdanska-im-jana-heweliusza-za-lata-2018-2022","status":"publish","type":"product","link":"https:\/\/wydawnictwo.ug.edu.pl\/en\/ksiegarnia-online\/varia\/uczeni-gdanska-laureaci-nagrody-naukowej-miasta-gdanska-im-jana-heweliusza-za-lata-2018-2022\/","title":{"rendered":"Uczeni Gda\u0144ska. Laureaci Nagrody Naukowej Miasta Gda\u0144ska im. Jana Heweliusza za lata 2018\u20132022"},"content":{"rendered":"","protected":false},"excerpt":{"rendered":"<p>Nagroda Naukowa Miasta Gda\u0144ska im. Jana Heweliusza za wybitne osi\u0105gni\u0119cia naukowe zosta\u0142a ustanowiona przez Rad\u0119 Miasta w 1987 roku z inicjatywy i na wniosek \u00f3wczesnego Przewodnicz\u0105cego Oddzia\u0142u PAN w Gda\u0144sku &#8211; prof. Roberta Szewalskiego. Nagroda ta przyznawana jest corocznie, ciesz\u0105c si\u0119 presti\u017cem i uznaniem w lokalnym \u015brodowisku naukowym.<\/p>\n<p>Pocz\u0105wszy od 2001 roku, laureaci wy\u0142aniani s\u0105 w dw\u00f3ch kategoriach: nauk \u015bcis\u0142ych i przyrodniczych oraz nauk humanistycznych i spo\u0142ecznych. Zgodnie z regulaminem Nagrod\u0119 przyznaje Prezydent Miasta na wniosek Kapitu\u0142y Nagrody, kt\u00f3ra decyduje o wyborze laureat\u00f3w.<\/p>\n<p>Uroczysto\u015b\u0107 wr\u0119czenia Nagrody odbywa si\u0119 rokrocznie 28 stycznia w rocznic\u0119 urodzin Jana Heweliusza.<\/p>\n","protected":false},"featured_media":27696,"template":"","meta":{"_acf_changed":false},"journal":[],"rodzaj":[7074],"seria":[],"product_brand":[],"product_cat":[6958,6948],"product_tag":[7442],"class_list":{"0":"post-46011","1":"product","2":"type-product","3":"status-publish","4":"has-post-thumbnail","6":"rodzaj-ksiazki","7":"product_cat-historia","8":"product_cat-varia","9":"product_tag-jerzy-blazejowskijerzy-blazejowski","11":"first","12":"outofstock","13":"taxable","14":"shipping-taxable","15":"product-type-simple"},"acf":[],"_links":{"self":[{"href":"https:\/\/wydawnictwo.ug.edu.pl\/en\/wp-json\/wp\/v2\/product\/46011","targetHints":{"allow":["GET"]}}],"collection":[{"href":"https:\/\/wydawnictwo.ug.edu.pl\/en\/wp-json\/wp\/v2\/product"}],"about":[{"href":"https:\/\/wydawnictwo.ug.edu.pl\/en\/wp-json\/wp\/v2\/types\/product"}],"wp:featuredmedia":[{"embeddable":true,"href":"https:\/\/wydawnictwo.ug.edu.pl\/en\/wp-json\/wp\/v2\/media\/27696"}],"wp:attachment":[{"href":"https:\/\/wydawnictwo.ug.edu.pl\/en\/wp-json\/wp\/v2\/media?parent=46011"}],"wp:term":[{"taxonomy":"journal","embeddable":true,"href":"https:\/\/wydawnictwo.ug.edu.pl\/en\/wp-json\/wp\/v2\/journal?post=46011"},{"taxonomy":"rodzaj","embeddable":true,"href":"https:\/\/wydawnictwo.ug.edu.pl\/en\/wp-json\/wp\/v2\/rodzaj?post=46011"},{"taxonomy":"seria","embeddable":true,"href":"https:\/\/wydawnictwo.ug.edu.pl\/en\/wp-json\/wp\/v2\/seria?post=46011"},{"taxonomy":"product_brand","embeddable":true,"href":"https:\/\/wydawnictwo.ug.edu.pl\/en\/wp-json\/wp\/v2\/product_brand?post=46011"},{"taxonomy":"product_cat","embeddable":true,"href":"https:\/\/wydawnictwo.ug.edu.pl\/en\/wp-json\/wp\/v2\/product_cat?post=46011"},{"taxonomy":"product_tag","embeddable":true,"href":"https:\/\/wydawnictwo.ug.edu.pl\/en\/wp-json\/wp\/v2\/product_tag?post=46011"}],"curies":[{"name":"wp","href":"https:\/\/api.w.org\/{rel}","templated":true}]}}

Uczeni Gdańska. Laureaci Nagrody Naukowej Miasta Gdańska im. Jana Heweliusza za lata 2018–2022

<p>Nagroda Naukowa Miasta Gdańska im. Jana Heweliusza za wybitne osiągnięcia naukowe została ustanowiona przez Radę Miasta w 1987 roku z inicjatywy i na wniosek ówczesnego Przewodniczącego Oddziału PAN w Gdańsku &#8211; prof. Roberta Szewalskiego. Nagroda ta przyznawana jest corocznie, ciesząc się prestiżem i uznaniem w lokalnym środowisku naukowym.</p>
<p>Począwszy od 2001 roku, laureaci wyłaniani są w dwóch kategoriach: nauk ścisłych i przyrodniczych oraz nauk humanistycznych i społecznych. Zgodnie z regulaminem Nagrodę przyznaje Prezydent Miasta na wniosek Kapituły Nagrody, która decyduje o wyborze laureatów.</p>
<p>Uroczystość wręczenia Nagrody odbywa się rokrocznie 28 stycznia w rocznicę urodzin Jana Heweliusza.</p>
