{"id":46007,"date":"2024-02-06T14:01:58","date_gmt":"2024-02-06T14:01:58","guid":{"rendered":"https:\/\/wydawnictwo.ug.edu.pl\/ksiegarnia-online\/uncategorized\/prawo-i-literatura-jako-kierunek-filozoficznoprawny\/"},"modified":"2026-02-11T12:50:40","modified_gmt":"2026-02-11T12:50:40","slug":"prawo-i-literatura-jako-kierunek-filozoficznoprawny","status":"publish","type":"product","link":"https:\/\/wydawnictwo.ug.edu.pl\/en\/ksiegarnia-online\/prawo-i-administracja\/prawo-i-literatura-jako-kierunek-filozoficznoprawny\/","title":{"rendered":"Prawo i literatura jako kierunek filozoficznoprawny"},"content":{"rendered":"","protected":false},"excerpt":{"rendered":"<p style=\"text-align: left;\">\u201eDo najwa\u017cniejszych zalet ksi\u0105\u017cki zaliczy\u0142bym przede wszystkim kompleksowe uj\u0119cie i om\u00f3wienie potencjalnych relacji pomi\u0119dzy prawem a literatur\u0105. Stanowi ono z pewno\u015bci\u0105 krok naprz\u00f3d w pog\u0142\u0119bianiu zrozumienia ich z\u0142o\u017cono\u015bci i r\u00f3\u017cnorodno\u015bci, specyfiki zwi\u0105zanej z ich poszczeg\u00f3lnymi typami oraz powi\u0105zania ich z szerszym kontekstem dotychczasowego stanu wiedzy w zakresie nie tylko <em>law &amp; literature<\/em>, ale przede wszystkim perspektywy estetyki prawniczej jako dziedziny bada\u0144 filozoficznoprawnych. Pod tym wzgl\u0119dem wysi\u0142ek badawczy autorki uwa\u017cam za uwie\u0144czony bezdyskusyjnym powodzeniem\u201d.<\/p>\n<p style=\"text-align: right;\"><em>Z recenzji prof. dr. hab. Tomasza Pietrzykowskiego<\/em><\/p>\n<p style=\"text-align: left;\">\u201eAutorka proponuje konkretny spos\u00f3b prowadzenia bada\u0144 w nurcie <em>law &amp; literature<\/em>. Przedstawia w\u0142asny model post\u0119powania ze \u017ar\u00f3d\u0142ami literackimi, polegaj\u0105cy na zadawaniu im czterech pyta\u0144 filozofii prawa. Tworzy tym samym metod\u0119. Kto si\u0119 z metod\u0105 Autorki nie zgadza, mo\u017ce zaproponowa\u0107 w\u0142asn\u0105. To ona jednak postawi\u0142a wa\u017cny krok w uporz\u0105dkowaniu bie\u017c\u0105cej debaty i to do niej b\u0119dzie si\u0119 nale\u017ca\u0142o odnosi\u0107 w dalszych dyskusjach. Wielu intelektualnych impuls\u00f3w nie by\u0142oby, gdyby nie szansa zapoznania si\u0119 z jej wizj\u0105. Wierz\u0119, \u017ce b\u0119dzie ona wa\u017cnym punktem odniesienia w dalszych dyskusjach nad sposobami badania zwi\u0105zk\u00f3w prawa i literatury w naszym kraju\u201d.<\/p>\n<p style=\"text-align: right;\"><em>Z recenzji prof. dr. hab. Macieja Jo\u0144cy<\/em><\/p>\n<p>Ksi\u0105\u017cka ukaza\u0142a si\u0119 w serii wydawniczej Studia z Estetyki Prawa.<\/p>\n","protected":false},"featured_media":27874,"template":"","meta":{"_acf_changed":false},"journal":[],"rodzaj":[7074,7076],"seria":[7083],"product_brand":[],"product_cat":[6932],"product_tag":[7417],"class_list":{"0":"post-46007","1":"product","2":"type-product","3":"status-publish","4":"has-post-thumbnail","6":"rodzaj-ksiazki","7":"rodzaj-serie-wydawnicze","8":"seria-studia-z-estetyki-prawa","9":"product_cat-prawo-i-administracja","10":"product_tag-joanna-kamienjoanna-kamien","12":"first","13":"instock","14":"taxable","15":"shipping-taxable","16":"purchasable","17":"product-type-simple"},"acf":[],"_links":{"self":[{"href":"https:\/\/wydawnictwo.ug.edu.pl\/en\/wp-json\/wp\/v2\/product\/46007","targetHints":{"allow":["GET"]}}],"collection":[{"href":"https:\/\/wydawnictwo.ug.edu.pl\/en\/wp-json\/wp\/v2\/product"}],"about":[{"href":"https:\/\/wydawnictwo.ug.edu.pl\/en\/wp-json\/wp\/v2\/types\/product"}],"wp:featuredmedia":[{"embeddable":true,"href":"https:\/\/wydawnictwo.ug.edu.pl\/en\/wp-json\/wp\/v2\/media\/27874"}],"wp:attachment":[{"href":"https:\/\/wydawnictwo.ug.edu.pl\/en\/wp-json\/wp\/v2\/media?parent=46007"}],"wp:term":[{"taxonomy":"journal","embeddable":true,"href":"https:\/\/wydawnictwo.ug.edu.pl\/en\/wp-json\/wp\/v2\/journal?post=46007"},{"taxonomy":"rodzaj","embeddable":true,"href":"https:\/\/wydawnictwo.ug.edu.pl\/en\/wp-json\/wp\/v2\/rodzaj?post=46007"},{"taxonomy":"seria","embeddable":true,"href":"https:\/\/wydawnictwo.ug.edu.pl\/en\/wp-json\/wp\/v2\/seria?post=46007"},{"taxonomy":"product_brand","embeddable":true,"href":"https:\/\/wydawnictwo.ug.edu.pl\/en\/wp-json\/wp\/v2\/product_brand?post=46007"},{"taxonomy":"product_cat","embeddable":true,"href":"https:\/\/wydawnictwo.ug.edu.pl\/en\/wp-json\/wp\/v2\/product_cat?post=46007"},{"taxonomy":"product_tag","embeddable":true,"href":"https:\/\/wydawnictwo.ug.edu.pl\/en\/wp-json\/wp\/v2\/product_tag?post=46007"}],"curies":[{"name":"wp","href":"https:\/\/api.w.org\/{rel}","templated":true}]}}

<p style="text-align: left;">„Do najważniejszych zalet książki zaliczyłbym przede wszystkim kompleksowe ujęcie i omówienie potencjalnych relacji pomiędzy prawem a literaturą. Stanowi ono z pewnością krok naprzód w pogłębianiu zrozumienia ich złożoności i różnorodności, specyfiki związanej z ich poszczególnymi typami oraz powiązania ich z szerszym kontekstem dotychczasowego stanu wiedzy w zakresie nie tylko <em>law &amp; literature</em>, ale przede wszystkim perspektywy estetyki prawniczej jako dziedziny badań filozoficznoprawnych. Pod tym względem wysiłek badawczy autorki uważam za uwieńczony bezdyskusyjnym powodzeniem”.</p>
<p style="text-align: right;"><em>Z recenzji prof. dr. hab. Tomasza Pietrzykowskiego</em></p>
<p style="text-align: left;">„Autorka proponuje konkretny sposób prowadzenia badań w nurcie <em>law &amp; literature</em>. Przedstawia własny model postępowania ze źródłami literackimi, polegający na zadawaniu im czterech pytań filozofii prawa. Tworzy tym samym metodę. Kto się z metodą Autorki nie zgadza, może zaproponować własną. To ona jednak postawiła ważny krok w uporządkowaniu bieżącej debaty i to do niej będzie się należało odnosić w dalszych dyskusjach. Wielu intelektualnych impulsów nie byłoby, gdyby nie szansa zapoznania się z jej wizją. Wierzę, że będzie ona ważnym punktem odniesienia w dalszych dyskusjach nad sposobami badania związków prawa i literatury w naszym kraju”.</p>
<p style="text-align: right;"><em>Z recenzji prof. dr. hab. Macieja Jońcy</em></p>
<p>Książka ukazała się w serii wydawniczej Studia z Estetyki Prawa.</p>
