{"id":46003,"date":"2024-02-20T07:47:53","date_gmt":"2024-02-20T07:47:53","guid":{"rendered":"https:\/\/wydawnictwo.ug.edu.pl\/ksiegarnia-online\/uncategorized\/spoleczni-opiekunowie-zabytkow\/"},"modified":"2026-02-11T12:50:29","modified_gmt":"2026-02-11T12:50:29","slug":"spoleczni-opiekunowie-zabytkow","status":"publish","type":"product","link":"https:\/\/wydawnictwo.ug.edu.pl\/en\/ksiegarnia-online\/prawo-i-administracja\/spoleczni-opiekunowie-zabytkow\/","title":{"rendered":"Spo\u0142eczni opiekunowie zabytk\u00f3w"},"content":{"rendered":"","protected":false},"excerpt":{"rendered":"<p style=\"text-align: left;\">\u201ePublikacja stanowi wyj\u0105tkowo warto\u015bciowe, kompleksowe opracowanie, ukazuj\u0105ce miejsce instytucji spo\u0142ecznego opiekuna zabytk\u00f3w w systemie ochrony zabytk\u00f3w w Polsce. Autor przedstawi\u0142 zar\u00f3wno rozw\u00f3j historyczny wskazanej instytucji, jak i osadzi\u0142 jej funkcjonowanie na tle obowi\u0105zuj\u0105cych przepis\u00f3w prawa. W niezwykle szczeg\u00f3\u0142owy spos\u00f3b zosta\u0142a om\u00f3wiona regulacja dotycz\u0105ca funkcjonowania spo\u0142ecznych opiekun\u00f3w w aktualnym stanie prawnym, w tym zagadnienia zwi\u0105zane z ustanowieniem spo\u0142ecznych opiekun\u00f3w zabytk\u00f3w, ich uprawnieniami, jak i kwestie praktyczne, jak wydawanie legitymacji\u201d.<\/p>\n<p style=\"text-align: right;\"><em>Z recenzji dr hab. Katarzyny Zalasi\u0144skiej<\/em><\/p>\n<p>\u201eNiniejsza ksi\u0105\u017cka zape\u0142nia luk\u0119 w zakresie opisu instytucji s\u0142u\u017c\u0105cych ochronie zabytk\u00f3w, stanowi\u0105c wa\u017cny g\u0142os w dyskusji na temat prawnych gwarancji ochrony dziedzictwa kulturowego oraz miejsca, w systemie ich ochrony, podmiot\u00f3w innych ni\u017c organy administracji publicznej. Z tego punktu widzenia omawiana publikacja jest r\u00f3wnie\u017c ciekawa dla teorii prawa administracyjnego, w kt\u00f3rej ramach toczy si\u0119 dyskusja na temat przenoszenia kompetencji administracyjnoprawnych na rzecz podmiot\u00f3w zewn\u0119trznych, niezwi\u0105zanych bezpo\u015brednio z aparatem administracji publicznej\u201d.<\/p>\n<p style=\"text-align: right;\"><em>Z recenzji dr. hab. Paw\u0142a Daniela, prof. USWPS<\/em><\/p>\n<p>Ksi\u0105\u017cka wsp\u00f3\u0142wydana z Narodowym Instytutem Dziedzictwa.<\/p>\n<p><a href=\"https:\/\/wydawnictwo.ug.edu.pl\/wp-content\/uploads\/2023\/07\/nid-3-1.png\"><img decoding=\"async\" class=\"wp-image-25734 alignleft\" src=\"https:\/\/wydawnictwo.ug.edu.pl\/wp-content\/uploads\/2023\/07\/nid-3-1.png\" alt=\"\" width=\"86\" height=\"45\" srcset=\"https:\/\/wydawnictwo.ug.edu.pl\/wp-content\/uploads\/2023\/07\/nid-3-1.png 1200w, https:\/\/wydawnictwo.ug.edu.pl\/wp-content\/uploads\/2023\/07\/nid-3-1-600x314.png 600w, https:\/\/wydawnictwo.ug.edu.pl\/wp-content\/uploads\/2023\/07\/nid-3-1-300x157.png 300w, https:\/\/wydawnictwo.ug.edu.pl\/wp-content\/uploads\/2023\/07\/nid-3-1-1024x535.png 1024w, https:\/\/wydawnictwo.ug.edu.pl\/wp-content\/uploads\/2023\/07\/nid-3-1-768x401.png 768w, https:\/\/wydawnictwo.ug.edu.pl\/wp-content\/uploads\/2023\/07\/nid-3-1-640x334.png 640w, https:\/\/wydawnictwo.ug.edu.pl\/wp-content\/uploads\/2023\/07\/nid-3-1-400x209.png 400w, https:\/\/wydawnictwo.ug.edu.pl\/wp-content\/uploads\/2023\/07\/nid-3-1-450x231.png 450w\" sizes=\"(max-width: 86px) 100vw, 86px\" \/><\/a><a href=\"https:\/\/wydawnictwo.ug.edu.pl\/wp-content\/uploads\/2024\/02\/05_znak_uproszczony_kolor_biale_tlo_RGB.png\"><img decoding=\"async\" class=\"wp-image-28018 alignleft\" src=\"https:\/\/wydawnictwo.ug.edu.pl\/wp-content\/uploads\/2024\/02\/05_znak_uproszczony_kolor_biale_tlo_RGB.png\" alt=\"\" width=\"117\" height=\"33\" srcset=\"https:\/\/wydawnictwo.ug.edu.pl\/wp-content\/uploads\/2024\/02\/05_znak_uproszczony_kolor_biale_tlo_RGB.png 1600w, https:\/\/wydawnictwo.ug.edu.pl\/wp-content\/uploads\/2024\/02\/05_znak_uproszczony_kolor_biale_tlo_RGB-600x169.png 600w, https:\/\/wydawnictwo.ug.edu.pl\/wp-content\/uploads\/2024\/02\/05_znak_uproszczony_kolor_biale_tlo_RGB-300x84.png 300w, https:\/\/wydawnictwo.ug.edu.pl\/wp-content\/uploads\/2024\/02\/05_znak_uproszczony_kolor_biale_tlo_RGB-1024x288.png 1024w, https:\/\/wydawnictwo.ug.edu.pl\/wp-content\/uploads\/2024\/02\/05_znak_uproszczony_kolor_biale_tlo_RGB-768x216.png 768w, https:\/\/wydawnictwo.ug.edu.pl\/wp-content\/uploads\/2024\/02\/05_znak_uproszczony_kolor_biale_tlo_RGB-1536x432.png 1536w, https:\/\/wydawnictwo.ug.edu.pl\/wp-content\/uploads\/2024\/02\/05_znak_uproszczony_kolor_biale_tlo_RGB-640x180.png 640w, https:\/\/wydawnictwo.ug.edu.pl\/wp-content\/uploads\/2024\/02\/05_znak_uproszczony_kolor_biale_tlo_RGB-400x113.png 400w\" sizes=\"(max-width: 117px) 100vw, 117px\" \/><\/a><\/p>\n<p>&nbsp;<\/p>\n","protected":false},"featured_media":28017,"template":"","meta":{"_acf_changed":false},"journal":[],"rodzaj":[7074,7076],"seria":[7078],"product_brand":[],"product_cat":[6932],"product_tag":[7535],"class_list":{"0":"post-46003","1":"product","2":"type-product","3":"status-publish","4":"has-post-thumbnail","6":"rodzaj-ksiazki","7":"rodzaj-serie-wydawnicze","8":"seria-biblioteka-prawa-ochrony-zabytkow","9":"product_cat-prawo-i-administracja","10":"product_tag-damian-staniszewskidamian-staniszewski","12":"first","13":"instock","14":"taxable","15":"shipping-taxable","16":"purchasable","17":"product-type-simple"},"acf":[],"_links":{"self":[{"href":"https:\/\/wydawnictwo.ug.edu.pl\/en\/wp-json\/wp\/v2\/product\/46003","targetHints":{"allow":["GET"]}}],"collection":[{"href":"https:\/\/wydawnictwo.ug.edu.pl\/en\/wp-json\/wp\/v2\/product"}],"about":[{"href":"https:\/\/wydawnictwo.ug.edu.pl\/en\/wp-json\/wp\/v2\/types\/product"}],"wp:featuredmedia":[{"embeddable":true,"href":"https:\/\/wydawnictwo.ug.edu.pl\/en\/wp-json\/wp\/v2\/media\/28017"}],"wp:attachment":[{"href":"https:\/\/wydawnictwo.ug.edu.pl\/en\/wp-json\/wp\/v2\/media?parent=46003"}],"wp:term":[{"taxonomy":"journal","embeddable":true,"href":"https:\/\/wydawnictwo.ug.edu.pl\/en\/wp-json\/wp\/v2\/journal?post=46003"},{"taxonomy":"rodzaj","embeddable":true,"href":"https:\/\/wydawnictwo.ug.edu.pl\/en\/wp-json\/wp\/v2\/rodzaj?post=46003"},{"taxonomy":"seria","embeddable":true,"href":"https:\/\/wydawnictwo.ug.edu.pl\/en\/wp-json\/wp\/v2\/seria?post=46003"},{"taxonomy":"product_brand","embeddable":true,"href":"https:\/\/wydawnictwo.ug.edu.pl\/en\/wp-json\/wp\/v2\/product_brand?post=46003"},{"taxonomy":"product_cat","embeddable":true,"href":"https:\/\/wydawnictwo.ug.edu.pl\/en\/wp-json\/wp\/v2\/product_cat?post=46003"},{"taxonomy":"product_tag","embeddable":true,"href":"https:\/\/wydawnictwo.ug.edu.pl\/en\/wp-json\/wp\/v2\/product_tag?post=46003"}],"curies":[{"name":"wp","href":"https:\/\/api.w.org\/{rel}","templated":true}]}}

Społeczni opiekunowie zabytków

<p style="text-align: left;">„Publikacja stanowi wyjątkowo wartościowe, kompleksowe opracowanie, ukazujące miejsce instytucji społecznego opiekuna zabytków w systemie ochrony zabytków w Polsce. Autor przedstawił zarówno rozwój historyczny wskazanej instytucji, jak i osadził jej funkcjonowanie na tle obowiązujących przepisów prawa. W niezwykle szczegółowy sposób została omówiona regulacja dotycząca funkcjonowania społecznych opiekunów w aktualnym stanie prawnym, w tym zagadnienia związane z ustanowieniem społecznych opiekunów zabytków, ich uprawnieniami, jak i kwestie praktyczne, jak wydawanie legitymacji”.</p>
<p style="text-align: right;"><em>Z recenzji dr hab. Katarzyny Zalasińskiej</em></p>
<p>„Niniejsza książka zapełnia lukę w zakresie opisu instytucji służących ochronie zabytków, stanowiąc ważny głos w dyskusji na temat prawnych gwarancji ochrony dziedzictwa kulturowego oraz miejsca, w systemie ich ochrony, podmiotów innych niż organy administracji publicznej. Z tego punktu widzenia omawiana publikacja jest również ciekawa dla teorii prawa administracyjnego, w której ramach toczy się dyskusja na temat przenoszenia kompetencji administracyjnoprawnych na rzecz podmiotów zewnętrznych, niezwiązanych bezpośrednio z aparatem administracji publicznej”.</p>
<p style="text-align: right;"><em>Z recenzji dr. hab. Pawła Daniela, prof. USWPS</em></p>
<p>Książka współwydana z Narodowym Instytutem Dziedzictwa.</p>
<p><a href="https://wydawnictwo.ug.edu.pl/wp-content/uploads/2023/07/nid-3-1.png"><img decoding="async" class="wp-image-25734 alignleft" src="https://wydawnictwo.ug.edu.pl/wp-content/uploads/2023/07/nid-3-1.png" alt="" width="86" height="45" srcset="https://wydawnictwo.ug.edu.pl/wp-content/uploads/2023/07/nid-3-1.png 1200w, https://wydawnictwo.ug.edu.pl/wp-content/uploads/2023/07/nid-3-1-600x314.png 600w, https://wydawnictwo.ug.edu.pl/wp-content/uploads/2023/07/nid-3-1-300x157.png 300w, https://wydawnictwo.ug.edu.pl/wp-content/uploads/2023/07/nid-3-1-1024x535.png 1024w, https://wydawnictwo.ug.edu.pl/wp-content/uploads/2023/07/nid-3-1-768x401.png 768w, https://wydawnictwo.ug.edu.pl/wp-content/uploads/2023/07/nid-3-1-640x334.png 640w, https://wydawnictwo.ug.edu.pl/wp-content/uploads/2023/07/nid-3-1-400x209.png 400w, https://wydawnictwo.ug.edu.pl/wp-content/uploads/2023/07/nid-3-1-450x231.png 450w" sizes="(max-width: 86px) 100vw, 86px" /></a><a href="https://wydawnictwo.ug.edu.pl/wp-content/uploads/2024/02/05_znak_uproszczony_kolor_biale_tlo_RGB.png"><img decoding="async" class="wp-image-28018 alignleft" src="https://wydawnictwo.ug.edu.pl/wp-content/uploads/2024/02/05_znak_uproszczony_kolor_biale_tlo_RGB.png" alt="" width="117" height="33" srcset="https://wydawnictwo.ug.edu.pl/wp-content/uploads/2024/02/05_znak_uproszczony_kolor_biale_tlo_RGB.png 1600w, https://wydawnictwo.ug.edu.pl/wp-content/uploads/2024/02/05_znak_uproszczony_kolor_biale_tlo_RGB-600x169.png 600w, https://wydawnictwo.ug.edu.pl/wp-content/uploads/2024/02/05_znak_uproszczony_kolor_biale_tlo_RGB-300x84.png 300w, https://wydawnictwo.ug.edu.pl/wp-content/uploads/2024/02/05_znak_uproszczony_kolor_biale_tlo_RGB-1024x288.png 1024w, https://wydawnictwo.ug.edu.pl/wp-content/uploads/2024/02/05_znak_uproszczony_kolor_biale_tlo_RGB-768x216.png 768w, https://wydawnictwo.ug.edu.pl/wp-content/uploads/2024/02/05_znak_uproszczony_kolor_biale_tlo_RGB-1536x432.png 1536w, https://wydawnictwo.ug.edu.pl/wp-content/uploads/2024/02/05_znak_uproszczony_kolor_biale_tlo_RGB-640x180.png 640w, https://wydawnictwo.ug.edu.pl/wp-content/uploads/2024/02/05_znak_uproszczony_kolor_biale_tlo_RGB-400x113.png 400w" sizes="(max-width: 117px) 100vw, 117px" /></a></p>
<p>&nbsp;</p>
