{"id":45997,"date":"2024-03-22T09:43:12","date_gmt":"2024-03-22T09:43:12","guid":{"rendered":"https:\/\/wydawnictwo.ug.edu.pl\/ksiegarnia-online\/uncategorized\/balkany-w-kulturze-europy-od-starozytnosci-po-wspolczesnosc-tom-1\/"},"modified":"2026-02-11T12:50:15","modified_gmt":"2026-02-11T12:50:15","slug":"balkany-w-kulturze-europy-od-starozytnosci-po-wspolczesnosc-tom-1","status":"publish","type":"product","link":"https:\/\/wydawnictwo.ug.edu.pl\/en\/ksiegarnia-online\/literaturoznawstwo\/balkany-w-kulturze-europy-od-starozytnosci-po-wspolczesnosc-tom-1\/","title":{"rendered":"Ba\u0142kany w kulturze Europy. Od staro\u017cytno\u015bci po wsp\u00f3\u0142czesno\u015b\u0107. Tom 1"},"content":{"rendered":"","protected":false},"excerpt":{"rendered":"<p>Ba\u0142kany \u2013 to poj\u0119cie trudne do jednoznacznego zdefiniowania, przewa\u017cnie jest postrzegane jako zjawisko geograficzne lub cywilizacyjne, przy czym kultura okre\u015blana jako ba\u0142ka\u0144ska nie znajduje pe\u0142nego odzwierciedlenia w granicach geograficznych.<\/p>\n<p>W pierwszym tomie publikacji oferujemy Czytelnikowi teksty po\u015bwi\u0119cone j\u0119zykom ba\u0142ka\u0144skiego obszaru j\u0119zykowo-kulturowego, staro\u017cytnym mieszka\u0144com Ba\u0142kan\u00f3w (Trakom, Ilirom), opis Dalmacji dokonany przez Giovanniego Lucia, osiemnastowiecznego historyka dalmaty\u0144skiego uwa\u017canego za ojca chorwackiej historiografii, spojrzenie na interesuj\u0105cy nas obszar przez pryzmat relacji z podr\u00f3\u017cy Ottona Ferdinanda Dubislava von Pircha, obraz by\u0142ej Jugos\u0142awii we wsp\u00f3\u0142czesnej prozie niemieckiej czy wreszcie wgl\u0105d w pocz\u0105tki jugos\u0142owia\u0144skiej socjalistycznej kinematografii. Poniewa\u017c ksi\u0105\u017cka ta jedynie dotyka omawianych zagadnie\u0144, planujemy kontynuowa\u0107 podj\u0119t\u0105 problematyk\u0119 w kolejnych tomach.<\/p>\n<p style=\"text-align: right;\"><em>Anna Marchewka i Du\u0161an-Vladislav Pa\u017edjerski<\/em><\/p>\n","protected":false},"featured_media":28411,"template":"","meta":{"_acf_changed":false},"journal":[],"rodzaj":[7074],"seria":[],"product_brand":[],"product_cat":[6925],"product_tag":[7528,7529],"class_list":{"0":"post-45997","1":"product","2":"type-product","3":"status-publish","4":"has-post-thumbnail","6":"rodzaj-ksiazki","7":"product_cat-literaturoznawstwo","8":"product_tag-anna-marchewka","9":"product_tag-dusan-vladislav-pazdjerski","11":"first","12":"instock","13":"taxable","14":"shipping-taxable","15":"purchasable","16":"product-type-simple"},"acf":[],"_links":{"self":[{"href":"https:\/\/wydawnictwo.ug.edu.pl\/en\/wp-json\/wp\/v2\/product\/45997","targetHints":{"allow":["GET"]}}],"collection":[{"href":"https:\/\/wydawnictwo.ug.edu.pl\/en\/wp-json\/wp\/v2\/product"}],"about":[{"href":"https:\/\/wydawnictwo.ug.edu.pl\/en\/wp-json\/wp\/v2\/types\/product"}],"wp:featuredmedia":[{"embeddable":true,"href":"https:\/\/wydawnictwo.ug.edu.pl\/en\/wp-json\/wp\/v2\/media\/28411"}],"wp:attachment":[{"href":"https:\/\/wydawnictwo.ug.edu.pl\/en\/wp-json\/wp\/v2\/media?parent=45997"}],"wp:term":[{"taxonomy":"journal","embeddable":true,"href":"https:\/\/wydawnictwo.ug.edu.pl\/en\/wp-json\/wp\/v2\/journal?post=45997"},{"taxonomy":"rodzaj","embeddable":true,"href":"https:\/\/wydawnictwo.ug.edu.pl\/en\/wp-json\/wp\/v2\/rodzaj?post=45997"},{"taxonomy":"seria","embeddable":true,"href":"https:\/\/wydawnictwo.ug.edu.pl\/en\/wp-json\/wp\/v2\/seria?post=45997"},{"taxonomy":"product_brand","embeddable":true,"href":"https:\/\/wydawnictwo.ug.edu.pl\/en\/wp-json\/wp\/v2\/product_brand?post=45997"},{"taxonomy":"product_cat","embeddable":true,"href":"https:\/\/wydawnictwo.ug.edu.pl\/en\/wp-json\/wp\/v2\/product_cat?post=45997"},{"taxonomy":"product_tag","embeddable":true,"href":"https:\/\/wydawnictwo.ug.edu.pl\/en\/wp-json\/wp\/v2\/product_tag?post=45997"}],"curies":[{"name":"wp","href":"https:\/\/api.w.org\/{rel}","templated":true}]}}

Bałkany w kulturze Europy. Od starożytności po współczesność. Tom 1

<p>Bałkany – to pojęcie trudne do jednoznacznego zdefiniowania, przeważnie jest postrzegane jako zjawisko geograficzne lub cywilizacyjne, przy czym kultura określana jako bałkańska nie znajduje pełnego odzwierciedlenia w granicach geograficznych.</p>
<p>W pierwszym tomie publikacji oferujemy Czytelnikowi teksty poświęcone językom bałkańskiego obszaru językowo-kulturowego, starożytnym mieszkańcom Bałkanów (Trakom, Ilirom), opis Dalmacji dokonany przez Giovanniego Lucia, osiemnastowiecznego historyka dalmatyńskiego uważanego za ojca chorwackiej historiografii, spojrzenie na interesujący nas obszar przez pryzmat relacji z podróży Ottona Ferdinanda Dubislava von Pircha, obraz byłej Jugosławii we współczesnej prozie niemieckiej czy wreszcie wgląd w początki jugosłowiańskiej socjalistycznej kinematografii. Ponieważ książka ta jedynie dotyka omawianych zagadnień, planujemy kontynuować podjętą problematykę w kolejnych tomach.</p>
<p style="text-align: right;"><em>Anna Marchewka i Dušan-Vladislav Paždjerski</em></p>
