{"id":45994,"date":"2024-04-11T12:30:09","date_gmt":"2024-04-11T12:30:09","guid":{"rendered":"https:\/\/wydawnictwo.ug.edu.pl\/ksiegarnia-online\/uncategorized\/ksiazeta-i-krolowie-czescy-przemyslidzi-872-1306\/"},"modified":"2026-02-11T12:41:59","modified_gmt":"2026-02-11T12:41:59","slug":"ksiazeta-i-krolowie-czescy-przemyslidzi-872-1306","status":"publish","type":"product","link":"https:\/\/wydawnictwo.ug.edu.pl\/en\/ksiegarnia-online\/historia\/ksiazeta-i-krolowie-czescy-przemyslidzi-872-1306\/","title":{"rendered":"Ksi\u0105\u017c\u0119ta i kr\u00f3lowie czescy. Przemy\u015blidzi 872\u20131306. Dzieje polityczne"},"content":{"rendered":"","protected":false},"excerpt":{"rendered":"<p><em>Ksi\u0105\u017c\u0119ta i kr\u00f3lowie czescy. Przemy\u015blidzi 872\u20131306. Dzieje polityczne<\/em> to kontynuacja historii dziej\u00f3w pierwszej czeskiej dynastii, napisanej przez autork\u0119 w 2008 r., uzupe\u0142niona wynikami nowych bada\u0144 i poszerzona o wydarzenia z lat 1278\u20131306, czyli pi\u0119cioletni okres bezkr\u00f3lewia po \u015bmierci Przemys\u0142a Otokara II, 22 lata panowania Wac\u0142awa II i 14 miesi\u0119cy rz\u0105d\u00f3w jego syna Wac\u0142awa III, kt\u00f3ry w 1306 r. zgin\u0105\u0142 tragicznie w O\u0142omu\u0144cu.<\/p>\n<p>Dzieje Przemy\u015blid\u00f3w prezentowane s\u0105 chronologicznie, od kolebki ich pa\u0144stwowo\u015bci, czyli Pa\u0144stwa Wielkomorawskiego, gdzie w drugiej po\u0142owie IX w. Borzywoj I, ksi\u0105\u017c\u0119 czeski przyj\u0105\u0142 chrzest z r\u0105k \u015bw. Metodego. Poprzez pryzmat los\u00f3w potomk\u00f3w Borzywoja I i jego \u017cony Ludmi\u0142y, Anna Paner opowiada o wydarzeniach z okresu 434 lat panowania Przemy\u015blid\u00f3w w Czechach, w tym \u2013 300 lat na Morawach. Opr\u00f3cz polityki autorka stara si\u0119 te\u017c opowiedzie\u0107 osobiste losy ksi\u0105\u017c\u0105t i ksi\u0119\u017cniczek, kr\u00f3l\u00f3w i kr\u00f3lowych, kt\u00f3rzy zbudowali fundamenty pa\u0144stwa i tworzyli jego histori\u0119.<\/p>\n<div id=\"gtx-trans\" style=\"position: absolute; left: -65px; top: -16.6px;\">\n<div class=\"gtx-trans-icon\"><\/div>\n<\/div>\n","protected":false},"featured_media":28595,"template":"","meta":{"_acf_changed":false},"journal":[],"rodzaj":[7074],"seria":[],"product_brand":[],"product_cat":[7014,6958],"product_tag":[7526],"class_list":{"0":"post-45994","1":"product","2":"type-product","3":"status-publish","4":"has-post-thumbnail","6":"rodzaj-ksiazki","7":"product_cat-bestsellery","8":"product_cat-historia","9":"product_tag-anna-paner","11":"first","12":"instock","13":"taxable","14":"shipping-taxable","15":"purchasable","16":"product-type-simple"},"acf":[],"_links":{"self":[{"href":"https:\/\/wydawnictwo.ug.edu.pl\/en\/wp-json\/wp\/v2\/product\/45994","targetHints":{"allow":["GET"]}}],"collection":[{"href":"https:\/\/wydawnictwo.ug.edu.pl\/en\/wp-json\/wp\/v2\/product"}],"about":[{"href":"https:\/\/wydawnictwo.ug.edu.pl\/en\/wp-json\/wp\/v2\/types\/product"}],"wp:featuredmedia":[{"embeddable":true,"href":"https:\/\/wydawnictwo.ug.edu.pl\/en\/wp-json\/wp\/v2\/media\/28595"}],"wp:attachment":[{"href":"https:\/\/wydawnictwo.ug.edu.pl\/en\/wp-json\/wp\/v2\/media?parent=45994"}],"wp:term":[{"taxonomy":"journal","embeddable":true,"href":"https:\/\/wydawnictwo.ug.edu.pl\/en\/wp-json\/wp\/v2\/journal?post=45994"},{"taxonomy":"rodzaj","embeddable":true,"href":"https:\/\/wydawnictwo.ug.edu.pl\/en\/wp-json\/wp\/v2\/rodzaj?post=45994"},{"taxonomy":"seria","embeddable":true,"href":"https:\/\/wydawnictwo.ug.edu.pl\/en\/wp-json\/wp\/v2\/seria?post=45994"},{"taxonomy":"product_brand","embeddable":true,"href":"https:\/\/wydawnictwo.ug.edu.pl\/en\/wp-json\/wp\/v2\/product_brand?post=45994"},{"taxonomy":"product_cat","embeddable":true,"href":"https:\/\/wydawnictwo.ug.edu.pl\/en\/wp-json\/wp\/v2\/product_cat?post=45994"},{"taxonomy":"product_tag","embeddable":true,"href":"https:\/\/wydawnictwo.ug.edu.pl\/en\/wp-json\/wp\/v2\/product_tag?post=45994"}],"curies":[{"name":"wp","href":"https:\/\/api.w.org\/{rel}","templated":true}]}}

Książęta i królowie czescy. Przemyślidzi 872–1306. Dzieje polityczne

<p><em>Książęta i królowie czescy. Przemyślidzi 872–1306. Dzieje polityczne</em> to kontynuacja historii dziejów pierwszej czeskiej dynastii, napisanej przez autorkę w 2008 r., uzupełniona wynikami nowych badań i poszerzona o wydarzenia z lat 1278–1306, czyli pięcioletni okres bezkrólewia po śmierci Przemysła Otokara II, 22 lata panowania Wacława II i 14 miesięcy rządów jego syna Wacława III, który w 1306 r. zginął tragicznie w Ołomuńcu.</p>
<p>Dzieje Przemyślidów prezentowane są chronologicznie, od kolebki ich państwowości, czyli Państwa Wielkomorawskiego, gdzie w drugiej połowie IX w. Borzywoj I, książę czeski przyjął chrzest z rąk św. Metodego. Poprzez pryzmat losów potomków Borzywoja I i jego żony Ludmiły, Anna Paner opowiada o wydarzeniach z okresu 434 lat panowania Przemyślidów w Czechach, w tym – 300 lat na Morawach. Oprócz polityki autorka stara się też opowiedzieć osobiste losy książąt i księżniczek, królów i królowych, którzy zbudowali fundamenty państwa i tworzyli jego historię.</p>
<div id="gtx-trans" style="position: absolute; left: -65px; top: -16.6px;">
<div class="gtx-trans-icon"></div>
</div>
