{"id":45993,"date":"2024-04-19T07:20:41","date_gmt":"2024-04-19T07:20:41","guid":{"rendered":"https:\/\/wydawnictwo.ug.edu.pl\/ksiegarnia-online\/uncategorized\/przechadzki-po-dolinie-muminkow-perspektywa-filozoficzno-literacka\/"},"modified":"2026-02-11T12:42:00","modified_gmt":"2026-02-11T12:42:00","slug":"przechadzki-po-dolinie-muminkow-perspektywa-filozoficzno-literacka","status":"publish","type":"product","link":"https:\/\/wydawnictwo.ug.edu.pl\/en\/ksiegarnia-online\/jezykoznawstwo\/przechadzki-po-dolinie-muminkow-perspektywa-filozoficzno-literacka\/","title":{"rendered":"Przechadzki po Dolinie Mumink\u00f3w. Perspektywa filozoficzno-literacka"},"content":{"rendered":"","protected":false},"excerpt":{"rendered":"<p>Autorka traktuje opowie\u015bci o Muminkach jako swoist\u0105 filozofi\u0119 \u017cycia, odwo\u0142uje si\u0119 do szerokich kontekst\u00f3w egzystencjonalno-etycznych, socjologicznych i pedagogicznych, wskazuj\u0105c na niezwyk\u0142\u0105 aktualno\u015b\u0107 i uniwersalizm przes\u0142a\u0144, aksjologicznych wyzwa\u0144 i g\u0142\u0119bszych sens\u00f3w historii Jansson, temat\u00f3w istotnych r\u00f3wnie\u017c dla wsp\u00f3\u0142czesnych naukowych eksploracji XXI wieku. Uwzgl\u0119dnia m.in. zagadnienia r\u00f3wno\u015bciowe, krytyk\u0119 feministyczn\u0105, konfrontacj\u0119 z zagro\u017ceniami wsp\u00f3\u0142czesnej cywilizacji, humanistyk\u0119 ekologiczn\u0105, kwestie porozumiewania si\u0119 i milczenia, poj\u0119cia samotno\u015bci, odrzucenia i \u201ewalki\u201d o akceptacj\u0119, ale tak\u017ce ironi\u0119 czy rol\u0119 teatru, czym wpisuje si\u0119 znacz\u0105co w dyskusj\u0119 na temat szeroko poj\u0119tej wsp\u00f3\u0142czesnej edukacji humanistycznej dzieci i m\u0142odzie\u017cy.<\/p>\n<p style=\"text-align: right;\"><em>Z recenzji prof. Doroty Michu\u0142ki<\/em><\/p>\n","protected":false},"featured_media":28627,"template":"","meta":{"_acf_changed":false},"journal":[],"rodzaj":[7074],"seria":[],"product_brand":[],"product_cat":[7014,6924,6926],"product_tag":[7453],"class_list":{"0":"post-45993","1":"product","2":"type-product","3":"status-publish","4":"has-post-thumbnail","6":"rodzaj-ksiazki","7":"product_cat-bestsellery","8":"product_cat-jezykoznawstwo","9":"product_cat-przekladoznawstwo","10":"product_tag-hanna-dymel-trzebiatowskahanna-dymel-trzebiatowska","12":"first","13":"instock","14":"taxable","15":"shipping-taxable","16":"purchasable","17":"product-type-simple"},"acf":[],"_links":{"self":[{"href":"https:\/\/wydawnictwo.ug.edu.pl\/en\/wp-json\/wp\/v2\/product\/45993","targetHints":{"allow":["GET"]}}],"collection":[{"href":"https:\/\/wydawnictwo.ug.edu.pl\/en\/wp-json\/wp\/v2\/product"}],"about":[{"href":"https:\/\/wydawnictwo.ug.edu.pl\/en\/wp-json\/wp\/v2\/types\/product"}],"wp:featuredmedia":[{"embeddable":true,"href":"https:\/\/wydawnictwo.ug.edu.pl\/en\/wp-json\/wp\/v2\/media\/28627"}],"wp:attachment":[{"href":"https:\/\/wydawnictwo.ug.edu.pl\/en\/wp-json\/wp\/v2\/media?parent=45993"}],"wp:term":[{"taxonomy":"journal","embeddable":true,"href":"https:\/\/wydawnictwo.ug.edu.pl\/en\/wp-json\/wp\/v2\/journal?post=45993"},{"taxonomy":"rodzaj","embeddable":true,"href":"https:\/\/wydawnictwo.ug.edu.pl\/en\/wp-json\/wp\/v2\/rodzaj?post=45993"},{"taxonomy":"seria","embeddable":true,"href":"https:\/\/wydawnictwo.ug.edu.pl\/en\/wp-json\/wp\/v2\/seria?post=45993"},{"taxonomy":"product_brand","embeddable":true,"href":"https:\/\/wydawnictwo.ug.edu.pl\/en\/wp-json\/wp\/v2\/product_brand?post=45993"},{"taxonomy":"product_cat","embeddable":true,"href":"https:\/\/wydawnictwo.ug.edu.pl\/en\/wp-json\/wp\/v2\/product_cat?post=45993"},{"taxonomy":"product_tag","embeddable":true,"href":"https:\/\/wydawnictwo.ug.edu.pl\/en\/wp-json\/wp\/v2\/product_tag?post=45993"}],"curies":[{"name":"wp","href":"https:\/\/api.w.org\/{rel}","templated":true}]}}

Przechadzki po Dolinie Muminków. Perspektywa filozoficzno-literacka

<p>Autorka traktuje opowieści o Muminkach jako swoistą filozofię życia, odwołuje się do szerokich kontekstów egzystencjonalno-etycznych, socjologicznych i pedagogicznych, wskazując na niezwykłą aktualność i uniwersalizm przesłań, aksjologicznych wyzwań i głębszych sensów historii Jansson, tematów istotnych również dla współczesnych naukowych eksploracji XXI wieku. Uwzględnia m.in. zagadnienia równościowe, krytykę feministyczną, konfrontację z zagrożeniami współczesnej cywilizacji, humanistykę ekologiczną, kwestie porozumiewania się i milczenia, pojęcia samotności, odrzucenia i „walki” o akceptację, ale także ironię czy rolę teatru, czym wpisuje się znacząco w dyskusję na temat szeroko pojętej współczesnej edukacji humanistycznej dzieci i młodzieży.</p>
<p style="text-align: right;"><em>Z recenzji prof. Doroty Michułki</em></p>
