{"id":45991,"date":"2024-05-09T09:45:14","date_gmt":"2024-05-09T09:45:14","guid":{"rendered":"https:\/\/wydawnictwo.ug.edu.pl\/ksiegarnia-online\/uncategorized\/biobankowanie-ludzkiego-materialu-biologicznego-spor-o-model-racjonalnego-prawa-w-badaniach-biomedycznych\/"},"modified":"2026-02-11T12:41:48","modified_gmt":"2026-02-11T12:41:48","slug":"biobankowanie-ludzkiego-materialu-biologicznego-spor-o-model-racjonalnego-prawa-w-badaniach-biomedycznych","status":"publish","type":"product","link":"https:\/\/wydawnictwo.ug.edu.pl\/en\/ksiegarnia-online\/prawo-i-administracja\/biobankowanie-ludzkiego-materialu-biologicznego-spor-o-model-racjonalnego-prawa-w-badaniach-biomedycznych\/","title":{"rendered":"Biobankowanie ludzkiego materia\u0142u biologicznego: sp\u00f3r o model racjonalnego prawa w badaniach biomedycznych"},"content":{"rendered":"","protected":false},"excerpt":{"rendered":"<p>\u201eAutor dokona\u0142 interesuj\u0105cej i samodzielnej analizy problematyki wskazanej w tytule pracy. Obszernie wyja\u015bni\u0142 r\u00f3\u017cnorodne kwestie biobankowania powi\u0105zane z prawem, ale te\u017c z prawami cz\u0142owieka, z polityk\u0105, bioetyk\u0105, socjologi\u0105, dzia\u0142alno\u015bci\u0105 gospodarcz\u0105, kultur\u0105. Dla zrealizowania tego celu przytoczy\u0142 liczne zaczerpni\u0119te z literatury stanowiska, argumenty, opisy, wyja\u015bnienia uzasadniaj\u0105ce przyj\u0119te rozwi\u0105zania prawne. Szczeg\u00f3lne znaczenie w swym dowodzeniu \u2013 i s\u0142usznie \u2013 przypisa\u0142 orzecznictwu. [\u2026] analizowany w recenzowanej pracy problem konieczno\u015bci doskonalenia przepis\u00f3w biobankowania i tego wszystkiego, co si\u0119 z tym wi\u0105\u017ce, jest istotnym zagadnieniem r\u00f3wnie\u017c w \u015bwietle (z konieczno\u015bci szeroko tu pojmowanych) praw cz\u0142owieka\u201d.<\/p>\n<p style=\"text-align: right;\"><em>Z recenzji prof. Piotra Krajewskiego<\/em><\/p>\n","protected":false},"featured_media":28802,"template":"","meta":{"_acf_changed":false},"journal":[],"rodzaj":[7074],"seria":[],"product_brand":[],"product_cat":[6932],"product_tag":[7524],"class_list":{"0":"post-45991","1":"product","2":"type-product","3":"status-publish","4":"has-post-thumbnail","6":"rodzaj-ksiazki","7":"product_cat-prawo-i-administracja","8":"product_tag-karol-gregorczukkarol-gregorczuk","10":"first","11":"instock","12":"taxable","13":"shipping-taxable","14":"purchasable","15":"product-type-simple"},"acf":[],"_links":{"self":[{"href":"https:\/\/wydawnictwo.ug.edu.pl\/en\/wp-json\/wp\/v2\/product\/45991","targetHints":{"allow":["GET"]}}],"collection":[{"href":"https:\/\/wydawnictwo.ug.edu.pl\/en\/wp-json\/wp\/v2\/product"}],"about":[{"href":"https:\/\/wydawnictwo.ug.edu.pl\/en\/wp-json\/wp\/v2\/types\/product"}],"wp:featuredmedia":[{"embeddable":true,"href":"https:\/\/wydawnictwo.ug.edu.pl\/en\/wp-json\/wp\/v2\/media\/28802"}],"wp:attachment":[{"href":"https:\/\/wydawnictwo.ug.edu.pl\/en\/wp-json\/wp\/v2\/media?parent=45991"}],"wp:term":[{"taxonomy":"journal","embeddable":true,"href":"https:\/\/wydawnictwo.ug.edu.pl\/en\/wp-json\/wp\/v2\/journal?post=45991"},{"taxonomy":"rodzaj","embeddable":true,"href":"https:\/\/wydawnictwo.ug.edu.pl\/en\/wp-json\/wp\/v2\/rodzaj?post=45991"},{"taxonomy":"seria","embeddable":true,"href":"https:\/\/wydawnictwo.ug.edu.pl\/en\/wp-json\/wp\/v2\/seria?post=45991"},{"taxonomy":"product_brand","embeddable":true,"href":"https:\/\/wydawnictwo.ug.edu.pl\/en\/wp-json\/wp\/v2\/product_brand?post=45991"},{"taxonomy":"product_cat","embeddable":true,"href":"https:\/\/wydawnictwo.ug.edu.pl\/en\/wp-json\/wp\/v2\/product_cat?post=45991"},{"taxonomy":"product_tag","embeddable":true,"href":"https:\/\/wydawnictwo.ug.edu.pl\/en\/wp-json\/wp\/v2\/product_tag?post=45991"}],"curies":[{"name":"wp","href":"https:\/\/api.w.org\/{rel}","templated":true}]}}

Biobankowanie ludzkiego materiału biologicznego: spór o model racjonalnego prawa w badaniach biomedycznych

<p>„Autor dokonał interesującej i samodzielnej analizy problematyki wskazanej w tytule pracy. Obszernie wyjaśnił różnorodne kwestie biobankowania powiązane z prawem, ale też z prawami człowieka, z polityką, bioetyką, socjologią, działalnością gospodarczą, kulturą. Dla zrealizowania tego celu przytoczył liczne zaczerpnięte z literatury stanowiska, argumenty, opisy, wyjaśnienia uzasadniające przyjęte rozwiązania prawne. Szczególne znaczenie w swym dowodzeniu – i słusznie – przypisał orzecznictwu. […] analizowany w recenzowanej pracy problem konieczności doskonalenia przepisów biobankowania i tego wszystkiego, co się z tym wiąże, jest istotnym zagadnieniem również w świetle (z konieczności szeroko tu pojmowanych) praw człowieka”.</p>
<p style="text-align: right;"><em>Z recenzji prof. Piotra Krajewskiego</em></p>
