{"id":45984,"date":"2024-11-14T10:14:59","date_gmt":"2024-11-14T10:14:59","guid":{"rendered":"https:\/\/wydawnictwo.ug.edu.pl\/ksiegarnia-online\/uncategorized\/terridentyfikacje-albo-pisanie-eksterytorialne-burno-durocher-anna-langfus-piotr-rawicz\/"},"modified":"2026-02-11T12:35:55","modified_gmt":"2026-02-11T12:35:55","slug":"terridentyfikacje-albo-pisanie-eksterytorialne-burno-durocher-anna-langfus-piotr-rawicz","status":"publish","type":"product","link":"https:\/\/wydawnictwo.ug.edu.pl\/en\/ksiegarnia-online\/literaturoznawstwo\/terridentyfikacje-albo-pisanie-eksterytorialne-burno-durocher-anna-langfus-piotr-rawicz\/","title":{"rendered":"Terridentyfikacje albo pisanie (eks)terytorialne. Bruno Durocher, Anna Langfus, Piotr Rawicz"},"content":{"rendered":"","protected":false},"excerpt":{"rendered":"<p>\u201eJadwiga Bodzi\u0144ska-Bobkowska umiej\u0119tnie i dojrzale po\u0142\u0105czy\u0142a analiz\u0119 stricte literack\u0105 z refleksj\u0105 teoretyczn\u0105, si\u0119gaj\u0105c po ma\u0142o znane lub zupe\u0142nie niewykorzystane okre\u015blenia dla nazwania niekt\u00f3rych zjawisk czy proces\u00f3w zwi\u0105zanych z mapowaniem auto\/bio\/topo\/graficznym pisarzy. Jej refleksja opiera si\u0119 przede wszystkim na teoretycznych za\u0142o\u017ceniach filozof\u00f3w francuskich: Gilles\u2019a Deleuze\u2019a i F\u00e9lixa Guattariego, jak r\u00f3wnie\u017c rodzimych badaczy, jak cho\u0107by Ryszarda Nycza. Nale\u017cy tutaj podkre\u015bli\u0107 rozeznanie i swobod\u0119, z jak\u0105 Autorka porusza si\u0119 po eksplorowanym polu badawczym, oraz jej znajomo\u015b\u0107 zar\u00f3wno analizowanego korpusu, jak i literatury przedmiotu. [\u2026] Ksi\u0105\u017ck\u0119 Jadwigi Bodzi\u0144skiej-Bobkowskiej czyta si\u0119 nie tylko z du\u017cym zainteresowaniem, ale i przyjemno\u015bci\u0105, gdy\u017c napisana jest ciekaw\u0105 polszczyzn\u0105, a umiej\u0119tnie wplecione neologizmy s\u0105 zawsze skrupulatnie zdefiniowane. Publikacja <em>Terridentyfikacje albo pisanie (eks)terytorialne. Bruno Durocher, Anna Langfus, Piotr Rawicz<\/em> istotnie wzbogaca nasz\u0105 wiedz\u0119 na temat trzech polsko-\u017cydowsko-francuskich osta\u0144c\u00f3w, kt\u00f3rych po\u0142\u0105czy\u0142y losy wojenne i powojenne wybory zwi\u0105zane z miejscem zamieszkania i j\u0119zykiem wypowiedzi artystycznej\u201d.<\/p>\n<p style=\"text-align: right;\"><em>Z recenzji dr hab. Renaty Jakubczuk, prof. UMCS<\/em><\/p>\n","protected":false},"featured_media":30827,"template":"","meta":{"_acf_changed":false},"journal":[],"rodzaj":[7074],"seria":[],"product_brand":[],"product_cat":[6925],"product_tag":[7510],"class_list":{"0":"post-45984","1":"product","2":"type-product","3":"status-publish","4":"has-post-thumbnail","6":"rodzaj-ksiazki","7":"product_cat-literaturoznawstwo","8":"product_tag-jadwiga-bodzinska-bobkowskajadwiga-bodzinska-bobkowska","10":"first","11":"instock","12":"taxable","13":"shipping-taxable","14":"purchasable","15":"product-type-simple"},"acf":[],"_links":{"self":[{"href":"https:\/\/wydawnictwo.ug.edu.pl\/en\/wp-json\/wp\/v2\/product\/45984","targetHints":{"allow":["GET"]}}],"collection":[{"href":"https:\/\/wydawnictwo.ug.edu.pl\/en\/wp-json\/wp\/v2\/product"}],"about":[{"href":"https:\/\/wydawnictwo.ug.edu.pl\/en\/wp-json\/wp\/v2\/types\/product"}],"wp:featuredmedia":[{"embeddable":true,"href":"https:\/\/wydawnictwo.ug.edu.pl\/en\/wp-json\/wp\/v2\/media\/30827"}],"wp:attachment":[{"href":"https:\/\/wydawnictwo.ug.edu.pl\/en\/wp-json\/wp\/v2\/media?parent=45984"}],"wp:term":[{"taxonomy":"journal","embeddable":true,"href":"https:\/\/wydawnictwo.ug.edu.pl\/en\/wp-json\/wp\/v2\/journal?post=45984"},{"taxonomy":"rodzaj","embeddable":true,"href":"https:\/\/wydawnictwo.ug.edu.pl\/en\/wp-json\/wp\/v2\/rodzaj?post=45984"},{"taxonomy":"seria","embeddable":true,"href":"https:\/\/wydawnictwo.ug.edu.pl\/en\/wp-json\/wp\/v2\/seria?post=45984"},{"taxonomy":"product_brand","embeddable":true,"href":"https:\/\/wydawnictwo.ug.edu.pl\/en\/wp-json\/wp\/v2\/product_brand?post=45984"},{"taxonomy":"product_cat","embeddable":true,"href":"https:\/\/wydawnictwo.ug.edu.pl\/en\/wp-json\/wp\/v2\/product_cat?post=45984"},{"taxonomy":"product_tag","embeddable":true,"href":"https:\/\/wydawnictwo.ug.edu.pl\/en\/wp-json\/wp\/v2\/product_tag?post=45984"}],"curies":[{"name":"wp","href":"https:\/\/api.w.org\/{rel}","templated":true}]}}

<p>„Jadwiga Bodzińska-Bobkowska umiejętnie i dojrzale połączyła analizę stricte literacką z refleksją teoretyczną, sięgając po mało znane lub zupełnie niewykorzystane określenia dla nazwania niektórych zjawisk czy procesów związanych z mapowaniem auto/bio/topo/graficznym pisarzy. Jej refleksja opiera się przede wszystkim na teoretycznych założeniach filozofów francuskich: Gilles’a Deleuze’a i Félixa Guattariego, jak również rodzimych badaczy, jak choćby Ryszarda Nycza. Należy tutaj podkreślić rozeznanie i swobodę, z jaką Autorka porusza się po eksplorowanym polu badawczym, oraz jej znajomość zarówno analizowanego korpusu, jak i literatury przedmiotu. […] Książkę Jadwigi Bodzińskiej-Bobkowskiej czyta się nie tylko z dużym zainteresowaniem, ale i przyjemnością, gdyż napisana jest ciekawą polszczyzną, a umiejętnie wplecione neologizmy są zawsze skrupulatnie zdefiniowane. Publikacja <em>Terridentyfikacje albo pisanie (eks)terytorialne. Bruno Durocher, Anna Langfus, Piotr Rawicz</em> istotnie wzbogaca naszą wiedzę na temat trzech polsko-żydowsko-francuskich ostańców, których połączyły losy wojenne i powojenne wybory związane z miejscem zamieszkania i językiem wypowiedzi artystycznej”.</p>
<p style="text-align: right;"><em>Z recenzji dr hab. Renaty Jakubczuk, prof. UMCS</em></p>
