{"id":45978,"date":"2024-12-09T08:39:02","date_gmt":"2024-12-09T08:39:02","guid":{"rendered":"https:\/\/wydawnictwo.ug.edu.pl\/ksiegarnia-online\/uncategorized\/social-economic-and-cultural-rights-and-the-european-convention-on-human-rights-and-fundamental-freedoms\/"},"modified":"2026-02-11T12:35:37","modified_gmt":"2026-02-11T12:35:37","slug":"social-economic-and-cultural-rights-and-the-european-convention-on-human-rights-and-fundamental-freedoms","status":"publish","type":"product","link":"https:\/\/wydawnictwo.ug.edu.pl\/en\/ksiegarnia-online\/prawo-i-administracja\/social-economic-and-cultural-rights-and-the-european-convention-on-human-rights-and-fundamental-freedoms\/","title":{"rendered":"Social, Economic and Cultural Rights and the European Convention on Human Rights and Fundamental Freedoms"},"content":{"rendered":"","protected":false},"excerpt":{"rendered":"<p><span style=\"color: #0b2964; font-family: sofia-pro, sans-serif; font-size: 14px;\">Ksi\u0105\u017cka <\/span><em style=\"color: #0b2964; font-family: sofia-pro, sans-serif; font-size: 14px;\">Social, Economic and Cultural Rights and the European Convention on Human Rights and Fundamental Freedoms<\/em><span style=\"color: #0b2964; font-family: sofia-pro, sans-serif; font-size: 14px;\"> stanowi podsumowanie mi\u0119dzynarodowej praktyki w zakresie praw spo\u0142ecznych jako kategorii prawnej oraz ich ochrony, opieraj\u0105c si\u0119 na teoretycznych za\u0142o\u017ceniach praw spo\u0142ecznych i analizuj\u0105c je z perspektywy orzecznictwa Europejskiego Trybuna\u0142u Praw Cz\u0142owieka (ETPC). Koncentruj\u0105c si\u0119 na prawach spo\u0142ecznych, ksi\u0105\u017cka odnosi si\u0119 do terminologii u\u017cywanej w traktatach dotycz\u0105cych praw spo\u0142ecznych. Jednocze\u015bnie podejmuje pr\u00f3b\u0119 zakwestionowania tradycyjnego podzia\u0142u praw cz\u0142owieka na odr\u0119bne kategorie.<\/span><\/p>\n","protected":false},"featured_media":31157,"template":"","meta":{"_acf_changed":false},"journal":[],"rodzaj":[7074],"seria":[],"product_brand":[],"product_cat":[6932],"product_tag":[7504],"class_list":{"0":"post-45978","1":"product","2":"type-product","3":"status-publish","4":"has-post-thumbnail","6":"rodzaj-ksiazki","7":"product_cat-prawo-i-administracja","8":"product_tag-katarzyna-lasak","10":"first","11":"instock","12":"taxable","13":"shipping-taxable","14":"purchasable","15":"product-type-simple"},"acf":[],"_links":{"self":[{"href":"https:\/\/wydawnictwo.ug.edu.pl\/en\/wp-json\/wp\/v2\/product\/45978","targetHints":{"allow":["GET"]}}],"collection":[{"href":"https:\/\/wydawnictwo.ug.edu.pl\/en\/wp-json\/wp\/v2\/product"}],"about":[{"href":"https:\/\/wydawnictwo.ug.edu.pl\/en\/wp-json\/wp\/v2\/types\/product"}],"wp:featuredmedia":[{"embeddable":true,"href":"https:\/\/wydawnictwo.ug.edu.pl\/en\/wp-json\/wp\/v2\/media\/31157"}],"wp:attachment":[{"href":"https:\/\/wydawnictwo.ug.edu.pl\/en\/wp-json\/wp\/v2\/media?parent=45978"}],"wp:term":[{"taxonomy":"journal","embeddable":true,"href":"https:\/\/wydawnictwo.ug.edu.pl\/en\/wp-json\/wp\/v2\/journal?post=45978"},{"taxonomy":"rodzaj","embeddable":true,"href":"https:\/\/wydawnictwo.ug.edu.pl\/en\/wp-json\/wp\/v2\/rodzaj?post=45978"},{"taxonomy":"seria","embeddable":true,"href":"https:\/\/wydawnictwo.ug.edu.pl\/en\/wp-json\/wp\/v2\/seria?post=45978"},{"taxonomy":"product_brand","embeddable":true,"href":"https:\/\/wydawnictwo.ug.edu.pl\/en\/wp-json\/wp\/v2\/product_brand?post=45978"},{"taxonomy":"product_cat","embeddable":true,"href":"https:\/\/wydawnictwo.ug.edu.pl\/en\/wp-json\/wp\/v2\/product_cat?post=45978"},{"taxonomy":"product_tag","embeddable":true,"href":"https:\/\/wydawnictwo.ug.edu.pl\/en\/wp-json\/wp\/v2\/product_tag?post=45978"}],"curies":[{"name":"wp","href":"https:\/\/api.w.org\/{rel}","templated":true}]}}

<p><span style="color: #0b2964; font-family: sofia-pro, sans-serif; font-size: 14px;">Książka </span><em style="color: #0b2964; font-family: sofia-pro, sans-serif; font-size: 14px;">Social, Economic and Cultural Rights and the European Convention on Human Rights and Fundamental Freedoms</em><span style="color: #0b2964; font-family: sofia-pro, sans-serif; font-size: 14px;"> stanowi podsumowanie międzynarodowej praktyki w zakresie praw społecznych jako kategorii prawnej oraz ich ochrony, opierając się na teoretycznych założeniach praw społecznych i analizując je z perspektywy orzecznictwa Europejskiego Trybunału Praw Człowieka (ETPC). Koncentrując się na prawach społecznych, książka odnosi się do terminologii używanej w traktatach dotyczących praw społecznych. Jednocześnie podejmuje próbę zakwestionowania tradycyjnego podziału praw człowieka na odrębne kategorie.</span></p>
