{"id":45976,"date":"2024-12-12T11:10:48","date_gmt":"2024-12-12T11:10:48","guid":{"rendered":"https:\/\/wydawnictwo.ug.edu.pl\/ksiegarnia-online\/uncategorized\/spor-o-zbiory-muzeum-brytyjskiego-jako-trudny-przypadek-w-prawie\/"},"modified":"2026-02-11T12:35:32","modified_gmt":"2026-02-11T12:35:32","slug":"spor-o-zbiory-muzeum-brytyjskiego-jako-trudny-przypadek-w-prawie","status":"publish","type":"product","link":"https:\/\/wydawnictwo.ug.edu.pl\/en\/ksiegarnia-online\/prawo-i-administracja\/spor-o-zbiory-muzeum-brytyjskiego-jako-trudny-przypadek-w-prawie\/","title":{"rendered":"Sp\u00f3r o zbiory Muzeum Brytyjskiego jako trudny przypadek w prawie"},"content":{"rendered":"","protected":false},"excerpt":{"rendered":"<p>\u201eAutorka bardzo sprawnie pos\u0142uguje si\u0119 specjalistyczn\u0105 terminologi\u0105 z zakresu historii sztuki, archeologii, muzealnictwa i muzeologii, nie m\u00f3wi\u0105c ju\u017c o swobodnym poruszaniu si\u0119 na obszarze prawa mi\u0119dzynarodowego, zar\u00f3wno publicznego, jak i prywatnego oraz prawa karnego (vide Formu\u0142a Radbrucha). Ka\u017cde twierdzenie Autorki jest poparte solidn\u0105 kwerend\u0105, zbadaniem nawet numer\u00f3w katalogowych obiekt\u00f3w, o kt\u00f3rych mowa\u201d.<\/p>\n<p style=\"text-align: right;\"><em>z recenzji prof. Stanis\u0142awa Waltosia<\/em><\/p>\n<p>\u201eKsi\u0105\u017cka b\u0119dzie stanowi\u0107 z pewno\u015bci\u0105 znakomit\u0105 pomoc i wsparcie dla muzealnik\u00f3w oraz os\u00f3b wsp\u00f3\u0142pracuj\u0105cych z muzeami, pozwala bowiem zrozumie\u0107 proces stawiania zarzutu, spos\u00f3b rozpatrywania jego zasadno\u015bci, kontekst kulturowy i prawny, problemy i wahania wynikaj\u0105ce ze \u015bwiadomo\u015bci zmian norm prawnych i spo\u0142ecznie akceptowanych\u201d.<\/p>\n<p style=\"text-align: right;\"><em>z recenzji prof. Doroty Folgi-Januszewskiej<\/em><\/p>\n<p class=\"x_elementToProof\">Ksi\u0105\u017cka ukaza\u0142a si\u0119 w serii wydawniczej <a href=\"\/?product_cat=biblioteka-prawa-ochrony-zabytkow\">Biblioteka Prawa Ochrony Zabytk\u00f3w<\/a>.<\/p>\n<p>Publikacja dofinansowana przez Narodowy Instytut Dziedzictwa.<\/p>\n<p><img decoding=\"async\" class=\"wp-image-25593 alignleft\" src=\"https:\/\/wydawnictwo.ug.edu.pl\/wp-content\/uploads\/2023\/07\/05_znak_uproszczony_kolor_biale_tlo_RGB-1024x288.png\" alt=\"\" width=\"163\" height=\"46\" srcset=\"https:\/\/wydawnictwo.ug.edu.pl\/wp-content\/uploads\/2023\/07\/05_znak_uproszczony_kolor_biale_tlo_RGB-1024x288.png 1024w, https:\/\/wydawnictwo.ug.edu.pl\/wp-content\/uploads\/2023\/07\/05_znak_uproszczony_kolor_biale_tlo_RGB-600x169.png 600w, https:\/\/wydawnictwo.ug.edu.pl\/wp-content\/uploads\/2023\/07\/05_znak_uproszczony_kolor_biale_tlo_RGB-300x84.png 300w, https:\/\/wydawnictwo.ug.edu.pl\/wp-content\/uploads\/2023\/07\/05_znak_uproszczony_kolor_biale_tlo_RGB-768x216.png 768w, https:\/\/wydawnictwo.ug.edu.pl\/wp-content\/uploads\/2023\/07\/05_znak_uproszczony_kolor_biale_tlo_RGB-1536x432.png 1536w, https:\/\/wydawnictwo.ug.edu.pl\/wp-content\/uploads\/2023\/07\/05_znak_uproszczony_kolor_biale_tlo_RGB-640x180.png 640w, https:\/\/wydawnictwo.ug.edu.pl\/wp-content\/uploads\/2023\/07\/05_znak_uproszczony_kolor_biale_tlo_RGB-400x113.png 400w, https:\/\/wydawnictwo.ug.edu.pl\/wp-content\/uploads\/2023\/07\/05_znak_uproszczony_kolor_biale_tlo_RGB.png 1600w\" sizes=\"(max-width: 163px) 100vw, 163px\" \/><img decoding=\"async\" class=\"wp-image-25734 alignleft\" src=\"https:\/\/wydawnictwo.ug.edu.pl\/wp-content\/uploads\/2023\/07\/nid-3-1-1024x535.png\" alt=\"\" width=\"112\" height=\"59\" srcset=\"https:\/\/wydawnictwo.ug.edu.pl\/wp-content\/uploads\/2023\/07\/nid-3-1-1024x535.png 1024w, https:\/\/wydawnictwo.ug.edu.pl\/wp-content\/uploads\/2023\/07\/nid-3-1-600x314.png 600w, https:\/\/wydawnictwo.ug.edu.pl\/wp-content\/uploads\/2023\/07\/nid-3-1-300x157.png 300w, https:\/\/wydawnictwo.ug.edu.pl\/wp-content\/uploads\/2023\/07\/nid-3-1-768x401.png 768w, https:\/\/wydawnictwo.ug.edu.pl\/wp-content\/uploads\/2023\/07\/nid-3-1-640x334.png 640w, https:\/\/wydawnictwo.ug.edu.pl\/wp-content\/uploads\/2023\/07\/nid-3-1-400x209.png 400w, https:\/\/wydawnictwo.ug.edu.pl\/wp-content\/uploads\/2023\/07\/nid-3-1.png 1200w\" sizes=\"(max-width: 112px) 100vw, 112px\" \/><\/p>\n<p>&nbsp;<\/p>\n<p>&nbsp;<\/p>\n<p>&nbsp;<\/p>\n<p><a href=\"https:\/\/miesiecznik.forumakademickie.pl\/czasopisma\/fa-2-2025\/eksponat-jako-delikt%e2%80%a9\/?fbclid=IwY2xjawI_cYVleHRuA2FlbQIxMAABHcoYHWv9ecGBs4fC1Mqkuagn8h6afLoL6ASs7zGtiS-aXZjhsJgYogopzw_aem_VtkkLvmVw5D9C8I0ViQkpw\">Recenzja<\/a> w miesi\u0119czniku \u201eForum Akademickie\u201d 2\/2025.<\/p>\n","protected":false},"featured_media":29718,"template":"","meta":{"_acf_changed":false},"journal":[],"rodzaj":[7074,7076],"seria":[7078],"product_brand":[],"product_cat":[7014,6932],"product_tag":[7503],"class_list":{"0":"post-45976","1":"product","2":"type-product","3":"status-publish","4":"has-post-thumbnail","6":"rodzaj-ksiazki","7":"rodzaj-serie-wydawnicze","8":"seria-biblioteka-prawa-ochrony-zabytkow","9":"product_cat-bestsellery","10":"product_cat-prawo-i-administracja","11":"product_tag-agnieszka-plata","13":"first","14":"instock","15":"taxable","16":"shipping-taxable","17":"purchasable","18":"product-type-simple"},"acf":[],"_links":{"self":[{"href":"https:\/\/wydawnictwo.ug.edu.pl\/en\/wp-json\/wp\/v2\/product\/45976","targetHints":{"allow":["GET"]}}],"collection":[{"href":"https:\/\/wydawnictwo.ug.edu.pl\/en\/wp-json\/wp\/v2\/product"}],"about":[{"href":"https:\/\/wydawnictwo.ug.edu.pl\/en\/wp-json\/wp\/v2\/types\/product"}],"wp:featuredmedia":[{"embeddable":true,"href":"https:\/\/wydawnictwo.ug.edu.pl\/en\/wp-json\/wp\/v2\/media\/29718"}],"wp:attachment":[{"href":"https:\/\/wydawnictwo.ug.edu.pl\/en\/wp-json\/wp\/v2\/media?parent=45976"}],"wp:term":[{"taxonomy":"journal","embeddable":true,"href":"https:\/\/wydawnictwo.ug.edu.pl\/en\/wp-json\/wp\/v2\/journal?post=45976"},{"taxonomy":"rodzaj","embeddable":true,"href":"https:\/\/wydawnictwo.ug.edu.pl\/en\/wp-json\/wp\/v2\/rodzaj?post=45976"},{"taxonomy":"seria","embeddable":true,"href":"https:\/\/wydawnictwo.ug.edu.pl\/en\/wp-json\/wp\/v2\/seria?post=45976"},{"taxonomy":"product_brand","embeddable":true,"href":"https:\/\/wydawnictwo.ug.edu.pl\/en\/wp-json\/wp\/v2\/product_brand?post=45976"},{"taxonomy":"product_cat","embeddable":true,"href":"https:\/\/wydawnictwo.ug.edu.pl\/en\/wp-json\/wp\/v2\/product_cat?post=45976"},{"taxonomy":"product_tag","embeddable":true,"href":"https:\/\/wydawnictwo.ug.edu.pl\/en\/wp-json\/wp\/v2\/product_tag?post=45976"}],"curies":[{"name":"wp","href":"https:\/\/api.w.org\/{rel}","templated":true}]}}

Spór o zbiory Muzeum Brytyjskiego jako trudny przypadek w prawie

<p>„Autorka bardzo sprawnie posługuje się specjalistyczną terminologią z zakresu historii sztuki, archeologii, muzealnictwa i muzeologii, nie mówiąc już o swobodnym poruszaniu się na obszarze prawa międzynarodowego, zarówno publicznego, jak i prywatnego oraz prawa karnego (vide Formuła Radbrucha). Każde twierdzenie Autorki jest poparte solidną kwerendą, zbadaniem nawet numerów katalogowych obiektów, o których mowa”.</p>
<p style="text-align: right;"><em>z recenzji prof. Stanisława Waltosia</em></p>
<p>„Książka będzie stanowić z pewnością znakomitą pomoc i wsparcie dla muzealników oraz osób współpracujących z muzeami, pozwala bowiem zrozumieć proces stawiania zarzutu, sposób rozpatrywania jego zasadności, kontekst kulturowy i prawny, problemy i wahania wynikające ze świadomości zmian norm prawnych i społecznie akceptowanych”.</p>
<p style="text-align: right;"><em>z recenzji prof. Doroty Folgi-Januszewskiej</em></p>
<p class="x_elementToProof">Książka ukazała się w serii wydawniczej <a href="/?product_cat=biblioteka-prawa-ochrony-zabytkow">Biblioteka Prawa Ochrony Zabytków</a>.</p>
<p>Publikacja dofinansowana przez Narodowy Instytut Dziedzictwa.</p>
<p><img decoding="async" class="wp-image-25593 alignleft" src="https://wydawnictwo.ug.edu.pl/wp-content/uploads/2023/07/05_znak_uproszczony_kolor_biale_tlo_RGB-1024x288.png" alt="" width="163" height="46" srcset="https://wydawnictwo.ug.edu.pl/wp-content/uploads/2023/07/05_znak_uproszczony_kolor_biale_tlo_RGB-1024x288.png 1024w, https://wydawnictwo.ug.edu.pl/wp-content/uploads/2023/07/05_znak_uproszczony_kolor_biale_tlo_RGB-600x169.png 600w, https://wydawnictwo.ug.edu.pl/wp-content/uploads/2023/07/05_znak_uproszczony_kolor_biale_tlo_RGB-300x84.png 300w, https://wydawnictwo.ug.edu.pl/wp-content/uploads/2023/07/05_znak_uproszczony_kolor_biale_tlo_RGB-768x216.png 768w, https://wydawnictwo.ug.edu.pl/wp-content/uploads/2023/07/05_znak_uproszczony_kolor_biale_tlo_RGB-1536x432.png 1536w, https://wydawnictwo.ug.edu.pl/wp-content/uploads/2023/07/05_znak_uproszczony_kolor_biale_tlo_RGB-640x180.png 640w, https://wydawnictwo.ug.edu.pl/wp-content/uploads/2023/07/05_znak_uproszczony_kolor_biale_tlo_RGB-400x113.png 400w, https://wydawnictwo.ug.edu.pl/wp-content/uploads/2023/07/05_znak_uproszczony_kolor_biale_tlo_RGB.png 1600w" sizes="(max-width: 163px) 100vw, 163px" /><img decoding="async" class="wp-image-25734 alignleft" src="https://wydawnictwo.ug.edu.pl/wp-content/uploads/2023/07/nid-3-1-1024x535.png" alt="" width="112" height="59" srcset="https://wydawnictwo.ug.edu.pl/wp-content/uploads/2023/07/nid-3-1-1024x535.png 1024w, https://wydawnictwo.ug.edu.pl/wp-content/uploads/2023/07/nid-3-1-600x314.png 600w, https://wydawnictwo.ug.edu.pl/wp-content/uploads/2023/07/nid-3-1-300x157.png 300w, https://wydawnictwo.ug.edu.pl/wp-content/uploads/2023/07/nid-3-1-768x401.png 768w, https://wydawnictwo.ug.edu.pl/wp-content/uploads/2023/07/nid-3-1-640x334.png 640w, https://wydawnictwo.ug.edu.pl/wp-content/uploads/2023/07/nid-3-1-400x209.png 400w, https://wydawnictwo.ug.edu.pl/wp-content/uploads/2023/07/nid-3-1.png 1200w" sizes="(max-width: 112px) 100vw, 112px" /></p>
<p>&nbsp;</p>
<p>&nbsp;</p>
<p>&nbsp;</p>
<p><a href="https://miesiecznik.forumakademickie.pl/czasopisma/fa-2-2025/eksponat-jako-delikt%e2%80%a9/?fbclid=IwY2xjawI_cYVleHRuA2FlbQIxMAABHcoYHWv9ecGBs4fC1Mqkuagn8h6afLoL6ASs7zGtiS-aXZjhsJgYogopzw_aem_VtkkLvmVw5D9C8I0ViQkpw">Recenzja</a> w miesięczniku „Forum Akademickie” 2/2025.</p>
