{"id":45970,"date":"2024-12-31T12:26:51","date_gmt":"2024-12-31T12:26:51","guid":{"rendered":"https:\/\/wydawnictwo.ug.edu.pl\/ksiegarnia-online\/uncategorized\/tadeusz-wenda-budowniczy-portu-rzeczypospolitej\/"},"modified":"2026-02-11T12:34:18","modified_gmt":"2026-02-11T12:34:18","slug":"tadeusz-wenda-budowniczy-portu-rzeczypospolitej","status":"publish","type":"product","link":"https:\/\/wydawnictwo.ug.edu.pl\/en\/ksiegarnia-online\/biografie\/tadeusz-wenda-budowniczy-portu-rzeczypospolitej\/","title":{"rendered":"Tadeusz Wenda. Budowniczy portu Rzeczypospolitej"},"content":{"rendered":"","protected":false},"excerpt":{"rendered":"<p>W 1920 roku Polska po latach zabor\u00f3w i braku w\u0142asnej pa\u0144stwowo\u015bci wr\u00f3ci\u0142a nad Ba\u0142tyk. Niewielki skrawek wybrze\u017ca by\u0142 jednak zupe\u0142nie niezagospodarowany. Brakowa\u0142o na nim cho\u0107by jednego wi\u0119kszego portu mog\u0105cego obs\u0142ugiwa\u0107 flot\u0119 wojenn\u0105 i handlow\u0105. Mimo to wizjonerstwo grupy \u00f3wczesnych polityk\u00f3w oraz ekspert\u00f3w bran\u017cy morskiej pozwoli\u0142o na zbudowanie w\u0142asnego portu, otwieraj\u0105cego Polsk\u0119 na \u015bwiat. Miejsce jego realizacji wskaza\u0142 in\u017cynier Tadeusz Wenda, kt\u00f3ry r\u00f3wnie\u017c zaprojektowa\u0142 i nadzorowa\u0142 budow\u0119. Stworzy\u0142 dzie\u0142o, kt\u00f3re pozwoli\u0142o na rozw\u00f3j gospodarczy kraju oraz rozwini\u0119cie \u017ceglugi i handlu zamorskiego. Realizacji tego zadania Wenda po\u015bwi\u0119ci\u0142 17 lat pracy. Zwyk\u0142 w tym czasie m\u00f3wi\u0107: \u201eDla Polski ten port buduj\u0119\u201d. Gdy\u0144ski port by\u0142 i jest dum\u0105 nie tylko rz\u0105dz\u0105cych, ale ca\u0142ego spo\u0142ecze\u0144stwa. Miasto, kt\u00f3re przy nim wyros\u0142o sta\u0142o si\u0119 symbolem nowoczesno\u015bci.<\/p>\n<p>Wci\u0105\u017c jednak niewiele wiadomo o samym Tadeuszu Wendzie. Kim by\u0142 budowniczy portu Rzeczypospolitej?<\/p>\n<p>Ksi\u0105\u017cka ukaza\u0142a si\u0119 serii Gdynia w Nowym \u015awietle \u2013 jest to seria naukowa Muzeum Miasta Gdyni i Wydawnictwa Uniwersytetu Gda\u0144skiego po\u015bwi\u0119cona najnowszym monografiom tematycznym, wnosz\u0105cym istotny wk\u0142ad w stan bada\u0144 nad Gdyni\u0105 i najwa\u017cniejszym tematom bezpo\u015brednio z ni\u0105 zwi\u0105zanym. Kolejne tomy b\u0119d\u0105 podejmowa\u0142y nieopracowane dot\u0105d zagadnienia, stawia\u0142y nieszablonowe pytania oraz wykazywa\u0142y si\u0119 \u015bwie\u017cym, nowatorskim spojrzeniem.<\/p>\n<p>Wsp\u00f3\u0142wydawca: Miasto Gdynia, Muzeum Miasta Gdyni<\/p>\n<p><img decoding=\"async\" class=\"alignnone wp-image-31296\" src=\"https:\/\/wydawnictwo.ug.edu.pl\/wp-content\/uploads\/2024\/12\/gdynia_logo-1-300x244.png\" alt=\"\" width=\"63\" height=\"51\" srcset=\"https:\/\/wydawnictwo.ug.edu.pl\/wp-content\/uploads\/2024\/12\/gdynia_logo-1-300x244.png 300w, https:\/\/wydawnictwo.ug.edu.pl\/wp-content\/uploads\/2024\/12\/gdynia_logo-1-400x325.png 400w, https:\/\/wydawnictwo.ug.edu.pl\/wp-content\/uploads\/2024\/12\/gdynia_logo-1.png 482w\" sizes=\"(max-width: 63px) 100vw, 63px\" \/><img decoding=\"async\" class=\"alignnone wp-image-26893\" src=\"https:\/\/wydawnictwo.ug.edu.pl\/wp-content\/uploads\/2023\/11\/znak-MMG-wariant-poziomy-300x93.png\" alt=\"\" width=\"132\" height=\"41\" srcset=\"https:\/\/wydawnictwo.ug.edu.pl\/wp-content\/uploads\/2023\/11\/znak-MMG-wariant-poziomy-300x93.png 300w, https:\/\/wydawnictwo.ug.edu.pl\/wp-content\/uploads\/2023\/11\/znak-MMG-wariant-poziomy-600x185.png 600w, https:\/\/wydawnictwo.ug.edu.pl\/wp-content\/uploads\/2023\/11\/znak-MMG-wariant-poziomy-1024x316.png 1024w, https:\/\/wydawnictwo.ug.edu.pl\/wp-content\/uploads\/2023\/11\/znak-MMG-wariant-poziomy-768x237.png 768w, https:\/\/wydawnictwo.ug.edu.pl\/wp-content\/uploads\/2023\/11\/znak-MMG-wariant-poziomy-1536x474.png 1536w, https:\/\/wydawnictwo.ug.edu.pl\/wp-content\/uploads\/2023\/11\/znak-MMG-wariant-poziomy-2048x633.png 2048w, https:\/\/wydawnictwo.ug.edu.pl\/wp-content\/uploads\/2023\/11\/znak-MMG-wariant-poziomy-640x198.png 640w, https:\/\/wydawnictwo.ug.edu.pl\/wp-content\/uploads\/2023\/11\/znak-MMG-wariant-poziomy-400x124.png 400w\" sizes=\"(max-width: 132px) 100vw, 132px\" \/><\/p>\n","protected":false},"featured_media":31292,"template":"","meta":{"_acf_changed":false},"journal":[],"rodzaj":[7074],"seria":[7084],"product_brand":[],"product_cat":[7014,7013],"product_tag":[7499,7500],"class_list":{"0":"post-45970","1":"product","2":"type-product","3":"status-publish","4":"has-post-thumbnail","6":"rodzaj-ksiazki","7":"seria-gdynia-w-nowym-swietle","8":"product_cat-bestsellery","9":"product_cat-biografie","10":"product_tag-dagmara-plaza-opacka","11":"product_tag-zbigniew-opacki","13":"first","14":"instock","15":"taxable","16":"shipping-taxable","17":"purchasable","18":"product-type-simple"},"acf":[],"_links":{"self":[{"href":"https:\/\/wydawnictwo.ug.edu.pl\/en\/wp-json\/wp\/v2\/product\/45970","targetHints":{"allow":["GET"]}}],"collection":[{"href":"https:\/\/wydawnictwo.ug.edu.pl\/en\/wp-json\/wp\/v2\/product"}],"about":[{"href":"https:\/\/wydawnictwo.ug.edu.pl\/en\/wp-json\/wp\/v2\/types\/product"}],"wp:featuredmedia":[{"embeddable":true,"href":"https:\/\/wydawnictwo.ug.edu.pl\/en\/wp-json\/wp\/v2\/media\/31292"}],"wp:attachment":[{"href":"https:\/\/wydawnictwo.ug.edu.pl\/en\/wp-json\/wp\/v2\/media?parent=45970"}],"wp:term":[{"taxonomy":"journal","embeddable":true,"href":"https:\/\/wydawnictwo.ug.edu.pl\/en\/wp-json\/wp\/v2\/journal?post=45970"},{"taxonomy":"rodzaj","embeddable":true,"href":"https:\/\/wydawnictwo.ug.edu.pl\/en\/wp-json\/wp\/v2\/rodzaj?post=45970"},{"taxonomy":"seria","embeddable":true,"href":"https:\/\/wydawnictwo.ug.edu.pl\/en\/wp-json\/wp\/v2\/seria?post=45970"},{"taxonomy":"product_brand","embeddable":true,"href":"https:\/\/wydawnictwo.ug.edu.pl\/en\/wp-json\/wp\/v2\/product_brand?post=45970"},{"taxonomy":"product_cat","embeddable":true,"href":"https:\/\/wydawnictwo.ug.edu.pl\/en\/wp-json\/wp\/v2\/product_cat?post=45970"},{"taxonomy":"product_tag","embeddable":true,"href":"https:\/\/wydawnictwo.ug.edu.pl\/en\/wp-json\/wp\/v2\/product_tag?post=45970"}],"curies":[{"name":"wp","href":"https:\/\/api.w.org\/{rel}","templated":true}]}}

<p>W 1920 roku Polska po latach zaborów i braku własnej państwowości wróciła nad Bałtyk. Niewielki skrawek wybrzeża był jednak zupełnie niezagospodarowany. Brakowało na nim choćby jednego większego portu mogącego obsługiwać flotę wojenną i handlową. Mimo to wizjonerstwo grupy ówczesnych polityków oraz ekspertów branży morskiej pozwoliło na zbudowanie własnego portu, otwierającego Polskę na świat. Miejsce jego realizacji wskazał inżynier Tadeusz Wenda, który również zaprojektował i nadzorował budowę. Stworzył dzieło, które pozwoliło na rozwój gospodarczy kraju oraz rozwinięcie żeglugi i handlu zamorskiego. Realizacji tego zadania Wenda poświęcił 17 lat pracy. Zwykł w tym czasie mówić: „Dla Polski ten port buduję”. Gdyński port był i jest dumą nie tylko rządzących, ale całego społeczeństwa. Miasto, które przy nim wyrosło stało się symbolem nowoczesności.</p>
<p>Wciąż jednak niewiele wiadomo o samym Tadeuszu Wendzie. Kim był budowniczy portu Rzeczypospolitej?</p>
<p>Książka ukazała się serii Gdynia w Nowym Świetle – jest to seria naukowa Muzeum Miasta Gdyni i Wydawnictwa Uniwersytetu Gdańskiego poświęcona najnowszym monografiom tematycznym, wnoszącym istotny wkład w stan badań nad Gdynią i najważniejszym tematom bezpośrednio z nią związanym. Kolejne tomy będą podejmowały nieopracowane dotąd zagadnienia, stawiały nieszablonowe pytania oraz wykazywały się świeżym, nowatorskim spojrzeniem.</p>
<p>Współwydawca: Miasto Gdynia, Muzeum Miasta Gdyni</p>
<p><img decoding="async" class="alignnone wp-image-31296" src="https://wydawnictwo.ug.edu.pl/wp-content/uploads/2024/12/gdynia_logo-1-300x244.png" alt="" width="63" height="51" srcset="https://wydawnictwo.ug.edu.pl/wp-content/uploads/2024/12/gdynia_logo-1-300x244.png 300w, https://wydawnictwo.ug.edu.pl/wp-content/uploads/2024/12/gdynia_logo-1-400x325.png 400w, https://wydawnictwo.ug.edu.pl/wp-content/uploads/2024/12/gdynia_logo-1.png 482w" sizes="(max-width: 63px) 100vw, 63px" /><img decoding="async" class="alignnone wp-image-26893" src="https://wydawnictwo.ug.edu.pl/wp-content/uploads/2023/11/znak-MMG-wariant-poziomy-300x93.png" alt="" width="132" height="41" srcset="https://wydawnictwo.ug.edu.pl/wp-content/uploads/2023/11/znak-MMG-wariant-poziomy-300x93.png 300w, https://wydawnictwo.ug.edu.pl/wp-content/uploads/2023/11/znak-MMG-wariant-poziomy-600x185.png 600w, https://wydawnictwo.ug.edu.pl/wp-content/uploads/2023/11/znak-MMG-wariant-poziomy-1024x316.png 1024w, https://wydawnictwo.ug.edu.pl/wp-content/uploads/2023/11/znak-MMG-wariant-poziomy-768x237.png 768w, https://wydawnictwo.ug.edu.pl/wp-content/uploads/2023/11/znak-MMG-wariant-poziomy-1536x474.png 1536w, https://wydawnictwo.ug.edu.pl/wp-content/uploads/2023/11/znak-MMG-wariant-poziomy-2048x633.png 2048w, https://wydawnictwo.ug.edu.pl/wp-content/uploads/2023/11/znak-MMG-wariant-poziomy-640x198.png 640w, https://wydawnictwo.ug.edu.pl/wp-content/uploads/2023/11/znak-MMG-wariant-poziomy-400x124.png 400w" sizes="(max-width: 132px) 100vw, 132px" /></p>
