{"id":45967,"date":"2025-01-13T13:19:10","date_gmt":"2025-01-13T13:19:10","guid":{"rendered":"https:\/\/wydawnictwo.ug.edu.pl\/ksiegarnia-online\/uncategorized\/koncepcja-sprawozdawczosci-zintegrowanej-mikro-i-malych-przedsiebiorstw\/"},"modified":"2026-02-11T12:34:09","modified_gmt":"2026-02-11T12:34:09","slug":"koncepcja-sprawozdawczosci-zintegrowanej-mikro-i-malych-przedsiebiorstw","status":"publish","type":"product","link":"https:\/\/wydawnictwo.ug.edu.pl\/en\/ksiegarnia-online\/zarzadzanie\/koncepcja-sprawozdawczosci-zintegrowanej-mikro-i-malych-przedsiebiorstw\/","title":{"rendered":"Koncepcja sprawozdawczo\u015bci zintegrowanej mikro i ma\u0142ych przedsi\u0119biorstw"},"content":{"rendered":"","protected":false},"excerpt":{"rendered":"<p>Wprowadzone przez Uni\u0119 Europejsk\u0105 dyrektywy 2013\/34\/EU, 2019\/2088\/UE, 2020\/852\/UE oraz Dyrektywa o Sprawozdawczo\u015bci Zr\u00f3wnowa\u017conego Rozwoju Przedsi\u0119biorstw (CSRD) znacz\u0105co wp\u0142ywaj\u0105 na obowi\u0105zki ujawniania informacji finansowych i niefinansowych przez podmioty gospodarcze \u2013 w tym r\u00f3wnie\u017c mikro i ma\u0142e przedsi\u0119biorstwa.<\/p>\n<p>W Polsce nadal brakuje opracowa\u0144, wytycznych i wzorc\u00f3w, kt\u00f3re mog\u0142yby s\u0142u\u017cy\u0107 jako wsparcie dla mikro i ma\u0142ych przedsi\u0119biorstw z r\u00f3\u017cnych bran\u017c w zakresie raportowania informacji finansowych i niefinansowych. Ksi\u0105\u017cka autorstwa Beaty Kotowskiej wype\u0142nia t\u0119 luk\u0119.<\/p>\n","protected":false},"featured_media":31410,"template":"","meta":{"_acf_changed":false},"journal":[],"rodzaj":[7074],"seria":[],"product_brand":[],"product_cat":[6942],"product_tag":[7497],"class_list":{"0":"post-45967","1":"product","2":"type-product","3":"status-publish","4":"has-post-thumbnail","6":"rodzaj-ksiazki","7":"product_cat-zarzadzanie","8":"product_tag-beata-kotowskabeata-kotowska","10":"first","11":"instock","12":"taxable","13":"shipping-taxable","14":"purchasable","15":"product-type-simple"},"acf":[],"_links":{"self":[{"href":"https:\/\/wydawnictwo.ug.edu.pl\/en\/wp-json\/wp\/v2\/product\/45967","targetHints":{"allow":["GET"]}}],"collection":[{"href":"https:\/\/wydawnictwo.ug.edu.pl\/en\/wp-json\/wp\/v2\/product"}],"about":[{"href":"https:\/\/wydawnictwo.ug.edu.pl\/en\/wp-json\/wp\/v2\/types\/product"}],"wp:featuredmedia":[{"embeddable":true,"href":"https:\/\/wydawnictwo.ug.edu.pl\/en\/wp-json\/wp\/v2\/media\/31410"}],"wp:attachment":[{"href":"https:\/\/wydawnictwo.ug.edu.pl\/en\/wp-json\/wp\/v2\/media?parent=45967"}],"wp:term":[{"taxonomy":"journal","embeddable":true,"href":"https:\/\/wydawnictwo.ug.edu.pl\/en\/wp-json\/wp\/v2\/journal?post=45967"},{"taxonomy":"rodzaj","embeddable":true,"href":"https:\/\/wydawnictwo.ug.edu.pl\/en\/wp-json\/wp\/v2\/rodzaj?post=45967"},{"taxonomy":"seria","embeddable":true,"href":"https:\/\/wydawnictwo.ug.edu.pl\/en\/wp-json\/wp\/v2\/seria?post=45967"},{"taxonomy":"product_brand","embeddable":true,"href":"https:\/\/wydawnictwo.ug.edu.pl\/en\/wp-json\/wp\/v2\/product_brand?post=45967"},{"taxonomy":"product_cat","embeddable":true,"href":"https:\/\/wydawnictwo.ug.edu.pl\/en\/wp-json\/wp\/v2\/product_cat?post=45967"},{"taxonomy":"product_tag","embeddable":true,"href":"https:\/\/wydawnictwo.ug.edu.pl\/en\/wp-json\/wp\/v2\/product_tag?post=45967"}],"curies":[{"name":"wp","href":"https:\/\/api.w.org\/{rel}","templated":true}]}}

Koncepcja sprawozdawczości zintegrowanej mikro i małych przedsiębiorstw

<p>Wprowadzone przez Unię Europejską dyrektywy 2013/34/EU, 2019/2088/UE, 2020/852/UE oraz Dyrektywa o Sprawozdawczości Zrównoważonego Rozwoju Przedsiębiorstw (CSRD) znacząco wpływają na obowiązki ujawniania informacji finansowych i niefinansowych przez podmioty gospodarcze – w tym również mikro i małe przedsiębiorstwa.</p>
<p>W Polsce nadal brakuje opracowań, wytycznych i wzorców, które mogłyby służyć jako wsparcie dla mikro i małych przedsiębiorstw z różnych branż w zakresie raportowania informacji finansowych i niefinansowych. Książka autorstwa Beaty Kotowskiej wypełnia tę lukę.</p>
