{"id":45962,"date":"2025-01-29T12:17:26","date_gmt":"2025-01-29T12:17:26","guid":{"rendered":"https:\/\/wydawnictwo.ug.edu.pl\/ksiegarnia-online\/uncategorized\/w-strone-zrownowazonego-oswietlenia-zewnetrznego\/"},"modified":"2026-02-11T12:33:55","modified_gmt":"2026-02-11T12:33:55","slug":"w-strone-zrownowazonego-oswietlenia-zewnetrznego","status":"publish","type":"product","link":"https:\/\/wydawnictwo.ug.edu.pl\/en\/ksiegarnia-online\/prawo-i-administracja\/w-strone-zrownowazonego-oswietlenia-zewnetrznego\/","title":{"rendered":"W stron\u0119 zr\u00f3wnowa\u017conego o\u015bwietlenia zewn\u0119trznego"},"content":{"rendered":"","protected":false},"excerpt":{"rendered":"<p><em>W stron\u0119 zr\u00f3wnowa\u017conego o\u015bwietlenia zewn\u0119trznego. Studium interdycyplinarne<\/em><\/p>\n<p>Zanieczyszczenie \u015bwiat\u0142em to wszelkie negatywne skutki \u015bwiat\u0142a pochodzenia antropogenicznego, kt\u00f3re wp\u0142ywaj\u0105 na zdrowie cz\u0142owieka, r\u00f3\u017cnorodno\u015b\u0107 biologiczn\u0105, klimat oraz bezpiecze\u0144stwo w ruchu drogowym, a tak\u017ce pozbawiaj\u0105 ludzko\u015b\u0107 dost\u0119pu do naturalnie ciemnego i rozgwie\u017cd\u017conego nieba. G\u0142\u00f3wn\u0105 przyczyn\u0105 tego problemu jest niekontrolowana i nadmierna emisja \u015bwiat\u0142a generowana przez zewn\u0119trzn\u0105 infrastruktur\u0119 o\u015bwietleniow\u0105. W polskim systemie prawnym brakuje kompleksowych rozwi\u0105za\u0144, kt\u00f3re z jednej strony umo\u017cliwia\u0142yby zaspokojenie potrzeb zwi\u0105zanych z o\u015bwietleniem zewn\u0119trznym, a z drugiej \u2013 skutecznie chroni\u0142y zdrowie ludzi, \u015brodowisko i przyrod\u0119 przed negatywnymi skutkami nadmiernej i niekontrolowanej emisji sztucznego \u015bwiat\u0142a.<\/p>\n<p>Celem niniejszej publikacji jest wzmocnienie dyskursu publicznego na temat polityki zr\u00f3wnowa\u017conego o\u015bwietlenia zewn\u0119trznego.<\/p>\n<p>Ksi\u0105\u017cka stanowi pok\u0142osie wydarzenia naukowego \u2013 Zielonej Konferencji 2.0: \u201ePolityka zr\u00f3wnowa\u017conego o\u015bwietlenia zewn\u0119trznego. Aspekty prawne, polityczne, \u015brodowiskowe i techniczne\u201d.<\/p>\n<p>Publikacja sfinansowana ze \u015brodk\u00f3w Wydzia\u0142u Prawa i Administracji Uniwersytetu Gda\u0144skiego oraz Miasta Gda\u0144ska<\/p>\n<p><img decoding=\"async\" class=\" wp-image-32228 alignleft\" src=\"https:\/\/wydawnictwo.ug.edu.pl\/wp-content\/uploads\/2025\/01\/wpia-1024x1024.png\" alt=\"\" width=\"58\" height=\"58\" srcset=\"https:\/\/wydawnictwo.ug.edu.pl\/wp-content\/uploads\/2025\/01\/wpia-1024x1024.png 1024w, https:\/\/wydawnictwo.ug.edu.pl\/wp-content\/uploads\/2025\/01\/wpia-600x600.png 600w, https:\/\/wydawnictwo.ug.edu.pl\/wp-content\/uploads\/2025\/01\/wpia-100x100.png 100w, https:\/\/wydawnictwo.ug.edu.pl\/wp-content\/uploads\/2025\/01\/wpia-300x300.png 300w, https:\/\/wydawnictwo.ug.edu.pl\/wp-content\/uploads\/2025\/01\/wpia-150x150.png 150w, https:\/\/wydawnictwo.ug.edu.pl\/wp-content\/uploads\/2025\/01\/wpia-768x768.png 768w, https:\/\/wydawnictwo.ug.edu.pl\/wp-content\/uploads\/2025\/01\/wpia-640x640.png 640w, https:\/\/wydawnictwo.ug.edu.pl\/wp-content\/uploads\/2025\/01\/wpia-400x400.png 400w, https:\/\/wydawnictwo.ug.edu.pl\/wp-content\/uploads\/2025\/01\/wpia-85x85.png 85w, https:\/\/wydawnictwo.ug.edu.pl\/wp-content\/uploads\/2025\/01\/wpia-32x32.png 32w, https:\/\/wydawnictwo.ug.edu.pl\/wp-content\/uploads\/2025\/01\/wpia.png 1230w\" sizes=\"(max-width: 58px) 100vw, 58px\" \/><img decoding=\"async\" class=\" wp-image-32230 alignleft\" src=\"https:\/\/wydawnictwo.ug.edu.pl\/wp-content\/uploads\/2025\/01\/WielkiHerbGdanska_znak_2021_final-1024x775.png\" alt=\"\" width=\"68\" height=\"52\" srcset=\"https:\/\/wydawnictwo.ug.edu.pl\/wp-content\/uploads\/2025\/01\/WielkiHerbGdanska_znak_2021_final-1024x775.png 1024w, https:\/\/wydawnictwo.ug.edu.pl\/wp-content\/uploads\/2025\/01\/WielkiHerbGdanska_znak_2021_final-600x454.png 600w, https:\/\/wydawnictwo.ug.edu.pl\/wp-content\/uploads\/2025\/01\/WielkiHerbGdanska_znak_2021_final-300x227.png 300w, https:\/\/wydawnictwo.ug.edu.pl\/wp-content\/uploads\/2025\/01\/WielkiHerbGdanska_znak_2021_final-768x582.png 768w, https:\/\/wydawnictwo.ug.edu.pl\/wp-content\/uploads\/2025\/01\/WielkiHerbGdanska_znak_2021_final-1536x1163.png 1536w, https:\/\/wydawnictwo.ug.edu.pl\/wp-content\/uploads\/2025\/01\/WielkiHerbGdanska_znak_2021_final-463x348.png 463w, https:\/\/wydawnictwo.ug.edu.pl\/wp-content\/uploads\/2025\/01\/WielkiHerbGdanska_znak_2021_final-640x480.png 640w, https:\/\/wydawnictwo.ug.edu.pl\/wp-content\/uploads\/2025\/01\/WielkiHerbGdanska_znak_2021_final-400x300.png 400w, https:\/\/wydawnictwo.ug.edu.pl\/wp-content\/uploads\/2025\/01\/WielkiHerbGdanska_znak_2021_final.png 1920w\" sizes=\"(max-width: 68px) 100vw, 68px\" \/><\/p>\n<p>&nbsp;<\/p>\n<p>&nbsp;<\/p>\n<p>&nbsp;<\/p>\n<p>Patronat honorowy<\/p>\n<p><img decoding=\"async\" class=\" wp-image-32232 alignleft\" src=\"https:\/\/wydawnictwo.ug.edu.pl\/wp-content\/uploads\/2025\/01\/insytyt-metropolitalny-1024x397-1.png\" alt=\"\" width=\"165\" height=\"64\" srcset=\"https:\/\/wydawnictwo.ug.edu.pl\/wp-content\/uploads\/2025\/01\/insytyt-metropolitalny-1024x397-1.png 1024w, https:\/\/wydawnictwo.ug.edu.pl\/wp-content\/uploads\/2025\/01\/insytyt-metropolitalny-1024x397-1-600x233.png 600w, https:\/\/wydawnictwo.ug.edu.pl\/wp-content\/uploads\/2025\/01\/insytyt-metropolitalny-1024x397-1-300x116.png 300w, https:\/\/wydawnictwo.ug.edu.pl\/wp-content\/uploads\/2025\/01\/insytyt-metropolitalny-1024x397-1-768x298.png 768w, https:\/\/wydawnictwo.ug.edu.pl\/wp-content\/uploads\/2025\/01\/insytyt-metropolitalny-1024x397-1-640x248.png 640w, https:\/\/wydawnictwo.ug.edu.pl\/wp-content\/uploads\/2025\/01\/insytyt-metropolitalny-1024x397-1-400x155.png 400w\" sizes=\"(max-width: 165px) 100vw, 165px\" \/><\/p>\n<p>&nbsp;<\/p>\n","protected":false},"featured_media":31579,"template":"","meta":{"_acf_changed":false},"journal":[],"rodzaj":[7074],"seria":[],"product_brand":[],"product_cat":[6932],"product_tag":[7494],"class_list":{"0":"post-45962","1":"product","2":"type-product","3":"status-publish","4":"has-post-thumbnail","6":"rodzaj-ksiazki","7":"product_cat-prawo-i-administracja","8":"product_tag-katarzyna-szlachetkokatarzyna-szlachetko","10":"first","11":"instock","12":"taxable","13":"shipping-taxable","14":"product-type-simple"},"acf":[],"_links":{"self":[{"href":"https:\/\/wydawnictwo.ug.edu.pl\/en\/wp-json\/wp\/v2\/product\/45962","targetHints":{"allow":["GET"]}}],"collection":[{"href":"https:\/\/wydawnictwo.ug.edu.pl\/en\/wp-json\/wp\/v2\/product"}],"about":[{"href":"https:\/\/wydawnictwo.ug.edu.pl\/en\/wp-json\/wp\/v2\/types\/product"}],"wp:featuredmedia":[{"embeddable":true,"href":"https:\/\/wydawnictwo.ug.edu.pl\/en\/wp-json\/wp\/v2\/media\/31579"}],"wp:attachment":[{"href":"https:\/\/wydawnictwo.ug.edu.pl\/en\/wp-json\/wp\/v2\/media?parent=45962"}],"wp:term":[{"taxonomy":"journal","embeddable":true,"href":"https:\/\/wydawnictwo.ug.edu.pl\/en\/wp-json\/wp\/v2\/journal?post=45962"},{"taxonomy":"rodzaj","embeddable":true,"href":"https:\/\/wydawnictwo.ug.edu.pl\/en\/wp-json\/wp\/v2\/rodzaj?post=45962"},{"taxonomy":"seria","embeddable":true,"href":"https:\/\/wydawnictwo.ug.edu.pl\/en\/wp-json\/wp\/v2\/seria?post=45962"},{"taxonomy":"product_brand","embeddable":true,"href":"https:\/\/wydawnictwo.ug.edu.pl\/en\/wp-json\/wp\/v2\/product_brand?post=45962"},{"taxonomy":"product_cat","embeddable":true,"href":"https:\/\/wydawnictwo.ug.edu.pl\/en\/wp-json\/wp\/v2\/product_cat?post=45962"},{"taxonomy":"product_tag","embeddable":true,"href":"https:\/\/wydawnictwo.ug.edu.pl\/en\/wp-json\/wp\/v2\/product_tag?post=45962"}],"curies":[{"name":"wp","href":"https:\/\/api.w.org\/{rel}","templated":true}]}}

W stronę zrównoważonego oświetlenia zewnętrznego

<p><em>W stronę zrównoważonego oświetlenia zewnętrznego. Studium interdycyplinarne</em></p>
<p>Zanieczyszczenie światłem to wszelkie negatywne skutki światła pochodzenia antropogenicznego, które wpływają na zdrowie człowieka, różnorodność biologiczną, klimat oraz bezpieczeństwo w ruchu drogowym, a także pozbawiają ludzkość dostępu do naturalnie ciemnego i rozgwieżdżonego nieba. Główną przyczyną tego problemu jest niekontrolowana i nadmierna emisja światła generowana przez zewnętrzną infrastrukturę oświetleniową. W polskim systemie prawnym brakuje kompleksowych rozwiązań, które z jednej strony umożliwiałyby zaspokojenie potrzeb związanych z oświetleniem zewnętrznym, a z drugiej – skutecznie chroniły zdrowie ludzi, środowisko i przyrodę przed negatywnymi skutkami nadmiernej i niekontrolowanej emisji sztucznego światła.</p>
<p>Celem niniejszej publikacji jest wzmocnienie dyskursu publicznego na temat polityki zrównoważonego oświetlenia zewnętrznego.</p>
<p>Książka stanowi pokłosie wydarzenia naukowego – Zielonej Konferencji 2.0: „Polityka zrównoważonego oświetlenia zewnętrznego. Aspekty prawne, polityczne, środowiskowe i techniczne”.</p>
<p>Publikacja sfinansowana ze środków Wydziału Prawa i Administracji Uniwersytetu Gdańskiego oraz Miasta Gdańska</p>
<p><img decoding="async" class=" wp-image-32228 alignleft" src="https://wydawnictwo.ug.edu.pl/wp-content/uploads/2025/01/wpia-1024x1024.png" alt="" width="58" height="58" srcset="https://wydawnictwo.ug.edu.pl/wp-content/uploads/2025/01/wpia-1024x1024.png 1024w, https://wydawnictwo.ug.edu.pl/wp-content/uploads/2025/01/wpia-600x600.png 600w, https://wydawnictwo.ug.edu.pl/wp-content/uploads/2025/01/wpia-100x100.png 100w, https://wydawnictwo.ug.edu.pl/wp-content/uploads/2025/01/wpia-300x300.png 300w, https://wydawnictwo.ug.edu.pl/wp-content/uploads/2025/01/wpia-150x150.png 150w, https://wydawnictwo.ug.edu.pl/wp-content/uploads/2025/01/wpia-768x768.png 768w, https://wydawnictwo.ug.edu.pl/wp-content/uploads/2025/01/wpia-640x640.png 640w, https://wydawnictwo.ug.edu.pl/wp-content/uploads/2025/01/wpia-400x400.png 400w, https://wydawnictwo.ug.edu.pl/wp-content/uploads/2025/01/wpia-85x85.png 85w, https://wydawnictwo.ug.edu.pl/wp-content/uploads/2025/01/wpia-32x32.png 32w, https://wydawnictwo.ug.edu.pl/wp-content/uploads/2025/01/wpia.png 1230w" sizes="(max-width: 58px) 100vw, 58px" /><img decoding="async" class=" wp-image-32230 alignleft" src="https://wydawnictwo.ug.edu.pl/wp-content/uploads/2025/01/WielkiHerbGdanska_znak_2021_final-1024x775.png" alt="" width="68" height="52" srcset="https://wydawnictwo.ug.edu.pl/wp-content/uploads/2025/01/WielkiHerbGdanska_znak_2021_final-1024x775.png 1024w, https://wydawnictwo.ug.edu.pl/wp-content/uploads/2025/01/WielkiHerbGdanska_znak_2021_final-600x454.png 600w, https://wydawnictwo.ug.edu.pl/wp-content/uploads/2025/01/WielkiHerbGdanska_znak_2021_final-300x227.png 300w, https://wydawnictwo.ug.edu.pl/wp-content/uploads/2025/01/WielkiHerbGdanska_znak_2021_final-768x582.png 768w, https://wydawnictwo.ug.edu.pl/wp-content/uploads/2025/01/WielkiHerbGdanska_znak_2021_final-1536x1163.png 1536w, https://wydawnictwo.ug.edu.pl/wp-content/uploads/2025/01/WielkiHerbGdanska_znak_2021_final-463x348.png 463w, https://wydawnictwo.ug.edu.pl/wp-content/uploads/2025/01/WielkiHerbGdanska_znak_2021_final-640x480.png 640w, https://wydawnictwo.ug.edu.pl/wp-content/uploads/2025/01/WielkiHerbGdanska_znak_2021_final-400x300.png 400w, https://wydawnictwo.ug.edu.pl/wp-content/uploads/2025/01/WielkiHerbGdanska_znak_2021_final.png 1920w" sizes="(max-width: 68px) 100vw, 68px" /></p>
<p>&nbsp;</p>
<p>&nbsp;</p>
<p>&nbsp;</p>
<p>Patronat honorowy</p>
<p><img decoding="async" class=" wp-image-32232 alignleft" src="https://wydawnictwo.ug.edu.pl/wp-content/uploads/2025/01/insytyt-metropolitalny-1024x397-1.png" alt="" width="165" height="64" srcset="https://wydawnictwo.ug.edu.pl/wp-content/uploads/2025/01/insytyt-metropolitalny-1024x397-1.png 1024w, https://wydawnictwo.ug.edu.pl/wp-content/uploads/2025/01/insytyt-metropolitalny-1024x397-1-600x233.png 600w, https://wydawnictwo.ug.edu.pl/wp-content/uploads/2025/01/insytyt-metropolitalny-1024x397-1-300x116.png 300w, https://wydawnictwo.ug.edu.pl/wp-content/uploads/2025/01/insytyt-metropolitalny-1024x397-1-768x298.png 768w, https://wydawnictwo.ug.edu.pl/wp-content/uploads/2025/01/insytyt-metropolitalny-1024x397-1-640x248.png 640w, https://wydawnictwo.ug.edu.pl/wp-content/uploads/2025/01/insytyt-metropolitalny-1024x397-1-400x155.png 400w" sizes="(max-width: 165px) 100vw, 165px" /></p>
<p>&nbsp;</p>
