{"id":45961,"date":"2025-01-31T10:48:48","date_gmt":"2025-01-31T10:48:48","guid":{"rendered":"https:\/\/wydawnictwo.ug.edu.pl\/ksiegarnia-online\/uncategorized\/gdy-nam-chodzi-o-dusze-to-im-o-zupelnie-co-innego-o-ciele-cielesnosci-i-bezcielesnosci-w-literaturze-i-kulturze\/"},"modified":"2026-02-11T12:33:53","modified_gmt":"2026-02-11T12:33:53","slug":"gdy-nam-chodzi-o-dusze-to-im-o-zupelnie-co-innego-o-ciele-cielesnosci-i-bezcielesnosci-w-literaturze-i-kulturze","status":"publish","type":"product","link":"https:\/\/wydawnictwo.ug.edu.pl\/en\/ksiegarnia-online\/literaturoznawstwo\/gdy-nam-chodzi-o-dusze-to-im-o-zupelnie-co-innego-o-ciele-cielesnosci-i-bezcielesnosci-w-literaturze-i-kulturze\/","title":{"rendered":"\u201eGdy nam chodzi o dusz\u0119, to im \u2013 o zupe\u0142nie co innego\u201d. O ciele, cielesno\u015bci i bezcielesno\u015bci w literaturze i kulturze"},"content":{"rendered":"","protected":false},"excerpt":{"rendered":"<p>Monografia pod redakcj\u0105 naukow\u0105 Anny Regli\u0144skiej-Jemio\u0142 oraz Barbary Zwoli\u0144skiej podejmuje problem cielesno\u015bci, obecno\u015bci i specyficznej \u201enieobecno\u015bci\u201d cia\u0142a w tekstach kultury \u2013 od epok dawnych po czasy wsp\u00f3\u0142czesne. Zagadnienie to analizowane jest z perspektywy wybranych aspekt\u00f3w spo\u0142ecznych, kulturowych i obyczajowych. Autorki interpretuj\u0105 cia\u0142o i cielesno\u015b\u0107 jako element narracji kulturowej, badaj\u0105c je w kontek\u015bcie literatury (zw\u0142aszcza dziewi\u0119tnastowiecznej), teatru, obyczaj\u00f3w oraz codziennych zachowa\u0144.<\/p>\n","protected":false},"featured_media":31614,"template":"","meta":{"_acf_changed":false},"journal":[],"rodzaj":[7074],"seria":[],"product_brand":[],"product_cat":[6925],"product_tag":[7492,7493],"class_list":{"0":"post-45961","1":"product","2":"type-product","3":"status-publish","4":"has-post-thumbnail","6":"rodzaj-ksiazki","7":"product_cat-literaturoznawstwo","8":"product_tag-anna-reglinska-jemiol","9":"product_tag-barbara-zwolinska","11":"first","12":"instock","13":"taxable","14":"shipping-taxable","15":"purchasable","16":"product-type-simple"},"acf":[],"_links":{"self":[{"href":"https:\/\/wydawnictwo.ug.edu.pl\/en\/wp-json\/wp\/v2\/product\/45961","targetHints":{"allow":["GET"]}}],"collection":[{"href":"https:\/\/wydawnictwo.ug.edu.pl\/en\/wp-json\/wp\/v2\/product"}],"about":[{"href":"https:\/\/wydawnictwo.ug.edu.pl\/en\/wp-json\/wp\/v2\/types\/product"}],"wp:featuredmedia":[{"embeddable":true,"href":"https:\/\/wydawnictwo.ug.edu.pl\/en\/wp-json\/wp\/v2\/media\/31614"}],"wp:attachment":[{"href":"https:\/\/wydawnictwo.ug.edu.pl\/en\/wp-json\/wp\/v2\/media?parent=45961"}],"wp:term":[{"taxonomy":"journal","embeddable":true,"href":"https:\/\/wydawnictwo.ug.edu.pl\/en\/wp-json\/wp\/v2\/journal?post=45961"},{"taxonomy":"rodzaj","embeddable":true,"href":"https:\/\/wydawnictwo.ug.edu.pl\/en\/wp-json\/wp\/v2\/rodzaj?post=45961"},{"taxonomy":"seria","embeddable":true,"href":"https:\/\/wydawnictwo.ug.edu.pl\/en\/wp-json\/wp\/v2\/seria?post=45961"},{"taxonomy":"product_brand","embeddable":true,"href":"https:\/\/wydawnictwo.ug.edu.pl\/en\/wp-json\/wp\/v2\/product_brand?post=45961"},{"taxonomy":"product_cat","embeddable":true,"href":"https:\/\/wydawnictwo.ug.edu.pl\/en\/wp-json\/wp\/v2\/product_cat?post=45961"},{"taxonomy":"product_tag","embeddable":true,"href":"https:\/\/wydawnictwo.ug.edu.pl\/en\/wp-json\/wp\/v2\/product_tag?post=45961"}],"curies":[{"name":"wp","href":"https:\/\/api.w.org\/{rel}","templated":true}]}}

„Gdy nam chodzi o duszę, to im – o zupełnie co innego”. O ciele, cielesności i bezcielesności w literaturze i kulturze

<p>Monografia pod redakcją naukową Anny Reglińskiej-Jemioł oraz Barbary Zwolińskiej podejmuje problem cielesności, obecności i specyficznej „nieobecności” ciała w tekstach kultury – od epok dawnych po czasy współczesne. Zagadnienie to analizowane jest z perspektywy wybranych aspektów społecznych, kulturowych i obyczajowych. Autorki interpretują ciało i cielesność jako element narracji kulturowej, badając je w kontekście literatury (zwłaszcza dziewiętnastowiecznej), teatru, obyczajów oraz codziennych zachowań.</p>
