{"id":45947,"date":"2025-02-28T11:03:28","date_gmt":"2025-02-28T11:03:28","guid":{"rendered":"https:\/\/wydawnictwo.ug.edu.pl\/ksiegarnia-online\/uncategorized\/profesorowie-wydzialu-prawa-i-administracji-uniwersytetu-gdanskiego-ksiega-55-lecia\/"},"modified":"2026-02-10T15:49:18","modified_gmt":"2026-02-10T15:49:18","slug":"profesorowie-wydzialu-prawa-i-administracji-uniwersytetu-gdanskiego-ksiega-55-lecia","status":"publish","type":"product","link":"https:\/\/wydawnictwo.ug.edu.pl\/en\/ksiegarnia-online\/historia\/profesorowie-wydzialu-prawa-i-administracji-uniwersytetu-gdanskiego-ksiega-55-lecia\/","title":{"rendered":"Profesorowie Wydzia\u0142u Prawa i Administracji Uniwersytetu Gda\u0144skiego. Ksi\u0119ga 55-lecia"},"content":{"rendered":"","protected":false},"excerpt":{"rendered":"<p>55 rocznica utworzenia Wydzia\u0142u Prawa i Administracji Uniwersytetu Gda\u0144skiego jest okazj\u0105 do podsumowa\u0144 i refleksji. Czas tworzenia Wydzia\u0142u pozostaje w \u017cywej pami\u0119ci coraz to mniejszej grupy za\u0142o\u017cycieli i za\u0142o\u017cycielek. Mijaj\u0105ce nieub\u0142aganie lata powoduj\u0105, \u017ce odchodz\u0105 od nas wspania\u0142e postaci zwi\u0105zane z histori\u0105 Wydzia\u0142u. Warto zachowa\u0107 w pami\u0119ci tych, kt\u00f3rzy jeszcze wczoraj dzielili si\u0119 z nami swoj\u0105 wiedz\u0105 i do\u015bwiadczeniem, kt\u00f3rych postawy by\u0142y dla nas wzorem do na\u015bladowania, od kt\u00f3rych uczyli\u015bmy si\u0119 nie\u0142atwej sztuki bycia prawnikami, liderami, obywatelami, dobrymi lud\u017ami\u2026<\/p>\n<p>W niniejszym tomie znalaz\u0142y si\u0119 biogramy wszystkich samodzielnych pracownik\u00f3w naukowych pracuj\u0105cych na WPiA UG w ci\u0105gu minionego pi\u0119\u0107dziesi\u0119ciopi\u0119ciolecia. Ka\u017cda omawiana Posta\u0107 wnios\u0142a b\u0105d\u017a wnosi sw\u00f3j wk\u0142ad w naukowy, dydaktyczny, tudzie\u017c organizacyjny rozw\u00f3j Wydzia\u0142u. Z oczywistych wzgl\u0119d\u00f3w wk\u0142ad ten by\u0142 i jest zr\u00f3\u017cnicowany. Minione pi\u0119\u0107dziesi\u0119ciopi\u0119ciolecie wykazuje dowodnie, \u017ce Wsp\u00f3lnot\u0119 Akademick\u0105, w tym nasz\u0105 Alma Mater oraz Wydzia\u0142 Prawa i Administracji buduj\u0105 i rozwijaj\u0105 naukowo konkretni ludzie. Mamy nadziej\u0119, \u017ce z wielu szczeg\u00f3\u0142\u00f3w uda\u0142o si\u0119 nam utka\u0107 kobierzec pami\u0119ci, na kt\u00f3rym przywo\u0142ane postaci cho\u0107 na chwil\u0119 o\u017cyj\u0105 w naszych oraz Szanownych Czytelnik\u00f3w my\u015blach i wspomnieniach.<\/p>\n<p style=\"text-align: right;\"><em>Prof. Wojciech Zalewski<\/em><\/p>\n<p style=\"text-align: right;\"><em>Dziekan Wydzia\u0142u Prawa i Administracji <\/em><em>Uniwersytetu Gda\u0144skiego<\/em><\/p>\n","protected":false},"featured_media":32063,"template":"","meta":{"_acf_changed":false},"journal":[],"rodzaj":[7074],"seria":[],"product_brand":[],"product_cat":[6958],"product_tag":[7479],"class_list":{"0":"post-45947","1":"product","2":"type-product","3":"status-publish","4":"has-post-thumbnail","6":"rodzaj-ksiazki","7":"product_cat-historia","8":"product_tag-andrzej-szmyt","10":"first","11":"outofstock","12":"taxable","13":"shipping-taxable","14":"purchasable","15":"product-type-simple"},"acf":[],"_links":{"self":[{"href":"https:\/\/wydawnictwo.ug.edu.pl\/en\/wp-json\/wp\/v2\/product\/45947","targetHints":{"allow":["GET"]}}],"collection":[{"href":"https:\/\/wydawnictwo.ug.edu.pl\/en\/wp-json\/wp\/v2\/product"}],"about":[{"href":"https:\/\/wydawnictwo.ug.edu.pl\/en\/wp-json\/wp\/v2\/types\/product"}],"wp:featuredmedia":[{"embeddable":true,"href":"https:\/\/wydawnictwo.ug.edu.pl\/en\/wp-json\/wp\/v2\/media\/32063"}],"wp:attachment":[{"href":"https:\/\/wydawnictwo.ug.edu.pl\/en\/wp-json\/wp\/v2\/media?parent=45947"}],"wp:term":[{"taxonomy":"journal","embeddable":true,"href":"https:\/\/wydawnictwo.ug.edu.pl\/en\/wp-json\/wp\/v2\/journal?post=45947"},{"taxonomy":"rodzaj","embeddable":true,"href":"https:\/\/wydawnictwo.ug.edu.pl\/en\/wp-json\/wp\/v2\/rodzaj?post=45947"},{"taxonomy":"seria","embeddable":true,"href":"https:\/\/wydawnictwo.ug.edu.pl\/en\/wp-json\/wp\/v2\/seria?post=45947"},{"taxonomy":"product_brand","embeddable":true,"href":"https:\/\/wydawnictwo.ug.edu.pl\/en\/wp-json\/wp\/v2\/product_brand?post=45947"},{"taxonomy":"product_cat","embeddable":true,"href":"https:\/\/wydawnictwo.ug.edu.pl\/en\/wp-json\/wp\/v2\/product_cat?post=45947"},{"taxonomy":"product_tag","embeddable":true,"href":"https:\/\/wydawnictwo.ug.edu.pl\/en\/wp-json\/wp\/v2\/product_tag?post=45947"}],"curies":[{"name":"wp","href":"https:\/\/api.w.org\/{rel}","templated":true}]}}

Profesorowie Wydziału Prawa i Administracji Uniwersytetu Gdańskiego. Księga 55-lecia

<p>55 rocznica utworzenia Wydziału Prawa i Administracji Uniwersytetu Gdańskiego jest okazją do podsumowań i refleksji. Czas tworzenia Wydziału pozostaje w żywej pamięci coraz to mniejszej grupy założycieli i założycielek. Mijające nieubłaganie lata powodują, że odchodzą od nas wspaniałe postaci związane z historią Wydziału. Warto zachować w pamięci tych, którzy jeszcze wczoraj dzielili się z nami swoją wiedzą i doświadczeniem, których postawy były dla nas wzorem do naśladowania, od których uczyliśmy się niełatwej sztuki bycia prawnikami, liderami, obywatelami, dobrymi ludźmi…</p>
<p>W niniejszym tomie znalazły się biogramy wszystkich samodzielnych pracowników naukowych pracujących na WPiA UG w ciągu minionego pięćdziesięciopięciolecia. Każda omawiana Postać wniosła bądź wnosi swój wkład w naukowy, dydaktyczny, tudzież organizacyjny rozwój Wydziału. Z oczywistych względów wkład ten był i jest zróżnicowany. Minione pięćdziesięciopięciolecie wykazuje dowodnie, że Wspólnotę Akademicką, w tym naszą Alma Mater oraz Wydział Prawa i Administracji budują i rozwijają naukowo konkretni ludzie. Mamy nadzieję, że z wielu szczegółów udało się nam utkać kobierzec pamięci, na którym przywołane postaci choć na chwilę ożyją w naszych oraz Szanownych Czytelników myślach i wspomnieniach.</p>
<p style="text-align: right;"><em>Prof. Wojciech Zalewski</em></p>
<p style="text-align: right;"><em>Dziekan Wydziału Prawa i Administracji </em><em>Uniwersytetu Gdańskiego</em></p>
