{"id":45930,"date":"2025-04-28T09:01:01","date_gmt":"2025-04-28T09:01:01","guid":{"rendered":"https:\/\/wydawnictwo.ug.edu.pl\/ksiegarnia-online\/uncategorized\/zrownowazony-rozwoj-zrownowazona-konsumpcja-i-zrownowazona-organizacja\/"},"modified":"2026-02-10T15:47:05","modified_gmt":"2026-02-10T15:47:05","slug":"zrownowazony-rozwoj-zrownowazona-konsumpcja-i-zrownowazona-organizacja","status":"publish","type":"product","link":"https:\/\/wydawnictwo.ug.edu.pl\/en\/ksiegarnia-online\/zarzadzanie\/zrownowazony-rozwoj-zrownowazona-konsumpcja-i-zrownowazona-organizacja\/","title":{"rendered":"Zr\u00f3wnowa\u017cony rozw\u00f3j, zr\u00f3wnowa\u017cona konsumpcja i zr\u00f3wnowa\u017cona organizacja"},"content":{"rendered":"","protected":false},"excerpt":{"rendered":"<p>Prof. dr hab. Ma\u0142gorzata Z. Wi\u015bniewska, dr in\u017c. Ewa Malinowska, dr Renata P\u0142oska oraz dr Ma\u0142gorzata Szyma\u0144ska-Bra\u0142kowska pracuj\u0105 w Katedrze Strategicznego Rozwoju i Nauk o Jako\u015bci na Wydziale Zarz\u0105dzania Uniwersytetu Gda\u0144skiego.<\/p>\n<p>Zar\u00f3wno problematyk\u0119, jak i trafno\u015b\u0107 doboru zagadnie\u0144 poruszanych w monografii oceniam wysoce pozytywnie. Wpisuj\u0105 si\u0119 one bowiem w bie\u017c\u0105ce dyskusje naukowe, spo\u0142eczne, ekonomiczne oraz polityczne, kt\u00f3re s\u0105 determinowane podstawowymi potrzebami zapewnienia bezpiecze\u0144stwa i odpowiedniej jako\u015bci \u017cycia obecnym i przysz\u0142ym pokoleniom. (\u2026)<\/p>\n<p>Przedstawione tre\u015bci s\u0105 sp\u00f3jne i stanowi\u0105 warto\u015bciowe opracowanie naukowe podj\u0119tego problemu \u2013 dzia\u0142a\u0144 na rzecz zr\u00f3wnowa\u017cenia konsumpcji i organizacji w aspekcie ekonomicznym, \u015brodowiskowym i spo\u0142ecznym. Nale\u017cy zaznaczy\u0107, \u017ce jest to bardzo wa\u017cne opracowanie, kt\u00f3re porz\u0105dkuje i systematyzuje podej\u015bcie do koncepcji zr\u00f3wnowa\u017conego rozwoju. Autorki trafnie uj\u0119\u0142y temat, wskazuj\u0105c jednocze\u015bnie wady i zalety omawianych koncepcji, jak r\u00f3wnie\u017c mo\u017cliwo\u015bci i ograniczenia w ich wdra\u017caniu w r\u00f3\u017cnych obszarach spo\u0142eczno-gospodarczych.<\/p>\n<p>Z recenzji dr hab. in\u017c. Anny Sylwii Tarczy\u0144skiej, prof. UWM<\/p>\n","protected":false},"featured_media":45451,"template":"","meta":{"_acf_changed":false},"journal":[],"rodzaj":[2602],"seria":[],"product_brand":[],"product_cat":[268],"product_tag":[680,924,6772,1163],"class_list":{"0":"post-45930","1":"product","2":"type-product","3":"status-publish","4":"has-post-thumbnail","6":"rodzaj-ksiazki","7":"product_cat-zarzadzanie","8":"product_tag-ewa-malinowska","9":"product_tag-malgorzata-szymanska-bralkowska","10":"product_tag-malgorzata-zdzislawa-wisniewska","11":"product_tag-renata-ploska","13":"first","14":"instock","15":"taxable","16":"shipping-taxable","17":"purchasable","18":"product-type-simple"},"acf":[],"_links":{"self":[{"href":"https:\/\/wydawnictwo.ug.edu.pl\/en\/wp-json\/wp\/v2\/product\/45930","targetHints":{"allow":["GET"]}}],"collection":[{"href":"https:\/\/wydawnictwo.ug.edu.pl\/en\/wp-json\/wp\/v2\/product"}],"about":[{"href":"https:\/\/wydawnictwo.ug.edu.pl\/en\/wp-json\/wp\/v2\/types\/product"}],"wp:featuredmedia":[{"embeddable":true,"href":"https:\/\/wydawnictwo.ug.edu.pl\/en\/wp-json\/wp\/v2\/media\/45451"}],"wp:attachment":[{"href":"https:\/\/wydawnictwo.ug.edu.pl\/en\/wp-json\/wp\/v2\/media?parent=45930"}],"wp:term":[{"taxonomy":"journal","embeddable":true,"href":"https:\/\/wydawnictwo.ug.edu.pl\/en\/wp-json\/wp\/v2\/journal?post=45930"},{"taxonomy":"rodzaj","embeddable":true,"href":"https:\/\/wydawnictwo.ug.edu.pl\/en\/wp-json\/wp\/v2\/rodzaj?post=45930"},{"taxonomy":"seria","embeddable":true,"href":"https:\/\/wydawnictwo.ug.edu.pl\/en\/wp-json\/wp\/v2\/seria?post=45930"},{"taxonomy":"product_brand","embeddable":true,"href":"https:\/\/wydawnictwo.ug.edu.pl\/en\/wp-json\/wp\/v2\/product_brand?post=45930"},{"taxonomy":"product_cat","embeddable":true,"href":"https:\/\/wydawnictwo.ug.edu.pl\/en\/wp-json\/wp\/v2\/product_cat?post=45930"},{"taxonomy":"product_tag","embeddable":true,"href":"https:\/\/wydawnictwo.ug.edu.pl\/en\/wp-json\/wp\/v2\/product_tag?post=45930"}],"curies":[{"name":"wp","href":"https:\/\/api.w.org\/{rel}","templated":true}]}}

Zrównoważony rozwój, zrównoważona konsumpcja i zrównoważona organizacja

<p>Prof. dr hab. Małgorzata Z. Wiśniewska, dr inż. Ewa Malinowska, dr Renata Płoska oraz dr Małgorzata Szymańska-Brałkowska pracują w Katedrze Strategicznego Rozwoju i Nauk o Jakości na Wydziale Zarządzania Uniwersytetu Gdańskiego.</p>
<p>Zarówno problematykę, jak i trafność doboru zagadnień poruszanych w monografii oceniam wysoce pozytywnie. Wpisują się one bowiem w bieżące dyskusje naukowe, społeczne, ekonomiczne oraz polityczne, które są determinowane podstawowymi potrzebami zapewnienia bezpieczeństwa i odpowiedniej jakości życia obecnym i przyszłym pokoleniom. (…)</p>
<p>Przedstawione treści są spójne i stanowią wartościowe opracowanie naukowe podjętego problemu – działań na rzecz zrównoważenia konsumpcji i organizacji w aspekcie ekonomicznym, środowiskowym i społecznym. Należy zaznaczyć, że jest to bardzo ważne opracowanie, które porządkuje i systematyzuje podejście do koncepcji zrównoważonego rozwoju. Autorki trafnie ujęły temat, wskazując jednocześnie wady i zalety omawianych koncepcji, jak również możliwości i ograniczenia w ich wdrażaniu w różnych obszarach społeczno-gospodarczych.</p>
<p>Z recenzji dr hab. inż. Anny Sylwii Tarczyńskiej, prof. UWM</p>
