{"id":45914,"date":"2025-05-30T09:38:17","date_gmt":"2025-05-30T09:38:17","guid":{"rendered":"https:\/\/wydawnictwo.ug.edu.pl\/ksiegarnia-online\/uncategorized\/przestrzen-publiczna-jako-efekt-wspolpracy-roznych-aktorow\/"},"modified":"2026-02-10T15:47:36","modified_gmt":"2026-02-10T15:47:36","slug":"przestrzen-publiczna-jako-efekt-wspolpracy-roznych-aktorow","status":"publish","type":"product","link":"https:\/\/wydawnictwo.ug.edu.pl\/en\/ksiegarnia-online\/geografia-spoleczno-ekonomiczna\/przestrzen-publiczna-jako-efekt-wspolpracy-roznych-aktorow\/","title":{"rendered":"Przestrze\u0144 publiczna jako efekt wsp\u00f3\u0142pracy r\u00f3\u017cnych aktor\u00f3w"},"content":{"rendered":"","protected":false},"excerpt":{"rendered":"<p><em>Przestrze\u0144 publiczna jako efekt wsp\u00f3\u0142pracy r\u00f3\u017cnych aktor\u00f3w. Modele proces\u00f3w partycypacyjnych w kszta\u0142towaniu przestrzeni publicznych<\/em><\/p>\n<p>Autorka w publikacji\u00a0<em>Przestrze\u0144 publiczna jako efekt wsp\u00f3\u0142pracy r\u00f3\u017cnych aktor\u00f3w. Modele proces\u00f3w partycypacyjnych w kszta\u0142towaniu przestrzeni publicznych\u00a0<\/em>przedstawia oryginalne rozwi\u0105zanie problemu naukowego polegaj\u0105ce na konsekwentnej analizie genezy i uwarunkowa\u0144 planowania i projektowania przestrzeni publicznej przy udziale r\u00f3\u017cnych aktor\u00f3w, co skutkuje stworzeniem autorskiego modelu deskryptywnego. Stanowi on interesuj\u0105cy i oryginalny wk\u0142ad w rozw\u00f3j dyscypliny, gdy\u017c w czytelny spos\u00f3b ilustruje zale\u017cno\u015bci i ci\u0105g wydarze\u0144 towarzysz\u0105cych danych realizacjom.<\/p>\n<p style=\"text-align: right;\"><em>Z recenzji dr hab. in\u017c. arch. Justyny Martyniuk-P\u0119czek, prof. PG<\/em><\/p>\n<p>Ksi\u0105\u017ck\u0119 Marty Popaszkiewicz wyr\u00f3\u017cnia systematyczne i logiczne uporz\u0105dkowanie badanej problematyki. Nale\u017cy r\u00f3wnie\u017c doceni\u0107 Autork\u0119 za podj\u0119ty wysi\u0142ek prze\u0142o\u017cenia modeli opisowych na por\u00f3wnywalne diagramy. Samodzielnie opracowa\u0142a diagram modelu i opisa\u0142a za jego pomoc\u0105 zar\u00f3wno istotne modele, jak i analizowane przez siebie przyk\u0142ady. Praca ma znaczny potencja\u0142 dla dojrzalszego kszta\u0142towania procesu tworzenia przestrzeni publicznych z uwzgl\u0119dnieniem aktywno\u015bci spo\u0142ecznej. Ma by\u0107 adresowana do szerokiego kr\u0119gu aktor\u00f3w tego procesu \u2013 urz\u0119dnik\u00f3w, projektant\u00f3w, planist\u00f3w, przedstawicieli organizacji pozarz\u0105dowych i lokalnych spo\u0142eczno\u015bci.<\/p>\n<p style=\"text-align: right;\"><em>Z recenzji dr hab. in\u017c. arch. Kingi Raco\u0144-Lei, prof. PK<\/em><\/p>\n","protected":false},"featured_media":45430,"template":"","meta":{"_acf_changed":false},"journal":[],"rodzaj":[7074],"seria":[],"product_brand":[],"product_cat":[6977],"product_tag":[7451],"class_list":{"0":"post-45914","1":"product","2":"type-product","3":"status-publish","4":"has-post-thumbnail","6":"rodzaj-ksiazki","7":"product_cat-geografia-spoleczno-ekonomiczna","8":"product_tag-marta-popaszkiewicz","10":"first","11":"instock","12":"taxable","13":"shipping-taxable","14":"purchasable","15":"product-type-simple"},"acf":[],"_links":{"self":[{"href":"https:\/\/wydawnictwo.ug.edu.pl\/en\/wp-json\/wp\/v2\/product\/45914","targetHints":{"allow":["GET"]}}],"collection":[{"href":"https:\/\/wydawnictwo.ug.edu.pl\/en\/wp-json\/wp\/v2\/product"}],"about":[{"href":"https:\/\/wydawnictwo.ug.edu.pl\/en\/wp-json\/wp\/v2\/types\/product"}],"wp:featuredmedia":[{"embeddable":true,"href":"https:\/\/wydawnictwo.ug.edu.pl\/en\/wp-json\/wp\/v2\/media\/45430"}],"wp:attachment":[{"href":"https:\/\/wydawnictwo.ug.edu.pl\/en\/wp-json\/wp\/v2\/media?parent=45914"}],"wp:term":[{"taxonomy":"journal","embeddable":true,"href":"https:\/\/wydawnictwo.ug.edu.pl\/en\/wp-json\/wp\/v2\/journal?post=45914"},{"taxonomy":"rodzaj","embeddable":true,"href":"https:\/\/wydawnictwo.ug.edu.pl\/en\/wp-json\/wp\/v2\/rodzaj?post=45914"},{"taxonomy":"seria","embeddable":true,"href":"https:\/\/wydawnictwo.ug.edu.pl\/en\/wp-json\/wp\/v2\/seria?post=45914"},{"taxonomy":"product_brand","embeddable":true,"href":"https:\/\/wydawnictwo.ug.edu.pl\/en\/wp-json\/wp\/v2\/product_brand?post=45914"},{"taxonomy":"product_cat","embeddable":true,"href":"https:\/\/wydawnictwo.ug.edu.pl\/en\/wp-json\/wp\/v2\/product_cat?post=45914"},{"taxonomy":"product_tag","embeddable":true,"href":"https:\/\/wydawnictwo.ug.edu.pl\/en\/wp-json\/wp\/v2\/product_tag?post=45914"}],"curies":[{"name":"wp","href":"https:\/\/api.w.org\/{rel}","templated":true}]}}

Przestrzeń publiczna jako efekt współpracy różnych aktorów

<p><em>Przestrzeń publiczna jako efekt współpracy różnych aktorów. Modele procesów partycypacyjnych w kształtowaniu przestrzeni publicznych</em></p>
<p>Autorka w publikacji <em>Przestrzeń publiczna jako efekt współpracy różnych aktorów. Modele procesów partycypacyjnych w kształtowaniu przestrzeni publicznych </em>przedstawia oryginalne rozwiązanie problemu naukowego polegające na konsekwentnej analizie genezy i uwarunkowań planowania i projektowania przestrzeni publicznej przy udziale różnych aktorów, co skutkuje stworzeniem autorskiego modelu deskryptywnego. Stanowi on interesujący i oryginalny wkład w rozwój dyscypliny, gdyż w czytelny sposób ilustruje zależności i ciąg wydarzeń towarzyszących danych realizacjom.</p>
<p style="text-align: right;"><em>Z recenzji dr hab. inż. arch. Justyny Martyniuk-Pęczek, prof. PG</em></p>
<p>Książkę Marty Popaszkiewicz wyróżnia systematyczne i logiczne uporządkowanie badanej problematyki. Należy również docenić Autorkę za podjęty wysiłek przełożenia modeli opisowych na porównywalne diagramy. Samodzielnie opracowała diagram modelu i opisała za jego pomocą zarówno istotne modele, jak i analizowane przez siebie przykłady. Praca ma znaczny potencjał dla dojrzalszego kształtowania procesu tworzenia przestrzeni publicznych z uwzględnieniem aktywności społecznej. Ma być adresowana do szerokiego kręgu aktorów tego procesu – urzędników, projektantów, planistów, przedstawicieli organizacji pozarządowych i lokalnych społeczności.</p>
<p style="text-align: right;"><em>Z recenzji dr hab. inż. arch. Kingi Racoń-Lei, prof. PK</em></p>
