{"id":45904,"date":"2025-06-24T12:09:24","date_gmt":"2025-06-24T12:09:24","guid":{"rendered":"https:\/\/wydawnictwo.ug.edu.pl\/ksiegarnia-online\/uncategorized\/spostrzeganie-wzrokowe-dziecka-przedszkolnego-jako-zlozona-funkcja-poznawcza\/"},"modified":"2026-02-10T15:44:10","modified_gmt":"2026-02-10T15:44:10","slug":"spostrzeganie-wzrokowe-dziecka-przedszkolnego-jako-zlozona-funkcja-poznawcza","status":"publish","type":"product","link":"https:\/\/wydawnictwo.ug.edu.pl\/en\/ksiegarnia-online\/pedagogika-i-psychologia\/spostrzeganie-wzrokowe-dziecka-przedszkolnego-jako-zlozona-funkcja-poznawcza\/","title":{"rendered":"Spostrzeganie wzrokowe dziecka przedszkolnego jako z\u0142o\u017cona funkcja poznawcza"},"content":{"rendered":"","protected":false},"excerpt":{"rendered":"<p><em>Spostrzeganie wzrokowe dziecka przedszkolnego jako z\u0142o\u017cona funkcja poznawcza. Eyetracking w badaniach pedagogicznych<\/em><\/p>\n<p>\u201eRecenzowana ksi\u0105\u017cka autorstwa Ma\u0142gorzaty Obryckiej i Agnieszki Zalewskiej-Meler porusza istotne tre\u015bci. Dotycz\u0105 one wzroku, jednego z najwa\u017cniejszych zmys\u0142\u00f3w cz\u0142owieka, kt\u00f3ry odgrywa fundamentaln\u0105 rol\u0119 w procesach poznaw\u00adczych, emocjonalnych i spo\u0142ecznych. Oko umo\u017cliwia dziecku pierwsze interakcje z otaczaj\u0105cym \u015bwiatem, zanim jeszcze nauczy si\u0119 komunikowa\u0107 za pomoc\u0105 s\u0142\u00f3w. Technologie takie jak eyetracking, kt\u00f3re analizuj\u0105 ruch ga\u0142ek ocznych, sta\u0142y si\u0119 w ostatnich dekadach wa\u017cnym narz\u0119dziem do badania proces\u00f3w uczenia si\u0119, pozwalaj\u0105cym tak\u017ce projektowa\u0107 materia\u0142y dydaktyczne w spos\u00f3b bardziej do stosowany do sposobu przyswajania informacji przez ucznia.<\/p>\n<p>Wyniki przeprowadzonych przez Autorki bada\u0144 wskazuj\u0105, \u017ce spos\u00f3b postrzegania dziecka, jego potencja\u0142u znacz\u0105co wp\u0142ywaj\u0105 na wyb\u00f3r metod wspierania jego roz\u00adwoju. Ksi\u0105\u017cka zach\u0119ca do refleksji nad mo\u017cliwo\u015bci\u0105 praktycznego wykorzystania eyetrackingu w codzienno\u015bci przedszkolnej, a tak\u017ce do lepszego zrozumienia pro\u00adces\u00f3w poznawczych dziecka w kluczowym okresie ich rozwoju. Jest to wa\u017cny krok w kierunku integracji nowoczesnych technologii z pedagogik\u0105. Wszystko to czyni niniejsz\u0105 publikacj\u0119 warto\u015bciowym \u017ar\u00f3d\u0142em inspiracji i innowacji dla nauczycieli, badaczy i praktyk\u00f3w edukacyjnych\u201d.<\/p>\n<p style=\"text-align: right;\"><em>Z recenzji prof. dr hab. Bo\u017ceny Muchackiej<\/em><\/p>\n","protected":false},"featured_media":45360,"template":"","meta":{"_acf_changed":false},"journal":[],"rodzaj":[7074],"seria":[],"product_brand":[],"product_cat":[7007],"product_tag":[7444,7445],"class_list":{"0":"post-45904","1":"product","2":"type-product","3":"status-publish","4":"has-post-thumbnail","6":"rodzaj-ksiazki","7":"product_cat-pedagogika-i-psychologia","8":"product_tag-agnieszka-zalewska-meleragnieszka-zalewska-meler","9":"product_tag-malgorzata-obryckamalgorzata-obrycka","11":"first","12":"instock","13":"taxable","14":"shipping-taxable","15":"purchasable","16":"product-type-simple"},"acf":[],"_links":{"self":[{"href":"https:\/\/wydawnictwo.ug.edu.pl\/en\/wp-json\/wp\/v2\/product\/45904","targetHints":{"allow":["GET"]}}],"collection":[{"href":"https:\/\/wydawnictwo.ug.edu.pl\/en\/wp-json\/wp\/v2\/product"}],"about":[{"href":"https:\/\/wydawnictwo.ug.edu.pl\/en\/wp-json\/wp\/v2\/types\/product"}],"wp:featuredmedia":[{"embeddable":true,"href":"https:\/\/wydawnictwo.ug.edu.pl\/en\/wp-json\/wp\/v2\/media\/45360"}],"wp:attachment":[{"href":"https:\/\/wydawnictwo.ug.edu.pl\/en\/wp-json\/wp\/v2\/media?parent=45904"}],"wp:term":[{"taxonomy":"journal","embeddable":true,"href":"https:\/\/wydawnictwo.ug.edu.pl\/en\/wp-json\/wp\/v2\/journal?post=45904"},{"taxonomy":"rodzaj","embeddable":true,"href":"https:\/\/wydawnictwo.ug.edu.pl\/en\/wp-json\/wp\/v2\/rodzaj?post=45904"},{"taxonomy":"seria","embeddable":true,"href":"https:\/\/wydawnictwo.ug.edu.pl\/en\/wp-json\/wp\/v2\/seria?post=45904"},{"taxonomy":"product_brand","embeddable":true,"href":"https:\/\/wydawnictwo.ug.edu.pl\/en\/wp-json\/wp\/v2\/product_brand?post=45904"},{"taxonomy":"product_cat","embeddable":true,"href":"https:\/\/wydawnictwo.ug.edu.pl\/en\/wp-json\/wp\/v2\/product_cat?post=45904"},{"taxonomy":"product_tag","embeddable":true,"href":"https:\/\/wydawnictwo.ug.edu.pl\/en\/wp-json\/wp\/v2\/product_tag?post=45904"}],"curies":[{"name":"wp","href":"https:\/\/api.w.org\/{rel}","templated":true}]}}

Spostrzeganie wzrokowe dziecka przedszkolnego jako złożona funkcja poznawcza

<p><em>Spostrzeganie wzrokowe dziecka przedszkolnego jako złożona funkcja poznawcza. Eyetracking w badaniach pedagogicznych</em></p>
<p>„Recenzowana książka autorstwa Małgorzaty Obryckiej i Agnieszki Zalewskiej-Meler porusza istotne treści. Dotyczą one wzroku, jednego z najważniejszych zmysłów człowieka, który odgrywa fundamentalną rolę w procesach poznaw­czych, emocjonalnych i społecznych. Oko umożliwia dziecku pierwsze interakcje z otaczającym światem, zanim jeszcze nauczy się komunikować za pomocą słów. Technologie takie jak eyetracking, które analizują ruch gałek ocznych, stały się w ostatnich dekadach ważnym narzędziem do badania procesów uczenia się, pozwalającym także projektować materiały dydaktyczne w sposób bardziej do stosowany do sposobu przyswajania informacji przez ucznia.</p>
<p>Wyniki przeprowadzonych przez Autorki badań wskazują, że sposób postrzegania dziecka, jego potencjału znacząco wpływają na wybór metod wspierania jego roz­woju. Książka zachęca do refleksji nad możliwością praktycznego wykorzystania eyetrackingu w codzienności przedszkolnej, a także do lepszego zrozumienia pro­cesów poznawczych dziecka w kluczowym okresie ich rozwoju. Jest to ważny krok w kierunku integracji nowoczesnych technologii z pedagogiką. Wszystko to czyni niniejszą publikację wartościowym źródłem inspiracji i innowacji dla nauczycieli, badaczy i praktyków edukacyjnych”.</p>
<p style="text-align: right;"><em>Z recenzji prof. dr hab. Bożeny Muchackiej</em></p>
