{"id":45902,"date":"2025-06-26T11:07:11","date_gmt":"2025-06-26T11:07:11","guid":{"rendered":"https:\/\/wydawnictwo.ug.edu.pl\/ksiegarnia-online\/uncategorized\/rektorzy-i-prorektorzy-w-55-leciu-uniwersytetu-gdanskiego\/"},"modified":"2026-02-10T15:44:18","modified_gmt":"2026-02-10T15:44:18","slug":"rektorzy-i-prorektorzy-w-55-leciu-uniwersytetu-gdanskiego","status":"publish","type":"product","link":"https:\/\/wydawnictwo.ug.edu.pl\/en\/ksiegarnia-online\/historia\/rektorzy-i-prorektorzy-w-55-leciu-uniwersytetu-gdanskiego\/","title":{"rendered":"Rektorzy i prorektorzy w 55-leciu Uniwersytetu Gda\u0144skiego"},"content":{"rendered":"","protected":false},"excerpt":{"rendered":"<p>Droga do utworzenia Uniwersytetu Gda\u0144skiego by\u0142a d\u0142uga i naszpikowana wieloma przeciwno\u015bciami, ale zako\u0144czy\u0142a si\u0119 szcz\u0119\u015bliwie. Za sukces nale\u017cy przede wszystkim uzna\u0107 mijaj\u0105ce 55-lecie rozwoju uczelni. Uniwersytet Gda\u0144ski raczkuj\u0105cy na polu nauki i edukacji akademickiej w 1970 r. jest dzi\u015b rozpoznawaln\u0105 w kraju i na \u015bwiecie uczelni\u0105 badawcz\u0105. Dokona\u0142o si\u0119 to dzi\u0119ki wysi\u0142kowi ca\u0142ej spo\u0142eczno\u015bci akademickiej. Szczeg\u00f3lny w nim udzia\u0142 przypada osobom zarz\u0105dzaj\u0105cym uniwersytetem \u2013 rektorom i prorektorom.<\/p>\n<p>To im przede wszystkim po\u015bwi\u0119cone jest niniejsze opracowanie. Zawiera ono chronologicznie zestawione biogramy 12 rektor\u00f3w (\u0142\u0105cznie z biogramem w\u0142adaj\u0105cego aktualnie uczelni\u0105 rektora Profesora Piotra Stepnowskiego) oraz alfabetycznie u\u0142o\u017cone biogramy 50 prorektor\u00f3w (wraz z biogramami 5 os\u00f3b pe\u0142ni\u0105cych aktualnie t\u0119 funkcj\u0119). Biogramy ukazuj\u0105 drog\u0119 \u017cyciow\u0105 i zawodow\u0105 os\u00f3b zarz\u0105dzaj\u0105cych uczelni\u0105 w mijaj\u0105cym 55-leciu, ich osi\u0105gni\u0119cia naukowe, edukacyjne i organizacyjne, zaanga\u017cowanie w dzia\u0142alno\u015b\u0107 spo\u0142eczn\u0105 i wsp\u00f3\u0142prac\u0119 z otoczeniem, uhonorowania i wyr\u00f3\u017cnienia, a tak\u017ce istotne dokonania w okresie pe\u0142nienia funkcji rektora lub prorektora. Opracowanie zosta\u0142o tak pomy\u015blane, by opr\u00f3cz przekazu historycznego stanowi\u0142o mi\u0142\u0105 pami\u0105tk\u0119 dla os\u00f3b w nim zaprezentowanych i ich najbli\u017cszych oraz spo\u0142eczno\u015bci akademickiej i sympatyk\u00f3w Uniwersytetu Gda\u0144skiego.<\/p>\n<p style=\"text-align: right;\"><em>Prof. dr hab. in\u017c. Jerzy B\u0142a\u017cejowski<\/em><\/p>\n","protected":false},"featured_media":45355,"template":"","meta":{"_acf_changed":false},"journal":[],"rodzaj":[7074],"seria":[],"product_brand":[],"product_cat":[7013,6958],"product_tag":[7442],"class_list":{"0":"post-45902","1":"product","2":"type-product","3":"status-publish","4":"has-post-thumbnail","6":"rodzaj-ksiazki","7":"product_cat-biografie","8":"product_cat-historia","9":"product_tag-jerzy-blazejowskijerzy-blazejowski","11":"first","12":"instock","13":"taxable","14":"shipping-taxable","15":"purchasable","16":"product-type-simple"},"acf":[],"_links":{"self":[{"href":"https:\/\/wydawnictwo.ug.edu.pl\/en\/wp-json\/wp\/v2\/product\/45902","targetHints":{"allow":["GET"]}}],"collection":[{"href":"https:\/\/wydawnictwo.ug.edu.pl\/en\/wp-json\/wp\/v2\/product"}],"about":[{"href":"https:\/\/wydawnictwo.ug.edu.pl\/en\/wp-json\/wp\/v2\/types\/product"}],"wp:featuredmedia":[{"embeddable":true,"href":"https:\/\/wydawnictwo.ug.edu.pl\/en\/wp-json\/wp\/v2\/media\/45355"}],"wp:attachment":[{"href":"https:\/\/wydawnictwo.ug.edu.pl\/en\/wp-json\/wp\/v2\/media?parent=45902"}],"wp:term":[{"taxonomy":"journal","embeddable":true,"href":"https:\/\/wydawnictwo.ug.edu.pl\/en\/wp-json\/wp\/v2\/journal?post=45902"},{"taxonomy":"rodzaj","embeddable":true,"href":"https:\/\/wydawnictwo.ug.edu.pl\/en\/wp-json\/wp\/v2\/rodzaj?post=45902"},{"taxonomy":"seria","embeddable":true,"href":"https:\/\/wydawnictwo.ug.edu.pl\/en\/wp-json\/wp\/v2\/seria?post=45902"},{"taxonomy":"product_brand","embeddable":true,"href":"https:\/\/wydawnictwo.ug.edu.pl\/en\/wp-json\/wp\/v2\/product_brand?post=45902"},{"taxonomy":"product_cat","embeddable":true,"href":"https:\/\/wydawnictwo.ug.edu.pl\/en\/wp-json\/wp\/v2\/product_cat?post=45902"},{"taxonomy":"product_tag","embeddable":true,"href":"https:\/\/wydawnictwo.ug.edu.pl\/en\/wp-json\/wp\/v2\/product_tag?post=45902"}],"curies":[{"name":"wp","href":"https:\/\/api.w.org\/{rel}","templated":true}]}}

Rektorzy i prorektorzy w 55-leciu Uniwersytetu Gdańskiego

<p>Droga do utworzenia Uniwersytetu Gdańskiego była długa i naszpikowana wieloma przeciwnościami, ale zakończyła się szczęśliwie. Za sukces należy przede wszystkim uznać mijające 55-lecie rozwoju uczelni. Uniwersytet Gdański raczkujący na polu nauki i edukacji akademickiej w 1970 r. jest dziś rozpoznawalną w kraju i na świecie uczelnią badawczą. Dokonało się to dzięki wysiłkowi całej społeczności akademickiej. Szczególny w nim udział przypada osobom zarządzającym uniwersytetem – rektorom i prorektorom.</p>
<p>To im przede wszystkim poświęcone jest niniejsze opracowanie. Zawiera ono chronologicznie zestawione biogramy 12 rektorów (łącznie z biogramem władającego aktualnie uczelnią rektora Profesora Piotra Stepnowskiego) oraz alfabetycznie ułożone biogramy 50 prorektorów (wraz z biogramami 5 osób pełniących aktualnie tę funkcję). Biogramy ukazują drogę życiową i zawodową osób zarządzających uczelnią w mijającym 55-leciu, ich osiągnięcia naukowe, edukacyjne i organizacyjne, zaangażowanie w działalność społeczną i współpracę z otoczeniem, uhonorowania i wyróżnienia, a także istotne dokonania w okresie pełnienia funkcji rektora lub prorektora. Opracowanie zostało tak pomyślane, by oprócz przekazu historycznego stanowiło miłą pamiątkę dla osób w nim zaprezentowanych i ich najbliższych oraz społeczności akademickiej i sympatyków Uniwersytetu Gdańskiego.</p>
<p style="text-align: right;"><em>Prof. dr hab. inż. Jerzy Błażejowski</em></p>
