{"id":45899,"date":"2025-07-15T07:12:01","date_gmt":"2025-07-15T07:12:01","guid":{"rendered":"https:\/\/wydawnictwo.ug.edu.pl\/ksiegarnia-online\/uncategorized\/pomorze-prusy-i-ich-sasiedzi-na-przestrzeni-dziejow\/"},"modified":"2026-04-16T08:14:30","modified_gmt":"2026-04-16T08:14:30","slug":"pomorze-prusy-i-ich-sasiedzi-na-przestrzeni-dziejow","status":"publish","type":"product","link":"https:\/\/wydawnictwo.ug.edu.pl\/en\/ksiegarnia-online\/historia\/pomorze-prusy-i-ich-sasiedzi-na-przestrzeni-dziejow\/","title":{"rendered":"Pomorze, Prusy i ich s\u0105siedzi na przestrzeni dziej\u00f3w"},"content":{"rendered":"","protected":false},"excerpt":{"rendered":"<p><em>Pomorze, Prusy i ich s\u0105siedzi na przestrzeni dziej\u00f3w. Pomerania, Prussia and their Neighbours throughout history<\/em><\/p>\n<p>Niniejsza publikacja jest pok\u0142osiem konferencji studencko\u2011doktoranckiej pt. \u201ePomorze, Prusy i ich s\u0105siedzi na przestrzeni dziej\u00f3w\u201d, kt\u00f3ra odby\u0142a si\u0119 w 18 i 19 kwietnia 2024 r. na Wydziale Historycznym Uniwersytetu Gda\u0144skiego. Jej organizatorom przy\u015bwieca\u0142o kilka cel\u00f3w. Po pierwsze \u2013 zapewnienie\u00a0m\u0142odym naukowcom studiuj\u0105cym histori\u0119 i nauki pokrewne przestrze\u0144 do spotkania i kreatywnej rozmowy. Po drugie \u2013 zainicjowanie integracji kolejnego pokolenia m\u0142odych naukowc\u00f3w zajmuj\u0105cych si\u0119 zagadnieniami historii szeroko pojmowanego regionu Pomorza i Prus. Po trzecie \u2013 zaproszenie do wsp\u00f3\u0142pracy m\u0142odych historyk\u00f3w z innych region\u00f3w kraju i z zagranicy, kt\u00f3rzy patrz\u0105 na dzieje regionu Pomorza z innej, zewn\u0119trznej perspektywy.<\/p>\n","protected":false},"featured_media":45344,"template":"","meta":{"_acf_changed":false},"journal":[],"rodzaj":[7074,7075],"seria":[],"product_brand":[],"product_cat":[6958],"product_tag":[7614,8261,8268,7978],"class_list":{"0":"post-45899","1":"product","2":"type-product","3":"status-publish","4":"has-post-thumbnail","6":"rodzaj-ksiazki","7":"rodzaj-e-book","8":"product_cat-historia","9":"product_tag-julia-mozdzen","10":"product_tag-kajetan-olejko","11":"product_tag-michal-pilat","12":"product_tag-monika-fila","14":"first","15":"instock","16":"taxable","17":"shipping-taxable","18":"product-type-external"},"acf":[],"_links":{"self":[{"href":"https:\/\/wydawnictwo.ug.edu.pl\/en\/wp-json\/wp\/v2\/product\/45899","targetHints":{"allow":["GET"]}}],"collection":[{"href":"https:\/\/wydawnictwo.ug.edu.pl\/en\/wp-json\/wp\/v2\/product"}],"about":[{"href":"https:\/\/wydawnictwo.ug.edu.pl\/en\/wp-json\/wp\/v2\/types\/product"}],"wp:featuredmedia":[{"embeddable":true,"href":"https:\/\/wydawnictwo.ug.edu.pl\/en\/wp-json\/wp\/v2\/media\/45344"}],"wp:attachment":[{"href":"https:\/\/wydawnictwo.ug.edu.pl\/en\/wp-json\/wp\/v2\/media?parent=45899"}],"wp:term":[{"taxonomy":"journal","embeddable":true,"href":"https:\/\/wydawnictwo.ug.edu.pl\/en\/wp-json\/wp\/v2\/journal?post=45899"},{"taxonomy":"rodzaj","embeddable":true,"href":"https:\/\/wydawnictwo.ug.edu.pl\/en\/wp-json\/wp\/v2\/rodzaj?post=45899"},{"taxonomy":"seria","embeddable":true,"href":"https:\/\/wydawnictwo.ug.edu.pl\/en\/wp-json\/wp\/v2\/seria?post=45899"},{"taxonomy":"product_brand","embeddable":true,"href":"https:\/\/wydawnictwo.ug.edu.pl\/en\/wp-json\/wp\/v2\/product_brand?post=45899"},{"taxonomy":"product_cat","embeddable":true,"href":"https:\/\/wydawnictwo.ug.edu.pl\/en\/wp-json\/wp\/v2\/product_cat?post=45899"},{"taxonomy":"product_tag","embeddable":true,"href":"https:\/\/wydawnictwo.ug.edu.pl\/en\/wp-json\/wp\/v2\/product_tag?post=45899"}],"curies":[{"name":"wp","href":"https:\/\/api.w.org\/{rel}","templated":true}]}}

Pomorze, Prusy i ich sąsiedzi na przestrzeni dziejów

<p><em>Pomorze, Prusy i ich sąsiedzi na przestrzeni dziejów. Pomerania, Prussia and their Neighbours throughout history</em></p>
<p>Niniejsza publikacja jest pokłosiem konferencji studencko‑doktoranckiej pt. „Pomorze, Prusy i ich sąsiedzi na przestrzeni dziejów”, która odbyła się w 18 i 19 kwietnia 2024 r. na Wydziale Historycznym Uniwersytetu Gdańskiego. Jej organizatorom przyświecało kilka celów. Po pierwsze – zapewnienie młodym naukowcom studiującym historię i nauki pokrewne przestrzeń do spotkania i kreatywnej rozmowy. Po drugie – zainicjowanie integracji kolejnego pokolenia młodych naukowców zajmujących się zagadnieniami historii szeroko pojmowanego regionu Pomorza i Prus. Po trzecie – zaproszenie do współpracy młodych historyków z innych regionów kraju i z zagranicy, którzy patrzą na dzieje regionu Pomorza z innej, zewnętrznej perspektywy.</p>
