{"id":45898,"date":"2025-07-16T12:02:18","date_gmt":"2025-07-16T12:02:18","guid":{"rendered":"https:\/\/wydawnictwo.ug.edu.pl\/ksiegarnia-online\/uncategorized\/doktor-nauk-humanistycznych-w-dyscyplinie-jezykoznawstwa-lektorka-angielskiego-w-centrum-jezykow-obcych-ug\/"},"modified":"2026-02-10T15:44:30","modified_gmt":"2026-02-10T15:44:30","slug":"doktor-nauk-humanistycznych-w-dyscyplinie-jezykoznawstwa-lektorka-angielskiego-w-centrum-jezykow-obcych-ug","status":"publish","type":"product","link":"https:\/\/wydawnictwo.ug.edu.pl\/en\/ksiegarnia-online\/historia\/doktor-nauk-humanistycznych-w-dyscyplinie-jezykoznawstwa-lektorka-angielskiego-w-centrum-jezykow-obcych-ug\/","title":{"rendered":"Barczewko. Historia ogniem pisana"},"content":{"rendered":"","protected":false},"excerpt":{"rendered":"<p><em>Barczewko. Historia ogniem pisana 1325-2025<\/em> to album przedstawiaj\u0105cy wyniki bada\u0144 prowadzonych w ramach realizacji projektu w konkursie NCN Opus 21 pt. \u201eBarczewko \u2013 historia ogniem pisana. \u015aredniowieczne zaginione miasto i urbanizacja Puszczy Galindzkiej\u201d, 2021\/41\/B\/HS3\/01694, 2022\u20132024.<\/p>\n<p>Barczewko na Warmii (niem. Alt Wartenburg) to unikalna \u201ekapsu\u0142a czasu\u201d. Pierwotna osada miejska zosta\u0142a zniszczona podczas najazdu wojsk litewskich Kiejstuta i Olgierda, a p\u00f3\u017aniej odbudowana w nowym miejscu \u2013 dzisiejszym Barczewie ko\u0142o Olsztyna.<\/p>\n<p>Po siedmiu wiekach archeolodzy ods\u0142onili niemal nienaruszony uk\u0142ad \u015bredniowiecznego miasta, z pozosta\u0142o\u015bciami budynk\u00f3w, piwnic i tysi\u0119cy porzuconych przedmiot\u00f3w. Odkryto te\u017c cmentarz pierwszych osadnik\u00f3w oraz relikty ko\u015bcio\u0142a.<\/p>\n","protected":false},"featured_media":45340,"template":"","meta":{"_acf_changed":false},"journal":[],"rodzaj":[7074],"seria":[],"product_brand":[],"product_cat":[6958],"product_tag":[7439],"class_list":{"0":"post-45898","1":"product","2":"type-product","3":"status-publish","4":"has-post-thumbnail","6":"rodzaj-ksiazki","7":"product_cat-historia","8":"product_tag-arkadiusz-c-koperkiewicz","10":"first","11":"instock","12":"taxable","13":"shipping-taxable","14":"product-type-simple"},"acf":[],"_links":{"self":[{"href":"https:\/\/wydawnictwo.ug.edu.pl\/en\/wp-json\/wp\/v2\/product\/45898","targetHints":{"allow":["GET"]}}],"collection":[{"href":"https:\/\/wydawnictwo.ug.edu.pl\/en\/wp-json\/wp\/v2\/product"}],"about":[{"href":"https:\/\/wydawnictwo.ug.edu.pl\/en\/wp-json\/wp\/v2\/types\/product"}],"wp:featuredmedia":[{"embeddable":true,"href":"https:\/\/wydawnictwo.ug.edu.pl\/en\/wp-json\/wp\/v2\/media\/45340"}],"wp:attachment":[{"href":"https:\/\/wydawnictwo.ug.edu.pl\/en\/wp-json\/wp\/v2\/media?parent=45898"}],"wp:term":[{"taxonomy":"journal","embeddable":true,"href":"https:\/\/wydawnictwo.ug.edu.pl\/en\/wp-json\/wp\/v2\/journal?post=45898"},{"taxonomy":"rodzaj","embeddable":true,"href":"https:\/\/wydawnictwo.ug.edu.pl\/en\/wp-json\/wp\/v2\/rodzaj?post=45898"},{"taxonomy":"seria","embeddable":true,"href":"https:\/\/wydawnictwo.ug.edu.pl\/en\/wp-json\/wp\/v2\/seria?post=45898"},{"taxonomy":"product_brand","embeddable":true,"href":"https:\/\/wydawnictwo.ug.edu.pl\/en\/wp-json\/wp\/v2\/product_brand?post=45898"},{"taxonomy":"product_cat","embeddable":true,"href":"https:\/\/wydawnictwo.ug.edu.pl\/en\/wp-json\/wp\/v2\/product_cat?post=45898"},{"taxonomy":"product_tag","embeddable":true,"href":"https:\/\/wydawnictwo.ug.edu.pl\/en\/wp-json\/wp\/v2\/product_tag?post=45898"}],"curies":[{"name":"wp","href":"https:\/\/api.w.org\/{rel}","templated":true}]}}

<p><em>Barczewko. Historia ogniem pisana 1325-2025</em> to album przedstawiający wyniki badań prowadzonych w ramach realizacji projektu w konkursie NCN Opus 21 pt. „Barczewko – historia ogniem pisana. Średniowieczne zaginione miasto i urbanizacja Puszczy Galindzkiej”, 2021/41/B/HS3/01694, 2022–2024.</p>
<p>Barczewko na Warmii (niem. Alt Wartenburg) to unikalna „kapsuła czasu”. Pierwotna osada miejska została zniszczona podczas najazdu wojsk litewskich Kiejstuta i Olgierda, a później odbudowana w nowym miejscu – dzisiejszym Barczewie koło Olsztyna.</p>
<p>Po siedmiu wiekach archeolodzy odsłonili niemal nienaruszony układ średniowiecznego miasta, z pozostałościami budynków, piwnic i tysięcy porzuconych przedmiotów. Odkryto też cmentarz pierwszych osadników oraz relikty kościoła.</p>
