{"id":45892,"date":"2025-07-31T07:20:40","date_gmt":"2025-07-31T07:20:40","guid":{"rendered":"https:\/\/wydawnictwo.ug.edu.pl\/ksiegarnia-online\/uncategorized\/polszczyzna-edukacyjna-kontekst-szkolny-i-akademicki-w-ujeciu-glottodydaktycznym\/"},"modified":"2026-02-10T15:44:50","modified_gmt":"2026-02-10T15:44:50","slug":"polszczyzna-edukacyjna-kontekst-szkolny-i-akademicki-w-ujeciu-glottodydaktycznym","status":"publish","type":"product","link":"https:\/\/wydawnictwo.ug.edu.pl\/en\/ksiegarnia-online\/jezykoznawstwo\/polszczyzna-edukacyjna-kontekst-szkolny-i-akademicki-w-ujeciu-glottodydaktycznym\/","title":{"rendered":"Polszczyzna edukacyjna. Kontekst szkolny i akademicki w uj\u0119ciu glottodydaktycznym"},"content":{"rendered":"","protected":false},"excerpt":{"rendered":"<p>Publikacja <em>Polszczyzna edukacyjna. Kontekst szkolny i akademicki w uj\u0119ciu glottodydaktycznym<\/em> to monografia b\u0119d\u0105ca rezultatem konferencji zorganizowanej przez Instytut Logopedii oraz Akademickie Centrum J\u0119zyka Polskiego i Kultury Polskiej dla Cudzoziemc\u00f3w Uniwersytetu Gda\u0144skiego (Gda\u0144sk, 4\u20135 czerwca 2024). Autorzy podejmuj\u0105 aktualne zagadnienia zwi\u0105zane z nauczaniem j\u0119zyk\u00f3w specjalistycznych, edukacj\u0105 uczni\u00f3w z do\u015bwiadczeniem migracji, dostosowywaniem wymaga\u0144 edukacyjnych, a tak\u017ce wdra\u017caniem innowacyjnych metod i technologii w dydaktyce. Ksi\u0105\u017cka adresowana jest do nauczycieli, lektor\u00f3w, badaczy oraz praktyk\u00f3w zainteresowanych j\u0119zykiem edukacji i nowoczesnym podej\u015bciem do nauczania j\u0119zyka polskiego w kontekstach specjalistycznych i wielokulturowych.<\/p>\n","protected":false},"featured_media":45321,"template":"","meta":{"_acf_changed":false},"journal":[],"rodzaj":[7074],"seria":[],"product_brand":[],"product_cat":[6924],"product_tag":[7429,7430,7431],"class_list":{"0":"post-45892","1":"product","2":"type-product","3":"status-publish","4":"has-post-thumbnail","6":"rodzaj-ksiazki","7":"product_cat-jezykoznawstwo","8":"product_tag-aneta-lica","9":"product_tag-irena-chawrilska","10":"product_tag-zenon-licazenon-lica","12":"first","13":"instock","14":"taxable","15":"shipping-taxable","16":"purchasable","17":"product-type-simple"},"acf":[],"_links":{"self":[{"href":"https:\/\/wydawnictwo.ug.edu.pl\/en\/wp-json\/wp\/v2\/product\/45892","targetHints":{"allow":["GET"]}}],"collection":[{"href":"https:\/\/wydawnictwo.ug.edu.pl\/en\/wp-json\/wp\/v2\/product"}],"about":[{"href":"https:\/\/wydawnictwo.ug.edu.pl\/en\/wp-json\/wp\/v2\/types\/product"}],"wp:featuredmedia":[{"embeddable":true,"href":"https:\/\/wydawnictwo.ug.edu.pl\/en\/wp-json\/wp\/v2\/media\/45321"}],"wp:attachment":[{"href":"https:\/\/wydawnictwo.ug.edu.pl\/en\/wp-json\/wp\/v2\/media?parent=45892"}],"wp:term":[{"taxonomy":"journal","embeddable":true,"href":"https:\/\/wydawnictwo.ug.edu.pl\/en\/wp-json\/wp\/v2\/journal?post=45892"},{"taxonomy":"rodzaj","embeddable":true,"href":"https:\/\/wydawnictwo.ug.edu.pl\/en\/wp-json\/wp\/v2\/rodzaj?post=45892"},{"taxonomy":"seria","embeddable":true,"href":"https:\/\/wydawnictwo.ug.edu.pl\/en\/wp-json\/wp\/v2\/seria?post=45892"},{"taxonomy":"product_brand","embeddable":true,"href":"https:\/\/wydawnictwo.ug.edu.pl\/en\/wp-json\/wp\/v2\/product_brand?post=45892"},{"taxonomy":"product_cat","embeddable":true,"href":"https:\/\/wydawnictwo.ug.edu.pl\/en\/wp-json\/wp\/v2\/product_cat?post=45892"},{"taxonomy":"product_tag","embeddable":true,"href":"https:\/\/wydawnictwo.ug.edu.pl\/en\/wp-json\/wp\/v2\/product_tag?post=45892"}],"curies":[{"name":"wp","href":"https:\/\/api.w.org\/{rel}","templated":true}]}}

Polszczyzna edukacyjna. Kontekst szkolny i akademicki w ujęciu glottodydaktycznym

<p>Publikacja <em>Polszczyzna edukacyjna. Kontekst szkolny i akademicki w ujęciu glottodydaktycznym</em> to monografia będąca rezultatem konferencji zorganizowanej przez Instytut Logopedii oraz Akademickie Centrum Języka Polskiego i Kultury Polskiej dla Cudzoziemców Uniwersytetu Gdańskiego (Gdańsk, 4–5 czerwca 2024). Autorzy podejmują aktualne zagadnienia związane z nauczaniem języków specjalistycznych, edukacją uczniów z doświadczeniem migracji, dostosowywaniem wymagań edukacyjnych, a także wdrażaniem innowacyjnych metod i technologii w dydaktyce. Książka adresowana jest do nauczycieli, lektorów, badaczy oraz praktyków zainteresowanych językiem edukacji i nowoczesnym podejściem do nauczania języka polskiego w kontekstach specjalistycznych i wielokulturowych.</p>
